{"id":6602,"date":"2025-02-25T09:22:24","date_gmt":"2025-02-25T08:22:24","guid":{"rendered":"https:\/\/afundacion.tv\/proximos_directos\/educacion-seculo-xxi-proxecto-invisibles-por-emma-larreta\/"},"modified":"2025-03-26T18:52:13","modified_gmt":"2025-03-26T17:52:13","slug":"educacion-seculo-xxi-proxecto-invisibles-por-emma-larreta","status":"publish","type":"proximos_directos","link":"https:\/\/afundacion.tv\/gl\/proximos_directos\/educacion-seculo-xxi-proxecto-invisibles-por-emma-larreta\/","title":{"rendered":"Educaci\u00f3n S\u00e9culo XXI: \u00abProxecto inVISIBLES\u00bb por Emma Larreta"},"content":{"rendered":"\n<p>\u00abinVISIBLES\u00bb \u00e9 un traballo duro e real como o \u00e9 a problem\u00e1tica que trata. <\/p>\n\n<p>O obxectivo \u00e9 amosar as diferentes aristas da violencia de x\u00e9nero, percorrendo estados emocionais que o p\u00fablico poda identificar coma seus, axudando a romper estereotipos. <\/p>\n","protected":false},"featured_media":6601,"parent":0,"menu_order":0,"template":"","categorias":[95,96],"etiqueta":[268,181,189],"class_list":["post-6602","proximos_directos","type-proximos_directos","status-publish","has-post-thumbnail","hentry","categorias-educacion-gl","categorias-educacion-en-valores-gl","etiqueta-educacion-siglo-xxi-gl","etiqueta-educacion-socioemocional-gl","etiqueta-recursos-para-pais","entry","has-media"],"acf":[],"yoast_head":"<!-- This site is optimized with the Yoast SEO plugin v26.0 - https:\/\/yoast.com\/wordpress\/plugins\/seo\/ -->\n<title>Educaci\u00f3n S\u00e9culo XXI: \u00abProxecto inVISIBLES\u00bb por Emma Larreta - Afundaci\u00f3n TV<\/title>\n<meta name=\"description\" content=\"Emma Larreta sufriu unha grave agresi\u00f3n por parte da s\u00faa ex parella. Logrou sobrevivir e decidiu crear este proxecto para crear conciencia.\" \/>\n<meta name=\"robots\" content=\"index, follow, max-snippet:-1, max-image-preview:large, max-video-preview:-1\" \/>\n<link rel=\"canonical\" href=\"https:\/\/afundacion.tv\/gl\/proximos_directos\/educacion-seculo-xxi-proxecto-invisibles-por-emma-larreta\/\" \/>\n<meta property=\"og:locale\" content=\"gl_ES\" \/>\n<meta property=\"og:type\" content=\"article\" \/>\n<meta property=\"og:title\" content=\"Educaci\u00f3n S\u00e9culo XXI: \u00abProxecto inVISIBLES\u00bb por Emma Larreta - Afundaci\u00f3n TV\" \/>\n<meta property=\"og:description\" content=\"Emma Larreta sufriu unha grave agresi\u00f3n por parte da s\u00faa ex parella. Logrou sobrevivir e decidiu crear este proxecto para crear conciencia.\" \/>\n<meta property=\"og:url\" content=\"https:\/\/afundacion.tv\/gl\/proximos_directos\/educacion-seculo-xxi-proxecto-invisibles-por-emma-larreta\/\" \/>\n<meta property=\"og:site_name\" content=\"Afundaci\u00f3n TV\" \/>\n<meta property=\"article:modified_time\" content=\"2025-03-26T17:52:13+00:00\" \/>\n<meta property=\"og:image\" content=\"https:\/\/afundacion.tv\/wp-content\/uploads\/2025\/02\/Captura-de-pantalla-2025-02-25-a-las-9.18.27-1024x510.png\" \/>\n\t<meta property=\"og:image:width\" content=\"1024\" \/>\n\t<meta property=\"og:image:height\" content=\"510\" \/>\n\t<meta property=\"og:image:type\" content=\"image\/png\" \/>\n<meta name=\"twitter:card\" content=\"summary_large_image\" \/>\n<meta name=\"twitter:label1\" content=\"Tempo de lectura\" \/>\n\t<meta name=\"twitter:data1\" content=\"1 minuto\" \/>\n<script type=\"application\/ld+json\" class=\"yoast-schema-graph\">{\"@context\":\"https:\/\/schema.org\",\"@graph\":[{\"@type\":\"WebPage\",\"@id\":\"https:\/\/afundacion.tv\/gl\/proximos_directos\/educacion-seculo-xxi-proxecto-invisibles-por-emma-larreta\/\",\"url\":\"https:\/\/afundacion.tv\/gl\/proximos_directos\/educacion-seculo-xxi-proxecto-invisibles-por-emma-larreta\/\",\"name\":\"Educaci\u00f3n S\u00e9culo XXI: \u00abProxecto inVISIBLES\u00bb por Emma Larreta - Afundaci\u00f3n TV\",\"isPartOf\":{\"@id\":\"https:\/\/afundacion.tv\/#website\"},\"primaryImageOfPage\":{\"@id\":\"https:\/\/afundacion.tv\/gl\/proximos_directos\/educacion-seculo-xxi-proxecto-invisibles-por-emma-larreta\/#primaryimage\"},\"image\":{\"@id\":\"https:\/\/afundacion.tv\/gl\/proximos_directos\/educacion-seculo-xxi-proxecto-invisibles-por-emma-larreta\/#primaryimage\"},\"thumbnailUrl\":\"https:\/\/afundacion.tv\/wp-content\/uploads\/2025\/02\/Captura-de-pantalla-2025-02-25-a-las-9.18.27.png\",\"datePublished\":\"2025-02-25T08:22:24+00:00\",\"dateModified\":\"2025-03-26T17:52:13+00:00\",\"description\":\"Emma Larreta sufriu unha grave agresi\u00f3n por parte da s\u00faa ex parella. Logrou sobrevivir e decidiu crear este proxecto para crear conciencia.\",\"breadcrumb\":{\"@id\":\"https:\/\/afundacion.tv\/gl\/proximos_directos\/educacion-seculo-xxi-proxecto-invisibles-por-emma-larreta\/#breadcrumb\"},\"inLanguage\":\"gl-ES\",\"potentialAction\":[{\"@type\":\"ReadAction\",\"target\":[\"https:\/\/afundacion.tv\/gl\/proximos_directos\/educacion-seculo-xxi-proxecto-invisibles-por-emma-larreta\/\"]}]},{\"@type\":\"ImageObject\",\"inLanguage\":\"gl-ES\",\"@id\":\"https:\/\/afundacion.tv\/gl\/proximos_directos\/educacion-seculo-xxi-proxecto-invisibles-por-emma-larreta\/#primaryimage\",\"url\":\"https:\/\/afundacion.tv\/wp-content\/uploads\/2025\/02\/Captura-de-pantalla-2025-02-25-a-las-9.18.27.png\",\"contentUrl\":\"https:\/\/afundacion.tv\/wp-content\/uploads\/2025\/02\/Captura-de-pantalla-2025-02-25-a-las-9.18.27.png\",\"width\":3194,\"height\":1592},{\"@type\":\"BreadcrumbList\",\"@id\":\"https:\/\/afundacion.tv\/gl\/proximos_directos\/educacion-seculo-xxi-proxecto-invisibles-por-emma-larreta\/#breadcrumb\",\"itemListElement\":[{\"@type\":\"ListItem\",\"position\":1,\"name\":\"Portada\",\"item\":\"https:\/\/afundacion.tv\/\"},{\"@type\":\"ListItem\",\"position\":2,\"name\":\"Educaci\u00f3n S\u00e9culo XXI: \u00abProxecto inVISIBLES\u00bb por Emma Larreta\"}]},{\"@type\":\"WebSite\",\"@id\":\"https:\/\/afundacion.tv\/#website\",\"url\":\"https:\/\/afundacion.tv\/\",\"name\":\"Afundaci\u00f3n TV\",\"description\":\"\",\"publisher\":{\"@id\":\"https:\/\/afundacion.tv\/#organization\"},\"potentialAction\":[{\"@type\":\"SearchAction\",\"target\":{\"@type\":\"EntryPoint\",\"urlTemplate\":\"https:\/\/afundacion.tv\/?s={search_term_string}\"},\"query-input\":{\"@type\":\"PropertyValueSpecification\",\"valueRequired\":true,\"valueName\":\"search_term_string\"}}],\"inLanguage\":\"gl-ES\"},{\"@type\":\"Organization\",\"@id\":\"https:\/\/afundacion.tv\/#organization\",\"name\":\"Afundacion TV\",\"url\":\"https:\/\/afundacion.tv\/\",\"logo\":{\"@type\":\"ImageObject\",\"inLanguage\":\"gl-ES\",\"@id\":\"https:\/\/afundacion.tv\/#\/schema\/logo\/image\/\",\"url\":\"https:\/\/afundacion.tv\/wp-content\/uploads\/2021\/09\/atv-icon-152-01.png\",\"contentUrl\":\"https:\/\/afundacion.tv\/wp-content\/uploads\/2021\/09\/atv-icon-152-01.png\",\"width\":153,\"height\":153,\"caption\":\"Afundacion TV\"},\"image\":{\"@id\":\"https:\/\/afundacion.tv\/#\/schema\/logo\/image\/\"}}]}<\/script>\n<!-- \/ Yoast SEO plugin. -->","yoast_head_json":{"title":"Educaci\u00f3n S\u00e9culo XXI: \u00abProxecto inVISIBLES\u00bb por Emma Larreta - Afundaci\u00f3n TV","description":"Emma Larreta sufriu unha grave agresi\u00f3n por parte da s\u00faa ex parella. Logrou sobrevivir e decidiu crear este proxecto para crear conciencia.","robots":{"index":"index","follow":"follow","max-snippet":"max-snippet:-1","max-image-preview":"max-image-preview:large","max-video-preview":"max-video-preview:-1"},"canonical":"https:\/\/afundacion.tv\/gl\/proximos_directos\/educacion-seculo-xxi-proxecto-invisibles-por-emma-larreta\/","og_locale":"gl_ES","og_type":"article","og_title":"Educaci\u00f3n S\u00e9culo XXI: \u00abProxecto inVISIBLES\u00bb por Emma Larreta - Afundaci\u00f3n TV","og_description":"Emma Larreta sufriu unha grave agresi\u00f3n por parte da s\u00faa ex parella. Logrou sobrevivir e decidiu crear este proxecto para crear conciencia.","og_url":"https:\/\/afundacion.tv\/gl\/proximos_directos\/educacion-seculo-xxi-proxecto-invisibles-por-emma-larreta\/","og_site_name":"Afundaci\u00f3n TV","article_modified_time":"2025-03-26T17:52:13+00:00","og_image":[{"width":1024,"height":510,"url":"https:\/\/afundacion.tv\/wp-content\/uploads\/2025\/02\/Captura-de-pantalla-2025-02-25-a-las-9.18.27-1024x510.png","type":"image\/png"}],"twitter_card":"summary_large_image","twitter_misc":{"Tempo de lectura":"1 minuto"},"schema":{"@context":"https:\/\/schema.org","@graph":[{"@type":"WebPage","@id":"https:\/\/afundacion.tv\/gl\/proximos_directos\/educacion-seculo-xxi-proxecto-invisibles-por-emma-larreta\/","url":"https:\/\/afundacion.tv\/gl\/proximos_directos\/educacion-seculo-xxi-proxecto-invisibles-por-emma-larreta\/","name":"Educaci\u00f3n S\u00e9culo XXI: \u00abProxecto inVISIBLES\u00bb por Emma Larreta - Afundaci\u00f3n TV","isPartOf":{"@id":"https:\/\/afundacion.tv\/#website"},"primaryImageOfPage":{"@id":"https:\/\/afundacion.tv\/gl\/proximos_directos\/educacion-seculo-xxi-proxecto-invisibles-por-emma-larreta\/#primaryimage"},"image":{"@id":"https:\/\/afundacion.tv\/gl\/proximos_directos\/educacion-seculo-xxi-proxecto-invisibles-por-emma-larreta\/#primaryimage"},"thumbnailUrl":"https:\/\/afundacion.tv\/wp-content\/uploads\/2025\/02\/Captura-de-pantalla-2025-02-25-a-las-9.18.27.png","datePublished":"2025-02-25T08:22:24+00:00","dateModified":"2025-03-26T17:52:13+00:00","description":"Emma Larreta sufriu unha grave agresi\u00f3n por parte da s\u00faa ex parella. Logrou sobrevivir e decidiu crear este proxecto para crear conciencia.","breadcrumb":{"@id":"https:\/\/afundacion.tv\/gl\/proximos_directos\/educacion-seculo-xxi-proxecto-invisibles-por-emma-larreta\/#breadcrumb"},"inLanguage":"gl-ES","potentialAction":[{"@type":"ReadAction","target":["https:\/\/afundacion.tv\/gl\/proximos_directos\/educacion-seculo-xxi-proxecto-invisibles-por-emma-larreta\/"]}]},{"@type":"ImageObject","inLanguage":"gl-ES","@id":"https:\/\/afundacion.tv\/gl\/proximos_directos\/educacion-seculo-xxi-proxecto-invisibles-por-emma-larreta\/#primaryimage","url":"https:\/\/afundacion.tv\/wp-content\/uploads\/2025\/02\/Captura-de-pantalla-2025-02-25-a-las-9.18.27.png","contentUrl":"https:\/\/afundacion.tv\/wp-content\/uploads\/2025\/02\/Captura-de-pantalla-2025-02-25-a-las-9.18.27.png","width":3194,"height":1592},{"@type":"BreadcrumbList","@id":"https:\/\/afundacion.tv\/gl\/proximos_directos\/educacion-seculo-xxi-proxecto-invisibles-por-emma-larreta\/#breadcrumb","itemListElement":[{"@type":"ListItem","position":1,"name":"Portada","item":"https:\/\/afundacion.tv\/"},{"@type":"ListItem","position":2,"name":"Educaci\u00f3n S\u00e9culo XXI: \u00abProxecto inVISIBLES\u00bb por Emma Larreta"}]},{"@type":"WebSite","@id":"https:\/\/afundacion.tv\/#website","url":"https:\/\/afundacion.tv\/","name":"Afundaci\u00f3n TV","description":"","publisher":{"@id":"https:\/\/afundacion.tv\/#organization"},"potentialAction":[{"@type":"SearchAction","target":{"@type":"EntryPoint","urlTemplate":"https:\/\/afundacion.tv\/?s={search_term_string}"},"query-input":{"@type":"PropertyValueSpecification","valueRequired":true,"valueName":"search_term_string"}}],"inLanguage":"gl-ES"},{"@type":"Organization","@id":"https:\/\/afundacion.tv\/#organization","name":"Afundacion TV","url":"https:\/\/afundacion.tv\/","logo":{"@type":"ImageObject","inLanguage":"gl-ES","@id":"https:\/\/afundacion.tv\/#\/schema\/logo\/image\/","url":"https:\/\/afundacion.tv\/wp-content\/uploads\/2021\/09\/atv-icon-152-01.png","contentUrl":"https:\/\/afundacion.tv\/wp-content\/uploads\/2021\/09\/atv-icon-152-01.png","width":153,"height":153,"caption":"Afundacion TV"},"image":{"@id":"https:\/\/afundacion.tv\/#\/schema\/logo\/image\/"}}]}},"_links":{"self":[{"href":"https:\/\/afundacion.tv\/gl\/wp-json\/wp\/v2\/proximos_directos\/6602","targetHints":{"allow":["GET"]}}],"collection":[{"href":"https:\/\/afundacion.tv\/gl\/wp-json\/wp\/v2\/proximos_directos"}],"about":[{"href":"https:\/\/afundacion.tv\/gl\/wp-json\/wp\/v2\/types\/proximos_directos"}],"wp:featuredmedia":[{"embeddable":true,"href":"https:\/\/afundacion.tv\/gl\/wp-json\/wp\/v2\/media\/6601"}],"wp:attachment":[{"href":"https:\/\/afundacion.tv\/gl\/wp-json\/wp\/v2\/media?parent=6602"}],"wp:term":[{"taxonomy":"categorias","embeddable":true,"href":"https:\/\/afundacion.tv\/gl\/wp-json\/wp\/v2\/categorias?post=6602"},{"taxonomy":"etiqueta","embeddable":true,"href":"https:\/\/afundacion.tv\/gl\/wp-json\/wp\/v2\/etiqueta?post=6602"}],"curies":[{"name":"wp","href":"https:\/\/api.w.org\/{rel}","templated":true}]}}

Educación Século XXI: «Proxecto inVISIBLES» por Emma Larreta

<p>«inVISIBLES» é un traballo duro e real como o é a problemática que trata. </p>

<p>O obxectivo é amosar as diferentes aristas da violencia de xénero, percorrendo estados emocionais que o público poda identificar coma seus, axudando a romper estereotipos. </p>

<!-- This site is optimized with the Yoast SEO plugin v26.0 - https://yoast.com/wordpress/plugins/seo/ -->
<title>Educación Século XXI: «Proxecto inVISIBLES» por Emma Larreta - Afundación TV</title>
<meta name="description" content="Emma Larreta sufriu unha grave agresión por parte da súa ex parella. Logrou sobrevivir e decidiu crear este proxecto para crear conciencia." />
<meta name="robots" content="index, follow, max-snippet:-1, max-image-preview:large, max-video-preview:-1" />
<link rel="canonical" href="https://afundacion.tv/gl/proximos_directos/educacion-seculo-xxi-proxecto-invisibles-por-emma-larreta/" />
<meta property="og:locale" content="gl_ES" />
<meta property="og:type" content="article" />
<meta property="og:title" content="Educación Século XXI: «Proxecto inVISIBLES» por Emma Larreta - Afundación TV" />
<meta property="og:description" content="Emma Larreta sufriu unha grave agresión por parte da súa ex parella. Logrou sobrevivir e decidiu crear este proxecto para crear conciencia." />
<meta property="og:url" content="https://afundacion.tv/gl/proximos_directos/educacion-seculo-xxi-proxecto-invisibles-por-emma-larreta/" />
<meta property="og:site_name" content="Afundación TV" />
<meta property="article:modified_time" content="2025-03-26T17:52:13+00:00" />
<meta property="og:image" content="https://afundacion.tv/wp-content/uploads/2025/02/Captura-de-pantalla-2025-02-25-a-las-9.18.27-1024x510.png" />
	<meta property="og:image:width" content="1024" />
	<meta property="og:image:height" content="510" />
	<meta property="og:image:type" content="image/png" />
<meta name="twitter:card" content="summary_large_image" />
<meta name="twitter:label1" content="Tempo de lectura" />
	<meta name="twitter:data1" content="1 minuto" />
<script type="application/ld+json" class="yoast-schema-graph">{"@context":"https://schema.org","@graph":[{"@type":"WebPage","@id":"https://afundacion.tv/gl/proximos_directos/educacion-seculo-xxi-proxecto-invisibles-por-emma-larreta/","url":"https://afundacion.tv/gl/proximos_directos/educacion-seculo-xxi-proxecto-invisibles-por-emma-larreta/","name":"Educación Século XXI: «Proxecto inVISIBLES» por Emma Larreta - Afundación TV","isPartOf":{"@id":"https://afundacion.tv/#website"},"primaryImageOfPage":{"@id":"https://afundacion.tv/gl/proximos_directos/educacion-seculo-xxi-proxecto-invisibles-por-emma-larreta/#primaryimage"},"image":{"@id":"https://afundacion.tv/gl/proximos_directos/educacion-seculo-xxi-proxecto-invisibles-por-emma-larreta/#primaryimage"},"thumbnailUrl":"https://afundacion.tv/wp-content/uploads/2025/02/Captura-de-pantalla-2025-02-25-a-las-9.18.27.png","datePublished":"2025-02-25T08:22:24+00:00","dateModified":"2025-03-26T17:52:13+00:00","description":"Emma Larreta sufriu unha grave agresión por parte da súa ex parella. Logrou sobrevivir e decidiu crear este proxecto para crear conciencia.","breadcrumb":{"@id":"https://afundacion.tv/gl/proximos_directos/educacion-seculo-xxi-proxecto-invisibles-por-emma-larreta/#breadcrumb"},"inLanguage":"gl-ES","potentialAction":[{"@type":"ReadAction","target":["https://afundacion.tv/gl/proximos_directos/educacion-seculo-xxi-proxecto-invisibles-por-emma-larreta/"]}]},{"@type":"ImageObject","inLanguage":"gl-ES","@id":"https://afundacion.tv/gl/proximos_directos/educacion-seculo-xxi-proxecto-invisibles-por-emma-larreta/#primaryimage","url":"https://afundacion.tv/wp-content/uploads/2025/02/Captura-de-pantalla-2025-02-25-a-las-9.18.27.png","contentUrl":"https://afundacion.tv/wp-content/uploads/2025/02/Captura-de-pantalla-2025-02-25-a-las-9.18.27.png","width":3194,"height":1592},{"@type":"BreadcrumbList","@id":"https://afundacion.tv/gl/proximos_directos/educacion-seculo-xxi-proxecto-invisibles-por-emma-larreta/#breadcrumb","itemListElement":[{"@type":"ListItem","position":1,"name":"Portada","item":"https://afundacion.tv/"},{"@type":"ListItem","position":2,"name":"Educación Século XXI: «Proxecto inVISIBLES» por Emma Larreta"}]},{"@type":"WebSite","@id":"https://afundacion.tv/#website","url":"https://afundacion.tv/","name":"Afundación TV","description":"","publisher":{"@id":"https://afundacion.tv/#organization"},"potentialAction":[{"@type":"SearchAction","target":{"@type":"EntryPoint","urlTemplate":"https://afundacion.tv/?s={search_term_string}"},"query-input":{"@type":"PropertyValueSpecification","valueRequired":true,"valueName":"search_term_string"}}],"inLanguage":"gl-ES"},{"@type":"Organization","@id":"https://afundacion.tv/#organization","name":"Afundacion TV","url":"https://afundacion.tv/","logo":{"@type":"ImageObject","inLanguage":"gl-ES","@id":"https://afundacion.tv/#/schema/logo/image/","url":"https://afundacion.tv/wp-content/uploads/2021/09/atv-icon-152-01.png","contentUrl":"https://afundacion.tv/wp-content/uploads/2021/09/atv-icon-152-01.png","width":153,"height":153,"caption":"Afundacion TV"},"image":{"@id":"https://afundacion.tv/#/schema/logo/image/"}}]}</script>
<!-- / Yoast SEO plugin. -->

Educación Século XXI: «Proxecto inVISIBLES» por Emma Larreta - Afundación TV

Emma Larreta sufriu unha grave agresión por parte da súa ex parella. Logrou sobrevivir e decidiu crear este proxecto para crear conciencia.

Afundación TV
