{"id":5969,"date":"2024-02-07T11:24:53","date_gmt":"2024-02-07T10:24:53","guid":{"rendered":"https:\/\/afundacion.tv\/proximos_directos\/educacion-seculo-xxi-constancia-cabeza-e-corazon-por-susana-rodriguez-gacio\/"},"modified":"2024-03-01T18:44:16","modified_gmt":"2024-03-01T17:44:16","slug":"educacion-seculo-xxi-constancia-cabeza-e-corazon-por-susana-rodriguez-gacio","status":"publish","type":"proximos_directos","link":"https:\/\/afundacion.tv\/gl\/proximos_directos\/educacion-seculo-xxi-constancia-cabeza-e-corazon-por-susana-rodriguez-gacio\/","title":{"rendered":"Educaci\u00f3n S\u00e9culo XXI: \u00abConstancia, cabeza e coraz\u00f3n\u00bb por Susana Rodr\u00edguez Gacio"},"content":{"rendered":"\n<p>M\u00e9dica cunha discapacidade que afecta o seu nervio \u00f3ptico, acaba de recibir o Premio Nacional do Deporte xunto a Carlos Alcaraz. Esta conferencia entra dentro do grupo de conferencias sobre motivaci\u00f3n e diversidade como sin\u00f3nimo de excepcionalidade. Nun mundo onde a sa\u00fade mental est\u00e1 na primeira li\u00f1a das preocupaci\u00f3ns, Susana Rodr\u00edguez \u00e9 toda unha inspiraci\u00f3n.<\/p>\n","protected":false},"featured_media":5984,"parent":0,"menu_order":0,"template":"","categorias":[95],"etiqueta":[170,268],"class_list":["post-5969","proximos_directos","type-proximos_directos","status-publish","has-post-thumbnail","hentry","categorias-educacion-gl","etiqueta-aprendizaxe-socioemocional","etiqueta-educacion-siglo-xxi-gl","entry","has-media"],"acf":[],"yoast_head":"<!-- This site is optimized with the Yoast SEO plugin v26.0 - https:\/\/yoast.com\/wordpress\/plugins\/seo\/ -->\n<title>Educaci\u00f3n S\u00e9culo XXI: \u00abConstancia, cabeza e coraz\u00f3n\u00bb por Susana Rodr\u00edguez Gacio - Afundaci\u00f3n TV<\/title>\n<meta name=\"robots\" content=\"index, follow, max-snippet:-1, max-image-preview:large, max-video-preview:-1\" \/>\n<link rel=\"canonical\" href=\"https:\/\/afundacion.tv\/gl\/proximos_directos\/educacion-seculo-xxi-constancia-cabeza-e-corazon-por-susana-rodriguez-gacio\/\" \/>\n<meta property=\"og:locale\" content=\"gl_ES\" \/>\n<meta property=\"og:type\" content=\"article\" \/>\n<meta property=\"og:title\" content=\"Educaci\u00f3n S\u00e9culo XXI: \u00abConstancia, cabeza e coraz\u00f3n\u00bb por Susana Rodr\u00edguez Gacio - Afundaci\u00f3n TV\" \/>\n<meta property=\"og:description\" content=\"M\u00e9dica cunha discapacidade que afecta o seu nervio \u00f3ptico, acaba de recibir o Premio Nacional do Deporte xunto a Carlos Alcaraz. Esta conferencia entra dentro do grupo de conferencias sobre motivaci\u00f3n e diversidade como sin\u00f3nimo de excepcionalidade. Nun mundo onde a sa\u00fade mental est\u00e1 na primeira li\u00f1a das preocupaci\u00f3ns, Susana Rodr\u00edguez \u00e9 toda unha inspiraci\u00f3n.\" \/>\n<meta property=\"og:url\" content=\"https:\/\/afundacion.tv\/gl\/proximos_directos\/educacion-seculo-xxi-constancia-cabeza-e-corazon-por-susana-rodriguez-gacio\/\" \/>\n<meta property=\"og:site_name\" content=\"Afundaci\u00f3n TV\" \/>\n<meta property=\"article:modified_time\" content=\"2024-03-01T17:44:16+00:00\" \/>\n<meta property=\"og:image\" content=\"https:\/\/afundacion.tv\/wp-content\/uploads\/2024\/02\/educacionsxxi_susana_rodriguez_gacio_1__wide.jpg\" \/>\n\t<meta property=\"og:image:width\" content=\"1200\" \/>\n\t<meta property=\"og:image:height\" content=\"750\" \/>\n\t<meta property=\"og:image:type\" content=\"image\/jpeg\" \/>\n<meta name=\"twitter:card\" content=\"summary_large_image\" \/>\n<meta name=\"twitter:label1\" content=\"Tempo de lectura\" \/>\n\t<meta name=\"twitter:data1\" content=\"1 minuto\" \/>\n<script type=\"application\/ld+json\" class=\"yoast-schema-graph\">{\"@context\":\"https:\/\/schema.org\",\"@graph\":[{\"@type\":\"WebPage\",\"@id\":\"https:\/\/afundacion.tv\/gl\/proximos_directos\/educacion-seculo-xxi-constancia-cabeza-e-corazon-por-susana-rodriguez-gacio\/\",\"url\":\"https:\/\/afundacion.tv\/gl\/proximos_directos\/educacion-seculo-xxi-constancia-cabeza-e-corazon-por-susana-rodriguez-gacio\/\",\"name\":\"Educaci\u00f3n S\u00e9culo XXI: \u00abConstancia, cabeza e coraz\u00f3n\u00bb por Susana Rodr\u00edguez Gacio - Afundaci\u00f3n TV\",\"isPartOf\":{\"@id\":\"https:\/\/afundacion.tv\/#website\"},\"primaryImageOfPage\":{\"@id\":\"https:\/\/afundacion.tv\/gl\/proximos_directos\/educacion-seculo-xxi-constancia-cabeza-e-corazon-por-susana-rodriguez-gacio\/#primaryimage\"},\"image\":{\"@id\":\"https:\/\/afundacion.tv\/gl\/proximos_directos\/educacion-seculo-xxi-constancia-cabeza-e-corazon-por-susana-rodriguez-gacio\/#primaryimage\"},\"thumbnailUrl\":\"https:\/\/afundacion.tv\/wp-content\/uploads\/2024\/02\/educacionsxxi_susana_rodriguez_gacio_1__wide.jpg\",\"datePublished\":\"2024-02-07T10:24:53+00:00\",\"dateModified\":\"2024-03-01T17:44:16+00:00\",\"breadcrumb\":{\"@id\":\"https:\/\/afundacion.tv\/gl\/proximos_directos\/educacion-seculo-xxi-constancia-cabeza-e-corazon-por-susana-rodriguez-gacio\/#breadcrumb\"},\"inLanguage\":\"gl-ES\",\"potentialAction\":[{\"@type\":\"ReadAction\",\"target\":[\"https:\/\/afundacion.tv\/gl\/proximos_directos\/educacion-seculo-xxi-constancia-cabeza-e-corazon-por-susana-rodriguez-gacio\/\"]}]},{\"@type\":\"ImageObject\",\"inLanguage\":\"gl-ES\",\"@id\":\"https:\/\/afundacion.tv\/gl\/proximos_directos\/educacion-seculo-xxi-constancia-cabeza-e-corazon-por-susana-rodriguez-gacio\/#primaryimage\",\"url\":\"https:\/\/afundacion.tv\/wp-content\/uploads\/2024\/02\/educacionsxxi_susana_rodriguez_gacio_1__wide.jpg\",\"contentUrl\":\"https:\/\/afundacion.tv\/wp-content\/uploads\/2024\/02\/educacionsxxi_susana_rodriguez_gacio_1__wide.jpg\",\"width\":1200,\"height\":750},{\"@type\":\"BreadcrumbList\",\"@id\":\"https:\/\/afundacion.tv\/gl\/proximos_directos\/educacion-seculo-xxi-constancia-cabeza-e-corazon-por-susana-rodriguez-gacio\/#breadcrumb\",\"itemListElement\":[{\"@type\":\"ListItem\",\"position\":1,\"name\":\"Portada\",\"item\":\"https:\/\/afundacion.tv\/\"},{\"@type\":\"ListItem\",\"position\":2,\"name\":\"Educaci\u00f3n S\u00e9culo XXI: \u00abConstancia, cabeza e coraz\u00f3n\u00bb por Susana Rodr\u00edguez Gacio\"}]},{\"@type\":\"WebSite\",\"@id\":\"https:\/\/afundacion.tv\/#website\",\"url\":\"https:\/\/afundacion.tv\/\",\"name\":\"Afundaci\u00f3n TV\",\"description\":\"\",\"publisher\":{\"@id\":\"https:\/\/afundacion.tv\/#organization\"},\"potentialAction\":[{\"@type\":\"SearchAction\",\"target\":{\"@type\":\"EntryPoint\",\"urlTemplate\":\"https:\/\/afundacion.tv\/?s={search_term_string}\"},\"query-input\":{\"@type\":\"PropertyValueSpecification\",\"valueRequired\":true,\"valueName\":\"search_term_string\"}}],\"inLanguage\":\"gl-ES\"},{\"@type\":\"Organization\",\"@id\":\"https:\/\/afundacion.tv\/#organization\",\"name\":\"Afundacion TV\",\"url\":\"https:\/\/afundacion.tv\/\",\"logo\":{\"@type\":\"ImageObject\",\"inLanguage\":\"gl-ES\",\"@id\":\"https:\/\/afundacion.tv\/#\/schema\/logo\/image\/\",\"url\":\"https:\/\/afundacion.tv\/wp-content\/uploads\/2021\/09\/atv-icon-152-01.png\",\"contentUrl\":\"https:\/\/afundacion.tv\/wp-content\/uploads\/2021\/09\/atv-icon-152-01.png\",\"width\":153,\"height\":153,\"caption\":\"Afundacion TV\"},\"image\":{\"@id\":\"https:\/\/afundacion.tv\/#\/schema\/logo\/image\/\"}}]}<\/script>\n<!-- \/ Yoast SEO plugin. -->","yoast_head_json":{"title":"Educaci\u00f3n S\u00e9culo XXI: \u00abConstancia, cabeza e coraz\u00f3n\u00bb por Susana Rodr\u00edguez Gacio - Afundaci\u00f3n TV","robots":{"index":"index","follow":"follow","max-snippet":"max-snippet:-1","max-image-preview":"max-image-preview:large","max-video-preview":"max-video-preview:-1"},"canonical":"https:\/\/afundacion.tv\/gl\/proximos_directos\/educacion-seculo-xxi-constancia-cabeza-e-corazon-por-susana-rodriguez-gacio\/","og_locale":"gl_ES","og_type":"article","og_title":"Educaci\u00f3n S\u00e9culo XXI: \u00abConstancia, cabeza e coraz\u00f3n\u00bb por Susana Rodr\u00edguez Gacio - Afundaci\u00f3n TV","og_description":"M\u00e9dica cunha discapacidade que afecta o seu nervio \u00f3ptico, acaba de recibir o Premio Nacional do Deporte xunto a Carlos Alcaraz. Esta conferencia entra dentro do grupo de conferencias sobre motivaci\u00f3n e diversidade como sin\u00f3nimo de excepcionalidade. Nun mundo onde a sa\u00fade mental est\u00e1 na primeira li\u00f1a das preocupaci\u00f3ns, Susana Rodr\u00edguez \u00e9 toda unha inspiraci\u00f3n.","og_url":"https:\/\/afundacion.tv\/gl\/proximos_directos\/educacion-seculo-xxi-constancia-cabeza-e-corazon-por-susana-rodriguez-gacio\/","og_site_name":"Afundaci\u00f3n TV","article_modified_time":"2024-03-01T17:44:16+00:00","og_image":[{"width":1200,"height":750,"url":"https:\/\/afundacion.tv\/wp-content\/uploads\/2024\/02\/educacionsxxi_susana_rodriguez_gacio_1__wide.jpg","type":"image\/jpeg"}],"twitter_card":"summary_large_image","twitter_misc":{"Tempo de lectura":"1 minuto"},"schema":{"@context":"https:\/\/schema.org","@graph":[{"@type":"WebPage","@id":"https:\/\/afundacion.tv\/gl\/proximos_directos\/educacion-seculo-xxi-constancia-cabeza-e-corazon-por-susana-rodriguez-gacio\/","url":"https:\/\/afundacion.tv\/gl\/proximos_directos\/educacion-seculo-xxi-constancia-cabeza-e-corazon-por-susana-rodriguez-gacio\/","name":"Educaci\u00f3n S\u00e9culo XXI: \u00abConstancia, cabeza e coraz\u00f3n\u00bb por Susana Rodr\u00edguez Gacio - Afundaci\u00f3n TV","isPartOf":{"@id":"https:\/\/afundacion.tv\/#website"},"primaryImageOfPage":{"@id":"https:\/\/afundacion.tv\/gl\/proximos_directos\/educacion-seculo-xxi-constancia-cabeza-e-corazon-por-susana-rodriguez-gacio\/#primaryimage"},"image":{"@id":"https:\/\/afundacion.tv\/gl\/proximos_directos\/educacion-seculo-xxi-constancia-cabeza-e-corazon-por-susana-rodriguez-gacio\/#primaryimage"},"thumbnailUrl":"https:\/\/afundacion.tv\/wp-content\/uploads\/2024\/02\/educacionsxxi_susana_rodriguez_gacio_1__wide.jpg","datePublished":"2024-02-07T10:24:53+00:00","dateModified":"2024-03-01T17:44:16+00:00","breadcrumb":{"@id":"https:\/\/afundacion.tv\/gl\/proximos_directos\/educacion-seculo-xxi-constancia-cabeza-e-corazon-por-susana-rodriguez-gacio\/#breadcrumb"},"inLanguage":"gl-ES","potentialAction":[{"@type":"ReadAction","target":["https:\/\/afundacion.tv\/gl\/proximos_directos\/educacion-seculo-xxi-constancia-cabeza-e-corazon-por-susana-rodriguez-gacio\/"]}]},{"@type":"ImageObject","inLanguage":"gl-ES","@id":"https:\/\/afundacion.tv\/gl\/proximos_directos\/educacion-seculo-xxi-constancia-cabeza-e-corazon-por-susana-rodriguez-gacio\/#primaryimage","url":"https:\/\/afundacion.tv\/wp-content\/uploads\/2024\/02\/educacionsxxi_susana_rodriguez_gacio_1__wide.jpg","contentUrl":"https:\/\/afundacion.tv\/wp-content\/uploads\/2024\/02\/educacionsxxi_susana_rodriguez_gacio_1__wide.jpg","width":1200,"height":750},{"@type":"BreadcrumbList","@id":"https:\/\/afundacion.tv\/gl\/proximos_directos\/educacion-seculo-xxi-constancia-cabeza-e-corazon-por-susana-rodriguez-gacio\/#breadcrumb","itemListElement":[{"@type":"ListItem","position":1,"name":"Portada","item":"https:\/\/afundacion.tv\/"},{"@type":"ListItem","position":2,"name":"Educaci\u00f3n S\u00e9culo XXI: \u00abConstancia, cabeza e coraz\u00f3n\u00bb por Susana Rodr\u00edguez Gacio"}]},{"@type":"WebSite","@id":"https:\/\/afundacion.tv\/#website","url":"https:\/\/afundacion.tv\/","name":"Afundaci\u00f3n TV","description":"","publisher":{"@id":"https:\/\/afundacion.tv\/#organization"},"potentialAction":[{"@type":"SearchAction","target":{"@type":"EntryPoint","urlTemplate":"https:\/\/afundacion.tv\/?s={search_term_string}"},"query-input":{"@type":"PropertyValueSpecification","valueRequired":true,"valueName":"search_term_string"}}],"inLanguage":"gl-ES"},{"@type":"Organization","@id":"https:\/\/afundacion.tv\/#organization","name":"Afundacion TV","url":"https:\/\/afundacion.tv\/","logo":{"@type":"ImageObject","inLanguage":"gl-ES","@id":"https:\/\/afundacion.tv\/#\/schema\/logo\/image\/","url":"https:\/\/afundacion.tv\/wp-content\/uploads\/2021\/09\/atv-icon-152-01.png","contentUrl":"https:\/\/afundacion.tv\/wp-content\/uploads\/2021\/09\/atv-icon-152-01.png","width":153,"height":153,"caption":"Afundacion TV"},"image":{"@id":"https:\/\/afundacion.tv\/#\/schema\/logo\/image\/"}}]}},"_links":{"self":[{"href":"https:\/\/afundacion.tv\/gl\/wp-json\/wp\/v2\/proximos_directos\/5969","targetHints":{"allow":["GET"]}}],"collection":[{"href":"https:\/\/afundacion.tv\/gl\/wp-json\/wp\/v2\/proximos_directos"}],"about":[{"href":"https:\/\/afundacion.tv\/gl\/wp-json\/wp\/v2\/types\/proximos_directos"}],"wp:featuredmedia":[{"embeddable":true,"href":"https:\/\/afundacion.tv\/gl\/wp-json\/wp\/v2\/media\/5984"}],"wp:attachment":[{"href":"https:\/\/afundacion.tv\/gl\/wp-json\/wp\/v2\/media?parent=5969"}],"wp:term":[{"taxonomy":"categorias","embeddable":true,"href":"https:\/\/afundacion.tv\/gl\/wp-json\/wp\/v2\/categorias?post=5969"},{"taxonomy":"etiqueta","embeddable":true,"href":"https:\/\/afundacion.tv\/gl\/wp-json\/wp\/v2\/etiqueta?post=5969"}],"curies":[{"name":"wp","href":"https:\/\/api.w.org\/{rel}","templated":true}]}}

Educación Século XXI: «Constancia, cabeza e corazón» por Susana Rodríguez Gacio

<p>Médica cunha discapacidade que afecta o seu nervio óptico, acaba de recibir o Premio Nacional do Deporte xunto a Carlos Alcaraz. Esta conferencia entra dentro do grupo de conferencias sobre motivación e diversidade como sinónimo de excepcionalidade. Nun mundo onde a saúde mental está na primeira liña das preocupacións, Susana Rodríguez é toda unha inspiración.</p>

<!-- This site is optimized with the Yoast SEO plugin v26.0 - https://yoast.com/wordpress/plugins/seo/ -->
<title>Educación Século XXI: «Constancia, cabeza e corazón» por Susana Rodríguez Gacio - Afundación TV</title>
<meta name="robots" content="index, follow, max-snippet:-1, max-image-preview:large, max-video-preview:-1" />
<link rel="canonical" href="https://afundacion.tv/gl/proximos_directos/educacion-seculo-xxi-constancia-cabeza-e-corazon-por-susana-rodriguez-gacio/" />
<meta property="og:locale" content="gl_ES" />
<meta property="og:type" content="article" />
<meta property="og:title" content="Educación Século XXI: «Constancia, cabeza e corazón» por Susana Rodríguez Gacio - Afundación TV" />
<meta property="og:description" content="Médica cunha discapacidade que afecta o seu nervio óptico, acaba de recibir o Premio Nacional do Deporte xunto a Carlos Alcaraz. Esta conferencia entra dentro do grupo de conferencias sobre motivación e diversidade como sinónimo de excepcionalidade. Nun mundo onde a saúde mental está na primeira liña das preocupacións, Susana Rodríguez é toda unha inspiración." />
<meta property="og:url" content="https://afundacion.tv/gl/proximos_directos/educacion-seculo-xxi-constancia-cabeza-e-corazon-por-susana-rodriguez-gacio/" />
<meta property="og:site_name" content="Afundación TV" />
<meta property="article:modified_time" content="2024-03-01T17:44:16+00:00" />
<meta property="og:image" content="https://afundacion.tv/wp-content/uploads/2024/02/educacionsxxi_susana_rodriguez_gacio_1__wide.jpg" />
	<meta property="og:image:width" content="1200" />
	<meta property="og:image:height" content="750" />
	<meta property="og:image:type" content="image/jpeg" />
<meta name="twitter:card" content="summary_large_image" />
<meta name="twitter:label1" content="Tempo de lectura" />
	<meta name="twitter:data1" content="1 minuto" />
<script type="application/ld+json" class="yoast-schema-graph">{"@context":"https://schema.org","@graph":[{"@type":"WebPage","@id":"https://afundacion.tv/gl/proximos_directos/educacion-seculo-xxi-constancia-cabeza-e-corazon-por-susana-rodriguez-gacio/","url":"https://afundacion.tv/gl/proximos_directos/educacion-seculo-xxi-constancia-cabeza-e-corazon-por-susana-rodriguez-gacio/","name":"Educación Século XXI: «Constancia, cabeza e corazón» por Susana Rodríguez Gacio - Afundación TV","isPartOf":{"@id":"https://afundacion.tv/#website"},"primaryImageOfPage":{"@id":"https://afundacion.tv/gl/proximos_directos/educacion-seculo-xxi-constancia-cabeza-e-corazon-por-susana-rodriguez-gacio/#primaryimage"},"image":{"@id":"https://afundacion.tv/gl/proximos_directos/educacion-seculo-xxi-constancia-cabeza-e-corazon-por-susana-rodriguez-gacio/#primaryimage"},"thumbnailUrl":"https://afundacion.tv/wp-content/uploads/2024/02/educacionsxxi_susana_rodriguez_gacio_1__wide.jpg","datePublished":"2024-02-07T10:24:53+00:00","dateModified":"2024-03-01T17:44:16+00:00","breadcrumb":{"@id":"https://afundacion.tv/gl/proximos_directos/educacion-seculo-xxi-constancia-cabeza-e-corazon-por-susana-rodriguez-gacio/#breadcrumb"},"inLanguage":"gl-ES","potentialAction":[{"@type":"ReadAction","target":["https://afundacion.tv/gl/proximos_directos/educacion-seculo-xxi-constancia-cabeza-e-corazon-por-susana-rodriguez-gacio/"]}]},{"@type":"ImageObject","inLanguage":"gl-ES","@id":"https://afundacion.tv/gl/proximos_directos/educacion-seculo-xxi-constancia-cabeza-e-corazon-por-susana-rodriguez-gacio/#primaryimage","url":"https://afundacion.tv/wp-content/uploads/2024/02/educacionsxxi_susana_rodriguez_gacio_1__wide.jpg","contentUrl":"https://afundacion.tv/wp-content/uploads/2024/02/educacionsxxi_susana_rodriguez_gacio_1__wide.jpg","width":1200,"height":750},{"@type":"BreadcrumbList","@id":"https://afundacion.tv/gl/proximos_directos/educacion-seculo-xxi-constancia-cabeza-e-corazon-por-susana-rodriguez-gacio/#breadcrumb","itemListElement":[{"@type":"ListItem","position":1,"name":"Portada","item":"https://afundacion.tv/"},{"@type":"ListItem","position":2,"name":"Educación Século XXI: «Constancia, cabeza e corazón» por Susana Rodríguez Gacio"}]},{"@type":"WebSite","@id":"https://afundacion.tv/#website","url":"https://afundacion.tv/","name":"Afundación TV","description":"","publisher":{"@id":"https://afundacion.tv/#organization"},"potentialAction":[{"@type":"SearchAction","target":{"@type":"EntryPoint","urlTemplate":"https://afundacion.tv/?s={search_term_string}"},"query-input":{"@type":"PropertyValueSpecification","valueRequired":true,"valueName":"search_term_string"}}],"inLanguage":"gl-ES"},{"@type":"Organization","@id":"https://afundacion.tv/#organization","name":"Afundacion TV","url":"https://afundacion.tv/","logo":{"@type":"ImageObject","inLanguage":"gl-ES","@id":"https://afundacion.tv/#/schema/logo/image/","url":"https://afundacion.tv/wp-content/uploads/2021/09/atv-icon-152-01.png","contentUrl":"https://afundacion.tv/wp-content/uploads/2021/09/atv-icon-152-01.png","width":153,"height":153,"caption":"Afundacion TV"},"image":{"@id":"https://afundacion.tv/#/schema/logo/image/"}}]}</script>
<!-- / Yoast SEO plugin. -->

Educación Século XXI: «Constancia, cabeza e corazón» por Susana Rodríguez Gacio - Afundación TV

Médica cunha discapacidade que afecta o seu nervio óptico, acaba de recibir o Premio Nacional do Deporte xunto a Carlos Alcaraz. Esta conferencia entra dentro do grupo de conferencias sobre motivación e diversidade como sinónimo de excepcionalidade. Nun mundo onde a saúde mental está na primeira liña das preocupacións, Susana Rodríguez é toda unha inspiración.

Afundación TV
