{"id":5954,"date":"2024-01-22T12:05:47","date_gmt":"2024-01-22T11:05:47","guid":{"rendered":"https:\/\/afundacion.tv\/proximos_directos\/foro-uie-whos-upside-down-us-or-the-bats-evoking-empathy-through-animal-portraiture-por-tim-flach\/"},"modified":"2024-02-05T18:38:54","modified_gmt":"2024-02-05T17:38:54","slug":"foro-uie-whos-upside-down-us-or-the-bats-evoking-empathy-through-animal-portraiture-por-tim-flach","status":"publish","type":"proximos_directos","link":"https:\/\/afundacion.tv\/gl\/proximos_directos\/foro-uie-whos-upside-down-us-or-the-bats-evoking-empathy-through-animal-portraiture-por-tim-flach\/","title":{"rendered":"Foro UIE: \u00abWho\u2019s Upside Down, Us or the Bats? Evoking Empathy Through Animal Portraiture\u00bb por Tim Flach"},"content":{"rendered":"\n<p>\u00abQuen est\u00e1 do rev\u00e9s, n\u00f3s ou os morcegos? Apelando \u00e1 empat\u00eda a trav\u00e9s do retrato de animais\u00bb<\/p>\n","protected":false},"featured_media":5953,"parent":0,"menu_order":0,"template":"","categorias":[302],"etiqueta":[176],"class_list":["post-5954","proximos_directos","type-proximos_directos","status-publish","has-post-thumbnail","hentry","categorias-uie-gl","etiqueta-desenvolvemento-sostible","entry","has-media"],"acf":[],"yoast_head":"<!-- This site is optimized with the Yoast SEO plugin v26.0 - https:\/\/yoast.com\/wordpress\/plugins\/seo\/ -->\n<title>Foro UIE: \u00abWho\u2019s Upside Down, Us or the Bats? Evoking Empathy Through Animal Portraiture\u00bb por Tim Flach - Afundaci\u00f3n TV<\/title>\n<meta name=\"robots\" content=\"index, follow, max-snippet:-1, max-image-preview:large, max-video-preview:-1\" \/>\n<link rel=\"canonical\" href=\"https:\/\/afundacion.tv\/gl\/proximos_directos\/foro-uie-whos-upside-down-us-or-the-bats-evoking-empathy-through-animal-portraiture-por-tim-flach\/\" \/>\n<meta property=\"og:locale\" content=\"gl_ES\" \/>\n<meta property=\"og:type\" content=\"article\" \/>\n<meta property=\"og:title\" content=\"Foro UIE: \u00abWho\u2019s Upside Down, Us or the Bats? Evoking Empathy Through Animal Portraiture\u00bb por Tim Flach - Afundaci\u00f3n TV\" \/>\n<meta property=\"og:description\" content=\"\u00abQuen est\u00e1 do rev\u00e9s, n\u00f3s ou os morcegos? Apelando \u00e1 empat\u00eda a trav\u00e9s do retrato de animais\u00bb\" \/>\n<meta property=\"og:url\" content=\"https:\/\/afundacion.tv\/gl\/proximos_directos\/foro-uie-whos-upside-down-us-or-the-bats-evoking-empathy-through-animal-portraiture-por-tim-flach\/\" \/>\n<meta property=\"og:site_name\" content=\"Afundaci\u00f3n TV\" \/>\n<meta property=\"article:modified_time\" content=\"2024-02-05T17:38:54+00:00\" \/>\n<meta property=\"og:image\" content=\"https:\/\/afundacion.tv\/wp-content\/uploads\/2024\/01\/foroTimFlach_Azul_Web.jpg\" \/>\n\t<meta property=\"og:image:width\" content=\"1200\" \/>\n\t<meta property=\"og:image:height\" content=\"681\" \/>\n\t<meta property=\"og:image:type\" content=\"image\/jpeg\" \/>\n<meta name=\"twitter:card\" content=\"summary_large_image\" \/>\n<meta name=\"twitter:label1\" content=\"Tempo de lectura\" \/>\n\t<meta name=\"twitter:data1\" content=\"1 minuto\" \/>\n<script type=\"application\/ld+json\" class=\"yoast-schema-graph\">{\"@context\":\"https:\/\/schema.org\",\"@graph\":[{\"@type\":\"WebPage\",\"@id\":\"https:\/\/afundacion.tv\/gl\/proximos_directos\/foro-uie-whos-upside-down-us-or-the-bats-evoking-empathy-through-animal-portraiture-por-tim-flach\/\",\"url\":\"https:\/\/afundacion.tv\/gl\/proximos_directos\/foro-uie-whos-upside-down-us-or-the-bats-evoking-empathy-through-animal-portraiture-por-tim-flach\/\",\"name\":\"Foro UIE: \u00abWho\u2019s Upside Down, Us or the Bats? Evoking Empathy Through Animal Portraiture\u00bb por Tim Flach - Afundaci\u00f3n TV\",\"isPartOf\":{\"@id\":\"https:\/\/afundacion.tv\/#website\"},\"primaryImageOfPage\":{\"@id\":\"https:\/\/afundacion.tv\/gl\/proximos_directos\/foro-uie-whos-upside-down-us-or-the-bats-evoking-empathy-through-animal-portraiture-por-tim-flach\/#primaryimage\"},\"image\":{\"@id\":\"https:\/\/afundacion.tv\/gl\/proximos_directos\/foro-uie-whos-upside-down-us-or-the-bats-evoking-empathy-through-animal-portraiture-por-tim-flach\/#primaryimage\"},\"thumbnailUrl\":\"https:\/\/afundacion.tv\/wp-content\/uploads\/2024\/01\/foroTimFlach_Azul_Web.jpg\",\"datePublished\":\"2024-01-22T11:05:47+00:00\",\"dateModified\":\"2024-02-05T17:38:54+00:00\",\"breadcrumb\":{\"@id\":\"https:\/\/afundacion.tv\/gl\/proximos_directos\/foro-uie-whos-upside-down-us-or-the-bats-evoking-empathy-through-animal-portraiture-por-tim-flach\/#breadcrumb\"},\"inLanguage\":\"gl-ES\",\"potentialAction\":[{\"@type\":\"ReadAction\",\"target\":[\"https:\/\/afundacion.tv\/gl\/proximos_directos\/foro-uie-whos-upside-down-us-or-the-bats-evoking-empathy-through-animal-portraiture-por-tim-flach\/\"]}]},{\"@type\":\"ImageObject\",\"inLanguage\":\"gl-ES\",\"@id\":\"https:\/\/afundacion.tv\/gl\/proximos_directos\/foro-uie-whos-upside-down-us-or-the-bats-evoking-empathy-through-animal-portraiture-por-tim-flach\/#primaryimage\",\"url\":\"https:\/\/afundacion.tv\/wp-content\/uploads\/2024\/01\/foroTimFlach_Azul_Web.jpg\",\"contentUrl\":\"https:\/\/afundacion.tv\/wp-content\/uploads\/2024\/01\/foroTimFlach_Azul_Web.jpg\",\"width\":1200,\"height\":681},{\"@type\":\"BreadcrumbList\",\"@id\":\"https:\/\/afundacion.tv\/gl\/proximos_directos\/foro-uie-whos-upside-down-us-or-the-bats-evoking-empathy-through-animal-portraiture-por-tim-flach\/#breadcrumb\",\"itemListElement\":[{\"@type\":\"ListItem\",\"position\":1,\"name\":\"Portada\",\"item\":\"https:\/\/afundacion.tv\/\"},{\"@type\":\"ListItem\",\"position\":2,\"name\":\"Foro UIE: \u00abWho\u2019s Upside Down, Us or the Bats? Evoking Empathy Through Animal Portraiture\u00bb por Tim Flach\"}]},{\"@type\":\"WebSite\",\"@id\":\"https:\/\/afundacion.tv\/#website\",\"url\":\"https:\/\/afundacion.tv\/\",\"name\":\"Afundaci\u00f3n TV\",\"description\":\"\",\"publisher\":{\"@id\":\"https:\/\/afundacion.tv\/#organization\"},\"potentialAction\":[{\"@type\":\"SearchAction\",\"target\":{\"@type\":\"EntryPoint\",\"urlTemplate\":\"https:\/\/afundacion.tv\/?s={search_term_string}\"},\"query-input\":{\"@type\":\"PropertyValueSpecification\",\"valueRequired\":true,\"valueName\":\"search_term_string\"}}],\"inLanguage\":\"gl-ES\"},{\"@type\":\"Organization\",\"@id\":\"https:\/\/afundacion.tv\/#organization\",\"name\":\"Afundacion TV\",\"url\":\"https:\/\/afundacion.tv\/\",\"logo\":{\"@type\":\"ImageObject\",\"inLanguage\":\"gl-ES\",\"@id\":\"https:\/\/afundacion.tv\/#\/schema\/logo\/image\/\",\"url\":\"https:\/\/afundacion.tv\/wp-content\/uploads\/2021\/09\/atv-icon-152-01.png\",\"contentUrl\":\"https:\/\/afundacion.tv\/wp-content\/uploads\/2021\/09\/atv-icon-152-01.png\",\"width\":153,\"height\":153,\"caption\":\"Afundacion TV\"},\"image\":{\"@id\":\"https:\/\/afundacion.tv\/#\/schema\/logo\/image\/\"}}]}<\/script>\n<!-- \/ Yoast SEO plugin. -->","yoast_head_json":{"title":"Foro UIE: \u00abWho\u2019s Upside Down, Us or the Bats? Evoking Empathy Through Animal Portraiture\u00bb por Tim Flach - Afundaci\u00f3n TV","robots":{"index":"index","follow":"follow","max-snippet":"max-snippet:-1","max-image-preview":"max-image-preview:large","max-video-preview":"max-video-preview:-1"},"canonical":"https:\/\/afundacion.tv\/gl\/proximos_directos\/foro-uie-whos-upside-down-us-or-the-bats-evoking-empathy-through-animal-portraiture-por-tim-flach\/","og_locale":"gl_ES","og_type":"article","og_title":"Foro UIE: \u00abWho\u2019s Upside Down, Us or the Bats? Evoking Empathy Through Animal Portraiture\u00bb por Tim Flach - Afundaci\u00f3n TV","og_description":"\u00abQuen est\u00e1 do rev\u00e9s, n\u00f3s ou os morcegos? Apelando \u00e1 empat\u00eda a trav\u00e9s do retrato de animais\u00bb","og_url":"https:\/\/afundacion.tv\/gl\/proximos_directos\/foro-uie-whos-upside-down-us-or-the-bats-evoking-empathy-through-animal-portraiture-por-tim-flach\/","og_site_name":"Afundaci\u00f3n TV","article_modified_time":"2024-02-05T17:38:54+00:00","og_image":[{"width":1200,"height":681,"url":"https:\/\/afundacion.tv\/wp-content\/uploads\/2024\/01\/foroTimFlach_Azul_Web.jpg","type":"image\/jpeg"}],"twitter_card":"summary_large_image","twitter_misc":{"Tempo de lectura":"1 minuto"},"schema":{"@context":"https:\/\/schema.org","@graph":[{"@type":"WebPage","@id":"https:\/\/afundacion.tv\/gl\/proximos_directos\/foro-uie-whos-upside-down-us-or-the-bats-evoking-empathy-through-animal-portraiture-por-tim-flach\/","url":"https:\/\/afundacion.tv\/gl\/proximos_directos\/foro-uie-whos-upside-down-us-or-the-bats-evoking-empathy-through-animal-portraiture-por-tim-flach\/","name":"Foro UIE: \u00abWho\u2019s Upside Down, Us or the Bats? Evoking Empathy Through Animal Portraiture\u00bb por Tim Flach - Afundaci\u00f3n TV","isPartOf":{"@id":"https:\/\/afundacion.tv\/#website"},"primaryImageOfPage":{"@id":"https:\/\/afundacion.tv\/gl\/proximos_directos\/foro-uie-whos-upside-down-us-or-the-bats-evoking-empathy-through-animal-portraiture-por-tim-flach\/#primaryimage"},"image":{"@id":"https:\/\/afundacion.tv\/gl\/proximos_directos\/foro-uie-whos-upside-down-us-or-the-bats-evoking-empathy-through-animal-portraiture-por-tim-flach\/#primaryimage"},"thumbnailUrl":"https:\/\/afundacion.tv\/wp-content\/uploads\/2024\/01\/foroTimFlach_Azul_Web.jpg","datePublished":"2024-01-22T11:05:47+00:00","dateModified":"2024-02-05T17:38:54+00:00","breadcrumb":{"@id":"https:\/\/afundacion.tv\/gl\/proximos_directos\/foro-uie-whos-upside-down-us-or-the-bats-evoking-empathy-through-animal-portraiture-por-tim-flach\/#breadcrumb"},"inLanguage":"gl-ES","potentialAction":[{"@type":"ReadAction","target":["https:\/\/afundacion.tv\/gl\/proximos_directos\/foro-uie-whos-upside-down-us-or-the-bats-evoking-empathy-through-animal-portraiture-por-tim-flach\/"]}]},{"@type":"ImageObject","inLanguage":"gl-ES","@id":"https:\/\/afundacion.tv\/gl\/proximos_directos\/foro-uie-whos-upside-down-us-or-the-bats-evoking-empathy-through-animal-portraiture-por-tim-flach\/#primaryimage","url":"https:\/\/afundacion.tv\/wp-content\/uploads\/2024\/01\/foroTimFlach_Azul_Web.jpg","contentUrl":"https:\/\/afundacion.tv\/wp-content\/uploads\/2024\/01\/foroTimFlach_Azul_Web.jpg","width":1200,"height":681},{"@type":"BreadcrumbList","@id":"https:\/\/afundacion.tv\/gl\/proximos_directos\/foro-uie-whos-upside-down-us-or-the-bats-evoking-empathy-through-animal-portraiture-por-tim-flach\/#breadcrumb","itemListElement":[{"@type":"ListItem","position":1,"name":"Portada","item":"https:\/\/afundacion.tv\/"},{"@type":"ListItem","position":2,"name":"Foro UIE: \u00abWho\u2019s Upside Down, Us or the Bats? Evoking Empathy Through Animal Portraiture\u00bb por Tim Flach"}]},{"@type":"WebSite","@id":"https:\/\/afundacion.tv\/#website","url":"https:\/\/afundacion.tv\/","name":"Afundaci\u00f3n TV","description":"","publisher":{"@id":"https:\/\/afundacion.tv\/#organization"},"potentialAction":[{"@type":"SearchAction","target":{"@type":"EntryPoint","urlTemplate":"https:\/\/afundacion.tv\/?s={search_term_string}"},"query-input":{"@type":"PropertyValueSpecification","valueRequired":true,"valueName":"search_term_string"}}],"inLanguage":"gl-ES"},{"@type":"Organization","@id":"https:\/\/afundacion.tv\/#organization","name":"Afundacion TV","url":"https:\/\/afundacion.tv\/","logo":{"@type":"ImageObject","inLanguage":"gl-ES","@id":"https:\/\/afundacion.tv\/#\/schema\/logo\/image\/","url":"https:\/\/afundacion.tv\/wp-content\/uploads\/2021\/09\/atv-icon-152-01.png","contentUrl":"https:\/\/afundacion.tv\/wp-content\/uploads\/2021\/09\/atv-icon-152-01.png","width":153,"height":153,"caption":"Afundacion TV"},"image":{"@id":"https:\/\/afundacion.tv\/#\/schema\/logo\/image\/"}}]}},"_links":{"self":[{"href":"https:\/\/afundacion.tv\/gl\/wp-json\/wp\/v2\/proximos_directos\/5954","targetHints":{"allow":["GET"]}}],"collection":[{"href":"https:\/\/afundacion.tv\/gl\/wp-json\/wp\/v2\/proximos_directos"}],"about":[{"href":"https:\/\/afundacion.tv\/gl\/wp-json\/wp\/v2\/types\/proximos_directos"}],"wp:featuredmedia":[{"embeddable":true,"href":"https:\/\/afundacion.tv\/gl\/wp-json\/wp\/v2\/media\/5953"}],"wp:attachment":[{"href":"https:\/\/afundacion.tv\/gl\/wp-json\/wp\/v2\/media?parent=5954"}],"wp:term":[{"taxonomy":"categorias","embeddable":true,"href":"https:\/\/afundacion.tv\/gl\/wp-json\/wp\/v2\/categorias?post=5954"},{"taxonomy":"etiqueta","embeddable":true,"href":"https:\/\/afundacion.tv\/gl\/wp-json\/wp\/v2\/etiqueta?post=5954"}],"curies":[{"name":"wp","href":"https:\/\/api.w.org\/{rel}","templated":true}]}}

<p>«Quen está do revés, nós ou os morcegos? Apelando á empatía a través do retrato de animais»</p>

<!-- This site is optimized with the Yoast SEO plugin v26.0 - https://yoast.com/wordpress/plugins/seo/ -->
<title>Foro UIE: «Who’s Upside Down, Us or the Bats? Evoking Empathy Through Animal Portraiture» por Tim Flach - Afundación TV</title>
<meta name="robots" content="index, follow, max-snippet:-1, max-image-preview:large, max-video-preview:-1" />
<link rel="canonical" href="https://afundacion.tv/gl/proximos_directos/foro-uie-whos-upside-down-us-or-the-bats-evoking-empathy-through-animal-portraiture-por-tim-flach/" />
<meta property="og:locale" content="gl_ES" />
<meta property="og:type" content="article" />
<meta property="og:title" content="Foro UIE: «Who’s Upside Down, Us or the Bats? Evoking Empathy Through Animal Portraiture» por Tim Flach - Afundación TV" />
<meta property="og:description" content="«Quen está do revés, nós ou os morcegos? Apelando á empatía a través do retrato de animais»" />
<meta property="og:url" content="https://afundacion.tv/gl/proximos_directos/foro-uie-whos-upside-down-us-or-the-bats-evoking-empathy-through-animal-portraiture-por-tim-flach/" />
<meta property="og:site_name" content="Afundación TV" />
<meta property="article:modified_time" content="2024-02-05T17:38:54+00:00" />
<meta property="og:image" content="https://afundacion.tv/wp-content/uploads/2024/01/foroTimFlach_Azul_Web.jpg" />
	<meta property="og:image:width" content="1200" />
	<meta property="og:image:height" content="681" />
	<meta property="og:image:type" content="image/jpeg" />
<meta name="twitter:card" content="summary_large_image" />
<meta name="twitter:label1" content="Tempo de lectura" />
	<meta name="twitter:data1" content="1 minuto" />
<script type="application/ld+json" class="yoast-schema-graph">{"@context":"https://schema.org","@graph":[{"@type":"WebPage","@id":"https://afundacion.tv/gl/proximos_directos/foro-uie-whos-upside-down-us-or-the-bats-evoking-empathy-through-animal-portraiture-por-tim-flach/","url":"https://afundacion.tv/gl/proximos_directos/foro-uie-whos-upside-down-us-or-the-bats-evoking-empathy-through-animal-portraiture-por-tim-flach/","name":"Foro UIE: «Who’s Upside Down, Us or the Bats? Evoking Empathy Through Animal Portraiture» por Tim Flach - Afundación TV","isPartOf":{"@id":"https://afundacion.tv/#website"},"primaryImageOfPage":{"@id":"https://afundacion.tv/gl/proximos_directos/foro-uie-whos-upside-down-us-or-the-bats-evoking-empathy-through-animal-portraiture-por-tim-flach/#primaryimage"},"image":{"@id":"https://afundacion.tv/gl/proximos_directos/foro-uie-whos-upside-down-us-or-the-bats-evoking-empathy-through-animal-portraiture-por-tim-flach/#primaryimage"},"thumbnailUrl":"https://afundacion.tv/wp-content/uploads/2024/01/foroTimFlach_Azul_Web.jpg","datePublished":"2024-01-22T11:05:47+00:00","dateModified":"2024-02-05T17:38:54+00:00","breadcrumb":{"@id":"https://afundacion.tv/gl/proximos_directos/foro-uie-whos-upside-down-us-or-the-bats-evoking-empathy-through-animal-portraiture-por-tim-flach/#breadcrumb"},"inLanguage":"gl-ES","potentialAction":[{"@type":"ReadAction","target":["https://afundacion.tv/gl/proximos_directos/foro-uie-whos-upside-down-us-or-the-bats-evoking-empathy-through-animal-portraiture-por-tim-flach/"]}]},{"@type":"ImageObject","inLanguage":"gl-ES","@id":"https://afundacion.tv/gl/proximos_directos/foro-uie-whos-upside-down-us-or-the-bats-evoking-empathy-through-animal-portraiture-por-tim-flach/#primaryimage","url":"https://afundacion.tv/wp-content/uploads/2024/01/foroTimFlach_Azul_Web.jpg","contentUrl":"https://afundacion.tv/wp-content/uploads/2024/01/foroTimFlach_Azul_Web.jpg","width":1200,"height":681},{"@type":"BreadcrumbList","@id":"https://afundacion.tv/gl/proximos_directos/foro-uie-whos-upside-down-us-or-the-bats-evoking-empathy-through-animal-portraiture-por-tim-flach/#breadcrumb","itemListElement":[{"@type":"ListItem","position":1,"name":"Portada","item":"https://afundacion.tv/"},{"@type":"ListItem","position":2,"name":"Foro UIE: «Who’s Upside Down, Us or the Bats? Evoking Empathy Through Animal Portraiture» por Tim Flach"}]},{"@type":"WebSite","@id":"https://afundacion.tv/#website","url":"https://afundacion.tv/","name":"Afundación TV","description":"","publisher":{"@id":"https://afundacion.tv/#organization"},"potentialAction":[{"@type":"SearchAction","target":{"@type":"EntryPoint","urlTemplate":"https://afundacion.tv/?s={search_term_string}"},"query-input":{"@type":"PropertyValueSpecification","valueRequired":true,"valueName":"search_term_string"}}],"inLanguage":"gl-ES"},{"@type":"Organization","@id":"https://afundacion.tv/#organization","name":"Afundacion TV","url":"https://afundacion.tv/","logo":{"@type":"ImageObject","inLanguage":"gl-ES","@id":"https://afundacion.tv/#/schema/logo/image/","url":"https://afundacion.tv/wp-content/uploads/2021/09/atv-icon-152-01.png","contentUrl":"https://afundacion.tv/wp-content/uploads/2021/09/atv-icon-152-01.png","width":153,"height":153,"caption":"Afundacion TV"},"image":{"@id":"https://afundacion.tv/#/schema/logo/image/"}}]}</script>
<!-- / Yoast SEO plugin. -->

Foro UIE: «Who’s Upside Down, Us or the Bats? Evoking Empathy Through Animal Portraiture» por Tim Flach - Afundación TV

«Quen está do revés, nós ou os morcegos? Apelando á empatía a través do retrato de animais»

Afundación TV
