{"id":5627,"date":"2023-03-23T17:11:24","date_gmt":"2023-03-23T16:11:24","guid":{"rendered":"https:\/\/afundacion.tv\/contenido\/limpeza-de-praias-en-burela-proxecto-de-voluntariado-plancton\/"},"modified":"2025-02-04T12:50:27","modified_gmt":"2025-02-04T11:50:27","slug":"limpeza-de-praias-en-burela-proxecto-de-voluntariado-plancton","status":"publish","type":"contenido","link":"https:\/\/afundacion.tv\/gl\/contenido\/limpeza-de-praias-en-burela-proxecto-de-voluntariado-plancton\/","title":{"rendered":"Limpeza de praias en Burela &#8211; Proxecto de voluntariado PLANCTON"},"content":{"rendered":"\n<p>No marco do seu programa PLANCTON e en colaboraci\u00f3n co Concello de Burela, a Obra Social de ABANCA organizou  unha dobre xornada de limpeza de residuos nas praias de A Marosa e O Perdouro. A actividade contou coa participaci\u00f3n de persoas voluntarias da Fundaci\u00f3n Eu Son, a Asociaci\u00f3n de Sa\u00fade Mental A Mari\u00f1a, e a Confrar\u00eda de Pescadores de Burela, as\u00ed como persoas socias do Espazo +60 Afundaci\u00f3n de Viveiro.<\/p>\n\n\n\n<p>Ao rematar a xornada, e tralos labores de clasificaci\u00f3n e pesaxe coas que adoitan  conclu\u00edr este tipo de actividades, contabiliz\u00e1ronse case 300 quilos de residuos retirados polas voluntarias e voluntarios participantes na actividade, fundamentalmente restos de aparellos e outros obxectos pl\u00e1sticos extraviados durante o exercicio da pesca, como poden ser as boias, as mara\u00f1as de sedelas, e os anacos de redes, cabos, cordas e cabi\u00f1os, pero tam\u00e9n refugallos procedentes do continente, especialmente cabichas,  diferentes tipos de envases met\u00e1licos, de pl\u00e1stico ou de vidro, tapas e tap\u00f3ns de botes e botellas ou obxectos relacionados coa hixiene persoal,  etc.\r\n<\/p>\n","protected":false},"featured_media":5626,"parent":0,"menu_order":0,"template":"","categorias":[249],"etiqueta":[166,168,176],"class_list":["post-5627","contenido","type-contenido","status-publish","has-post-thumbnail","hentry","categorias-voluntariado-gl","etiqueta-actividades-en-familia-gl","etiqueta-actividades-interxeracionais","etiqueta-desenvolvemento-sostible","entry","has-media"],"acf":[],"yoast_head":"<!-- This site is optimized with the Yoast SEO plugin v26.0 - https:\/\/yoast.com\/wordpress\/plugins\/seo\/ -->\n<title>Limpeza de praias en Burela - Proxecto de voluntariado PLANCTON - Afundaci\u00f3n TV<\/title>\n<meta name=\"description\" content=\"Resumo dunha xornada de limpeza de praias en Burela con voluntarios e voluntarias do proxecto PLANCTON de Afundaci\u00f3n, a Obra Social de ABANCA\" \/>\n<meta name=\"robots\" content=\"index, follow, max-snippet:-1, max-image-preview:large, max-video-preview:-1\" \/>\n<link rel=\"canonical\" href=\"https:\/\/afundacion.tv\/gl\/contenido\/limpeza-de-praias-en-burela-proxecto-de-voluntariado-plancton\/\" \/>\n<meta property=\"og:locale\" content=\"gl_ES\" \/>\n<meta property=\"og:type\" content=\"article\" \/>\n<meta property=\"og:title\" content=\"Limpeza de praias en Burela - Proxecto de voluntariado PLANCTON - Afundaci\u00f3n TV\" \/>\n<meta property=\"og:description\" content=\"Resumo dunha xornada de limpeza de praias en Burela con voluntarios e voluntarias do proxecto PLANCTON de Afundaci\u00f3n, a Obra Social de ABANCA\" \/>\n<meta property=\"og:url\" content=\"https:\/\/afundacion.tv\/gl\/contenido\/limpeza-de-praias-en-burela-proxecto-de-voluntariado-plancton\/\" \/>\n<meta property=\"og:site_name\" content=\"Afundaci\u00f3n TV\" \/>\n<meta property=\"article:modified_time\" content=\"2025-02-04T11:50:27+00:00\" \/>\n<meta property=\"og:image\" content=\"https:\/\/afundacion.tv\/wp-content\/uploads\/2023\/03\/Burela-34.jpeg\" \/>\n\t<meta property=\"og:image:width\" content=\"2048\" \/>\n\t<meta property=\"og:image:height\" content=\"1536\" \/>\n\t<meta property=\"og:image:type\" content=\"image\/jpeg\" \/>\n<meta name=\"twitter:card\" content=\"summary_large_image\" \/>\n<meta name=\"twitter:label1\" content=\"Tempo de lectura\" \/>\n\t<meta name=\"twitter:data1\" content=\"1 minuto\" \/>\n<script type=\"application\/ld+json\" class=\"yoast-schema-graph\">{\"@context\":\"https:\/\/schema.org\",\"@graph\":[{\"@type\":\"WebPage\",\"@id\":\"https:\/\/afundacion.tv\/gl\/contenido\/limpeza-de-praias-en-burela-proxecto-de-voluntariado-plancton\/\",\"url\":\"https:\/\/afundacion.tv\/gl\/contenido\/limpeza-de-praias-en-burela-proxecto-de-voluntariado-plancton\/\",\"name\":\"Limpeza de praias en Burela - Proxecto de voluntariado PLANCTON - Afundaci\u00f3n TV\",\"isPartOf\":{\"@id\":\"https:\/\/afundacion.tv\/#website\"},\"primaryImageOfPage\":{\"@id\":\"https:\/\/afundacion.tv\/gl\/contenido\/limpeza-de-praias-en-burela-proxecto-de-voluntariado-plancton\/#primaryimage\"},\"image\":{\"@id\":\"https:\/\/afundacion.tv\/gl\/contenido\/limpeza-de-praias-en-burela-proxecto-de-voluntariado-plancton\/#primaryimage\"},\"thumbnailUrl\":\"https:\/\/afundacion.tv\/wp-content\/uploads\/2023\/03\/Burela-34.jpeg\",\"datePublished\":\"2023-03-23T16:11:24+00:00\",\"dateModified\":\"2025-02-04T11:50:27+00:00\",\"description\":\"Resumo dunha xornada de limpeza de praias en Burela con voluntarios e voluntarias do proxecto PLANCTON de Afundaci\u00f3n, a Obra Social de ABANCA\",\"breadcrumb\":{\"@id\":\"https:\/\/afundacion.tv\/gl\/contenido\/limpeza-de-praias-en-burela-proxecto-de-voluntariado-plancton\/#breadcrumb\"},\"inLanguage\":\"gl-ES\",\"potentialAction\":[{\"@type\":\"ReadAction\",\"target\":[\"https:\/\/afundacion.tv\/gl\/contenido\/limpeza-de-praias-en-burela-proxecto-de-voluntariado-plancton\/\"]}]},{\"@type\":\"ImageObject\",\"inLanguage\":\"gl-ES\",\"@id\":\"https:\/\/afundacion.tv\/gl\/contenido\/limpeza-de-praias-en-burela-proxecto-de-voluntariado-plancton\/#primaryimage\",\"url\":\"https:\/\/afundacion.tv\/wp-content\/uploads\/2023\/03\/Burela-34.jpeg\",\"contentUrl\":\"https:\/\/afundacion.tv\/wp-content\/uploads\/2023\/03\/Burela-34.jpeg\",\"width\":2048,\"height\":1536,\"caption\":\"Limpieza de playa en Burela con el proyecto PLANCTON de Afundaci\u00f3n\"},{\"@type\":\"BreadcrumbList\",\"@id\":\"https:\/\/afundacion.tv\/gl\/contenido\/limpeza-de-praias-en-burela-proxecto-de-voluntariado-plancton\/#breadcrumb\",\"itemListElement\":[{\"@type\":\"ListItem\",\"position\":1,\"name\":\"Portada\",\"item\":\"https:\/\/afundacion.tv\/\"},{\"@type\":\"ListItem\",\"position\":2,\"name\":\"Limpeza de praias en Burela &#8211; Proxecto de voluntariado PLANCTON\"}]},{\"@type\":\"WebSite\",\"@id\":\"https:\/\/afundacion.tv\/#website\",\"url\":\"https:\/\/afundacion.tv\/\",\"name\":\"Afundaci\u00f3n TV\",\"description\":\"\",\"publisher\":{\"@id\":\"https:\/\/afundacion.tv\/#organization\"},\"potentialAction\":[{\"@type\":\"SearchAction\",\"target\":{\"@type\":\"EntryPoint\",\"urlTemplate\":\"https:\/\/afundacion.tv\/?s={search_term_string}\"},\"query-input\":{\"@type\":\"PropertyValueSpecification\",\"valueRequired\":true,\"valueName\":\"search_term_string\"}}],\"inLanguage\":\"gl-ES\"},{\"@type\":\"Organization\",\"@id\":\"https:\/\/afundacion.tv\/#organization\",\"name\":\"Afundacion TV\",\"url\":\"https:\/\/afundacion.tv\/\",\"logo\":{\"@type\":\"ImageObject\",\"inLanguage\":\"gl-ES\",\"@id\":\"https:\/\/afundacion.tv\/#\/schema\/logo\/image\/\",\"url\":\"https:\/\/afundacion.tv\/wp-content\/uploads\/2021\/09\/atv-icon-152-01.png\",\"contentUrl\":\"https:\/\/afundacion.tv\/wp-content\/uploads\/2021\/09\/atv-icon-152-01.png\",\"width\":153,\"height\":153,\"caption\":\"Afundacion TV\"},\"image\":{\"@id\":\"https:\/\/afundacion.tv\/#\/schema\/logo\/image\/\"}}]}<\/script>\n<!-- \/ Yoast SEO plugin. -->","yoast_head_json":{"title":"Limpeza de praias en Burela - Proxecto de voluntariado PLANCTON - Afundaci\u00f3n TV","description":"Resumo dunha xornada de limpeza de praias en Burela con voluntarios e voluntarias do proxecto PLANCTON de Afundaci\u00f3n, a Obra Social de ABANCA","robots":{"index":"index","follow":"follow","max-snippet":"max-snippet:-1","max-image-preview":"max-image-preview:large","max-video-preview":"max-video-preview:-1"},"canonical":"https:\/\/afundacion.tv\/gl\/contenido\/limpeza-de-praias-en-burela-proxecto-de-voluntariado-plancton\/","og_locale":"gl_ES","og_type":"article","og_title":"Limpeza de praias en Burela - Proxecto de voluntariado PLANCTON - Afundaci\u00f3n TV","og_description":"Resumo dunha xornada de limpeza de praias en Burela con voluntarios e voluntarias do proxecto PLANCTON de Afundaci\u00f3n, a Obra Social de ABANCA","og_url":"https:\/\/afundacion.tv\/gl\/contenido\/limpeza-de-praias-en-burela-proxecto-de-voluntariado-plancton\/","og_site_name":"Afundaci\u00f3n TV","article_modified_time":"2025-02-04T11:50:27+00:00","og_image":[{"width":2048,"height":1536,"url":"https:\/\/afundacion.tv\/wp-content\/uploads\/2023\/03\/Burela-34.jpeg","type":"image\/jpeg"}],"twitter_card":"summary_large_image","twitter_misc":{"Tempo de lectura":"1 minuto"},"schema":{"@context":"https:\/\/schema.org","@graph":[{"@type":"WebPage","@id":"https:\/\/afundacion.tv\/gl\/contenido\/limpeza-de-praias-en-burela-proxecto-de-voluntariado-plancton\/","url":"https:\/\/afundacion.tv\/gl\/contenido\/limpeza-de-praias-en-burela-proxecto-de-voluntariado-plancton\/","name":"Limpeza de praias en Burela - Proxecto de voluntariado PLANCTON - Afundaci\u00f3n TV","isPartOf":{"@id":"https:\/\/afundacion.tv\/#website"},"primaryImageOfPage":{"@id":"https:\/\/afundacion.tv\/gl\/contenido\/limpeza-de-praias-en-burela-proxecto-de-voluntariado-plancton\/#primaryimage"},"image":{"@id":"https:\/\/afundacion.tv\/gl\/contenido\/limpeza-de-praias-en-burela-proxecto-de-voluntariado-plancton\/#primaryimage"},"thumbnailUrl":"https:\/\/afundacion.tv\/wp-content\/uploads\/2023\/03\/Burela-34.jpeg","datePublished":"2023-03-23T16:11:24+00:00","dateModified":"2025-02-04T11:50:27+00:00","description":"Resumo dunha xornada de limpeza de praias en Burela con voluntarios e voluntarias do proxecto PLANCTON de Afundaci\u00f3n, a Obra Social de ABANCA","breadcrumb":{"@id":"https:\/\/afundacion.tv\/gl\/contenido\/limpeza-de-praias-en-burela-proxecto-de-voluntariado-plancton\/#breadcrumb"},"inLanguage":"gl-ES","potentialAction":[{"@type":"ReadAction","target":["https:\/\/afundacion.tv\/gl\/contenido\/limpeza-de-praias-en-burela-proxecto-de-voluntariado-plancton\/"]}]},{"@type":"ImageObject","inLanguage":"gl-ES","@id":"https:\/\/afundacion.tv\/gl\/contenido\/limpeza-de-praias-en-burela-proxecto-de-voluntariado-plancton\/#primaryimage","url":"https:\/\/afundacion.tv\/wp-content\/uploads\/2023\/03\/Burela-34.jpeg","contentUrl":"https:\/\/afundacion.tv\/wp-content\/uploads\/2023\/03\/Burela-34.jpeg","width":2048,"height":1536,"caption":"Limpieza de playa en Burela con el proyecto PLANCTON de Afundaci\u00f3n"},{"@type":"BreadcrumbList","@id":"https:\/\/afundacion.tv\/gl\/contenido\/limpeza-de-praias-en-burela-proxecto-de-voluntariado-plancton\/#breadcrumb","itemListElement":[{"@type":"ListItem","position":1,"name":"Portada","item":"https:\/\/afundacion.tv\/"},{"@type":"ListItem","position":2,"name":"Limpeza de praias en Burela &#8211; Proxecto de voluntariado PLANCTON"}]},{"@type":"WebSite","@id":"https:\/\/afundacion.tv\/#website","url":"https:\/\/afundacion.tv\/","name":"Afundaci\u00f3n TV","description":"","publisher":{"@id":"https:\/\/afundacion.tv\/#organization"},"potentialAction":[{"@type":"SearchAction","target":{"@type":"EntryPoint","urlTemplate":"https:\/\/afundacion.tv\/?s={search_term_string}"},"query-input":{"@type":"PropertyValueSpecification","valueRequired":true,"valueName":"search_term_string"}}],"inLanguage":"gl-ES"},{"@type":"Organization","@id":"https:\/\/afundacion.tv\/#organization","name":"Afundacion TV","url":"https:\/\/afundacion.tv\/","logo":{"@type":"ImageObject","inLanguage":"gl-ES","@id":"https:\/\/afundacion.tv\/#\/schema\/logo\/image\/","url":"https:\/\/afundacion.tv\/wp-content\/uploads\/2021\/09\/atv-icon-152-01.png","contentUrl":"https:\/\/afundacion.tv\/wp-content\/uploads\/2021\/09\/atv-icon-152-01.png","width":153,"height":153,"caption":"Afundacion TV"},"image":{"@id":"https:\/\/afundacion.tv\/#\/schema\/logo\/image\/"}}]}},"_links":{"self":[{"href":"https:\/\/afundacion.tv\/gl\/wp-json\/wp\/v2\/contenido\/5627","targetHints":{"allow":["GET"]}}],"collection":[{"href":"https:\/\/afundacion.tv\/gl\/wp-json\/wp\/v2\/contenido"}],"about":[{"href":"https:\/\/afundacion.tv\/gl\/wp-json\/wp\/v2\/types\/contenido"}],"wp:featuredmedia":[{"embeddable":true,"href":"https:\/\/afundacion.tv\/gl\/wp-json\/wp\/v2\/media\/5626"}],"wp:attachment":[{"href":"https:\/\/afundacion.tv\/gl\/wp-json\/wp\/v2\/media?parent=5627"}],"wp:term":[{"taxonomy":"categorias","embeddable":true,"href":"https:\/\/afundacion.tv\/gl\/wp-json\/wp\/v2\/categorias?post=5627"},{"taxonomy":"etiqueta","embeddable":true,"href":"https:\/\/afundacion.tv\/gl\/wp-json\/wp\/v2\/etiqueta?post=5627"}],"curies":[{"name":"wp","href":"https:\/\/api.w.org\/{rel}","templated":true}]}}

<p>No marco do seu programa PLANCTON e en colaboración co Concello de Burela, a Obra Social de ABANCA organizou  unha dobre xornada de limpeza de residuos nas praias de A Marosa e O Perdouro. A actividade contou coa participación de persoas voluntarias da Fundación Eu Son, a Asociación de Saúde Mental A Mariña, e a Confraría de Pescadores de Burela, así como persoas socias do Espazo +60 Afundación de Viveiro.</p>



<p>Ao rematar a xornada, e tralos labores de clasificación e pesaxe coas que adoitan  concluír este tipo de actividades, contabilizáronse case 300 quilos de residuos retirados polas voluntarias e voluntarios participantes na actividade, fundamentalmente restos de aparellos e outros obxectos plásticos extraviados durante o exercicio da pesca, como poden ser as boias, as marañas de sedelas, e os anacos de redes, cabos, cordas e cabiños, pero tamén refugallos procedentes do continente, especialmente cabichas,  diferentes tipos de envases metálicos, de plástico ou de vidro, tapas e tapóns de botes e botellas ou obxectos relacionados coa hixiene persoal,  etc.
</p>

<!-- This site is optimized with the Yoast SEO plugin v26.0 - https://yoast.com/wordpress/plugins/seo/ -->
<title>Limpeza de praias en Burela - Proxecto de voluntariado PLANCTON - Afundación TV</title>
<meta name="description" content="Resumo dunha xornada de limpeza de praias en Burela con voluntarios e voluntarias do proxecto PLANCTON de Afundación, a Obra Social de ABANCA" />
<meta name="robots" content="index, follow, max-snippet:-1, max-image-preview:large, max-video-preview:-1" />
<link rel="canonical" href="https://afundacion.tv/gl/contenido/limpeza-de-praias-en-burela-proxecto-de-voluntariado-plancton/" />
<meta property="og:locale" content="gl_ES" />
<meta property="og:type" content="article" />
<meta property="og:title" content="Limpeza de praias en Burela - Proxecto de voluntariado PLANCTON - Afundación TV" />
<meta property="og:description" content="Resumo dunha xornada de limpeza de praias en Burela con voluntarios e voluntarias do proxecto PLANCTON de Afundación, a Obra Social de ABANCA" />
<meta property="og:url" content="https://afundacion.tv/gl/contenido/limpeza-de-praias-en-burela-proxecto-de-voluntariado-plancton/" />
<meta property="og:site_name" content="Afundación TV" />
<meta property="article:modified_time" content="2025-02-04T11:50:27+00:00" />
<meta property="og:image" content="https://afundacion.tv/wp-content/uploads/2023/03/Burela-34.jpeg" />
	<meta property="og:image:width" content="2048" />
	<meta property="og:image:height" content="1536" />
	<meta property="og:image:type" content="image/jpeg" />
<meta name="twitter:card" content="summary_large_image" />
<meta name="twitter:label1" content="Tempo de lectura" />
	<meta name="twitter:data1" content="1 minuto" />
<script type="application/ld+json" class="yoast-schema-graph">{"@context":"https://schema.org","@graph":[{"@type":"WebPage","@id":"https://afundacion.tv/gl/contenido/limpeza-de-praias-en-burela-proxecto-de-voluntariado-plancton/","url":"https://afundacion.tv/gl/contenido/limpeza-de-praias-en-burela-proxecto-de-voluntariado-plancton/","name":"Limpeza de praias en Burela - Proxecto de voluntariado PLANCTON - Afundación TV","isPartOf":{"@id":"https://afundacion.tv/#website"},"primaryImageOfPage":{"@id":"https://afundacion.tv/gl/contenido/limpeza-de-praias-en-burela-proxecto-de-voluntariado-plancton/#primaryimage"},"image":{"@id":"https://afundacion.tv/gl/contenido/limpeza-de-praias-en-burela-proxecto-de-voluntariado-plancton/#primaryimage"},"thumbnailUrl":"https://afundacion.tv/wp-content/uploads/2023/03/Burela-34.jpeg","datePublished":"2023-03-23T16:11:24+00:00","dateModified":"2025-02-04T11:50:27+00:00","description":"Resumo dunha xornada de limpeza de praias en Burela con voluntarios e voluntarias do proxecto PLANCTON de Afundación, a Obra Social de ABANCA","breadcrumb":{"@id":"https://afundacion.tv/gl/contenido/limpeza-de-praias-en-burela-proxecto-de-voluntariado-plancton/#breadcrumb"},"inLanguage":"gl-ES","potentialAction":[{"@type":"ReadAction","target":["https://afundacion.tv/gl/contenido/limpeza-de-praias-en-burela-proxecto-de-voluntariado-plancton/"]}]},{"@type":"ImageObject","inLanguage":"gl-ES","@id":"https://afundacion.tv/gl/contenido/limpeza-de-praias-en-burela-proxecto-de-voluntariado-plancton/#primaryimage","url":"https://afundacion.tv/wp-content/uploads/2023/03/Burela-34.jpeg","contentUrl":"https://afundacion.tv/wp-content/uploads/2023/03/Burela-34.jpeg","width":2048,"height":1536,"caption":"Limpieza de playa en Burela con el proyecto PLANCTON de Afundación"},{"@type":"BreadcrumbList","@id":"https://afundacion.tv/gl/contenido/limpeza-de-praias-en-burela-proxecto-de-voluntariado-plancton/#breadcrumb","itemListElement":[{"@type":"ListItem","position":1,"name":"Portada","item":"https://afundacion.tv/"},{"@type":"ListItem","position":2,"name":"Limpeza de praias en Burela &#8211; Proxecto de voluntariado PLANCTON"}]},{"@type":"WebSite","@id":"https://afundacion.tv/#website","url":"https://afundacion.tv/","name":"Afundación TV","description":"","publisher":{"@id":"https://afundacion.tv/#organization"},"potentialAction":[{"@type":"SearchAction","target":{"@type":"EntryPoint","urlTemplate":"https://afundacion.tv/?s={search_term_string}"},"query-input":{"@type":"PropertyValueSpecification","valueRequired":true,"valueName":"search_term_string"}}],"inLanguage":"gl-ES"},{"@type":"Organization","@id":"https://afundacion.tv/#organization","name":"Afundacion TV","url":"https://afundacion.tv/","logo":{"@type":"ImageObject","inLanguage":"gl-ES","@id":"https://afundacion.tv/#/schema/logo/image/","url":"https://afundacion.tv/wp-content/uploads/2021/09/atv-icon-152-01.png","contentUrl":"https://afundacion.tv/wp-content/uploads/2021/09/atv-icon-152-01.png","width":153,"height":153,"caption":"Afundacion TV"},"image":{"@id":"https://afundacion.tv/#/schema/logo/image/"}}]}</script>
<!-- / Yoast SEO plugin. -->

Limpeza de praias en Burela - Proxecto de voluntariado PLANCTON - Afundación TV

Resumo dunha xornada de limpeza de praias en Burela con voluntarios e voluntarias do proxecto PLANCTON de Afundación, a Obra Social de ABANCA

Afundación TV

Limpieza de playa en Burela con el proyecto PLANCTON de Afundación
