{"id":5603,"date":"2023-03-16T11:01:17","date_gmt":"2023-03-16T10:01:17","guid":{"rendered":"https:\/\/afundacion.tv\/contenido\/antonio-rial-eramos-poucos-e-chegaron-as-trics-educacion-seculo-xxi\/"},"modified":"2023-03-16T11:44:26","modified_gmt":"2023-03-16T10:44:26","slug":"antonio-rial-eramos-poucos-e-chegaron-as-trics-educacion-seculo-xxi","status":"publish","type":"contenido","link":"https:\/\/afundacion.tv\/gl\/contenido\/antonio-rial-eramos-poucos-e-chegaron-as-trics-educacion-seculo-xxi\/","title":{"rendered":"Antonio Rial \u00abEramos poucos e chegaron as TRICS\u00bb Educaci\u00f3n S\u00e9culo XXI"},"content":{"rendered":"\n<p>O profesor e investigador Antonio Rial po\u00f1er\u00e1 sobre a mesa datos reveladores sobre o uso intensivo e sen supervisi\u00f3n da internet, as redes sociais, os videoxogos ou o xogo en li\u00f1a e, ao mesmo tempo, reflexionar\u00e1 cos asistentes sobre algunhas claves e posibles soluci\u00f3ns para que tanto nais e pais, como educadores e responsables institucionais sexan capaces de afrontar esta nova problem\u00e1tica con ferramentas para o d\u00eda a d\u00eda.<\/p>\n\n\n\n<p>A nosa sociedade foi tentando adaptarse progresivamente ao universo de oportunidades que o desenvolvemento tecnol\u00f3xico ha posto ao seu alcance. Equipar os centros educativos e integrar a tecnolox\u00eda na actividade docente, por exemplo, son desaf\u00edos nos que, en maior ou menor medida, fomos avanzando nos \u00faltimos anos. Pero integrar a tecnolox\u00eda no d\u00eda a d\u00eda da infancia e a adolescencia, dista moito de ser alcanzado. M\u00e1is ben ao contrario, en ocasi\u00f3ns, o uso das rebautizadas TRIC (Tecnolox\u00edas das Relaci\u00f3ns, a Informaci\u00f3n e a Comunicaci\u00f3n), implica unha seria peaxe a nivel emocional, de sa\u00fade e de convivencia.<\/p>\n","protected":false},"featured_media":5602,"parent":0,"menu_order":0,"template":"","categorias":[95],"etiqueta":[318,180,268],"class_list":["post-5603","contenido","type-contenido","status-publish","has-post-thumbnail","hentry","categorias-educacion-gl","etiqueta-educacion-gl","etiqueta-educacion-no-seculo-xxi","etiqueta-educacion-siglo-xxi-gl","entry","has-media"],"acf":[],"yoast_head":"<!-- This site is optimized with the Yoast SEO plugin v26.0 - https:\/\/yoast.com\/wordpress\/plugins\/seo\/ -->\n<title>Antonio Rial \u00abEramos poucos e chegaron as TRICS\u00bb Educaci\u00f3n XXI<\/title>\n<meta name=\"description\" content=\"O profesor e investigador Antonio Rial fala sobre o uso abusivo das TICS e as TRICS e aportar\u00e1 claves e soluci\u00f3ns para afrontalo.\" \/>\n<meta name=\"robots\" content=\"index, follow, max-snippet:-1, max-image-preview:large, max-video-preview:-1\" \/>\n<link rel=\"canonical\" href=\"https:\/\/afundacion.tv\/gl\/contenido\/antonio-rial-eramos-poucos-e-chegaron-as-trics-educacion-seculo-xxi\/\" \/>\n<meta property=\"og:locale\" content=\"gl_ES\" \/>\n<meta property=\"og:type\" content=\"article\" \/>\n<meta property=\"og:title\" content=\"Antonio Rial \u00abEramos poucos e chegaron as TRICS\u00bb Educaci\u00f3n XXI\" \/>\n<meta property=\"og:description\" content=\"O profesor e investigador Antonio Rial fala sobre o uso abusivo das TICS e as TRICS e aportar\u00e1 claves e soluci\u00f3ns para afrontalo.\" \/>\n<meta property=\"og:url\" content=\"https:\/\/afundacion.tv\/gl\/contenido\/antonio-rial-eramos-poucos-e-chegaron-as-trics-educacion-seculo-xxi\/\" \/>\n<meta property=\"og:site_name\" content=\"Afundaci\u00f3n TV\" \/>\n<meta property=\"article:modified_time\" content=\"2023-03-16T10:44:26+00:00\" \/>\n<meta property=\"og:image\" content=\"https:\/\/afundacion.tv\/wp-content\/uploads\/2023\/03\/Captura-de-pantalla-2023-03-16-a-las-10.56.01-1024x634.png\" \/>\n\t<meta property=\"og:image:width\" content=\"1024\" \/>\n\t<meta property=\"og:image:height\" content=\"634\" \/>\n\t<meta property=\"og:image:type\" content=\"image\/png\" \/>\n<meta name=\"twitter:card\" content=\"summary_large_image\" \/>\n<meta name=\"twitter:label1\" content=\"Tempo de lectura\" \/>\n\t<meta name=\"twitter:data1\" content=\"1 minuto\" \/>\n<script type=\"application\/ld+json\" class=\"yoast-schema-graph\">{\"@context\":\"https:\/\/schema.org\",\"@graph\":[{\"@type\":\"WebPage\",\"@id\":\"https:\/\/afundacion.tv\/gl\/contenido\/antonio-rial-eramos-poucos-e-chegaron-as-trics-educacion-seculo-xxi\/\",\"url\":\"https:\/\/afundacion.tv\/gl\/contenido\/antonio-rial-eramos-poucos-e-chegaron-as-trics-educacion-seculo-xxi\/\",\"name\":\"Antonio Rial \u00abEramos poucos e chegaron as TRICS\u00bb Educaci\u00f3n XXI\",\"isPartOf\":{\"@id\":\"https:\/\/afundacion.tv\/#website\"},\"primaryImageOfPage\":{\"@id\":\"https:\/\/afundacion.tv\/gl\/contenido\/antonio-rial-eramos-poucos-e-chegaron-as-trics-educacion-seculo-xxi\/#primaryimage\"},\"image\":{\"@id\":\"https:\/\/afundacion.tv\/gl\/contenido\/antonio-rial-eramos-poucos-e-chegaron-as-trics-educacion-seculo-xxi\/#primaryimage\"},\"thumbnailUrl\":\"https:\/\/afundacion.tv\/wp-content\/uploads\/2023\/03\/Captura-de-pantalla-2023-03-16-a-las-10.56.01.png\",\"datePublished\":\"2023-03-16T10:01:17+00:00\",\"dateModified\":\"2023-03-16T10:44:26+00:00\",\"description\":\"O profesor e investigador Antonio Rial fala sobre o uso abusivo das TICS e as TRICS e aportar\u00e1 claves e soluci\u00f3ns para afrontalo.\",\"breadcrumb\":{\"@id\":\"https:\/\/afundacion.tv\/gl\/contenido\/antonio-rial-eramos-poucos-e-chegaron-as-trics-educacion-seculo-xxi\/#breadcrumb\"},\"inLanguage\":\"gl-ES\",\"potentialAction\":[{\"@type\":\"ReadAction\",\"target\":[\"https:\/\/afundacion.tv\/gl\/contenido\/antonio-rial-eramos-poucos-e-chegaron-as-trics-educacion-seculo-xxi\/\"]}]},{\"@type\":\"ImageObject\",\"inLanguage\":\"gl-ES\",\"@id\":\"https:\/\/afundacion.tv\/gl\/contenido\/antonio-rial-eramos-poucos-e-chegaron-as-trics-educacion-seculo-xxi\/#primaryimage\",\"url\":\"https:\/\/afundacion.tv\/wp-content\/uploads\/2023\/03\/Captura-de-pantalla-2023-03-16-a-las-10.56.01.png\",\"contentUrl\":\"https:\/\/afundacion.tv\/wp-content\/uploads\/2023\/03\/Captura-de-pantalla-2023-03-16-a-las-10.56.01.png\",\"width\":2620,\"height\":1622,\"caption\":\"Antonio Rial habla sobre las TICS y las TRICS\"},{\"@type\":\"BreadcrumbList\",\"@id\":\"https:\/\/afundacion.tv\/gl\/contenido\/antonio-rial-eramos-poucos-e-chegaron-as-trics-educacion-seculo-xxi\/#breadcrumb\",\"itemListElement\":[{\"@type\":\"ListItem\",\"position\":1,\"name\":\"Portada\",\"item\":\"https:\/\/afundacion.tv\/\"},{\"@type\":\"ListItem\",\"position\":2,\"name\":\"Antonio Rial \u00abEramos poucos e chegaron as TRICS\u00bb Educaci\u00f3n S\u00e9culo XXI\"}]},{\"@type\":\"WebSite\",\"@id\":\"https:\/\/afundacion.tv\/#website\",\"url\":\"https:\/\/afundacion.tv\/\",\"name\":\"Afundaci\u00f3n TV\",\"description\":\"\",\"publisher\":{\"@id\":\"https:\/\/afundacion.tv\/#organization\"},\"potentialAction\":[{\"@type\":\"SearchAction\",\"target\":{\"@type\":\"EntryPoint\",\"urlTemplate\":\"https:\/\/afundacion.tv\/?s={search_term_string}\"},\"query-input\":{\"@type\":\"PropertyValueSpecification\",\"valueRequired\":true,\"valueName\":\"search_term_string\"}}],\"inLanguage\":\"gl-ES\"},{\"@type\":\"Organization\",\"@id\":\"https:\/\/afundacion.tv\/#organization\",\"name\":\"Afundacion TV\",\"url\":\"https:\/\/afundacion.tv\/\",\"logo\":{\"@type\":\"ImageObject\",\"inLanguage\":\"gl-ES\",\"@id\":\"https:\/\/afundacion.tv\/#\/schema\/logo\/image\/\",\"url\":\"https:\/\/afundacion.tv\/wp-content\/uploads\/2021\/09\/atv-icon-152-01.png\",\"contentUrl\":\"https:\/\/afundacion.tv\/wp-content\/uploads\/2021\/09\/atv-icon-152-01.png\",\"width\":153,\"height\":153,\"caption\":\"Afundacion TV\"},\"image\":{\"@id\":\"https:\/\/afundacion.tv\/#\/schema\/logo\/image\/\"}}]}<\/script>\n<!-- \/ Yoast SEO plugin. -->","yoast_head_json":{"title":"Antonio Rial \u00abEramos poucos e chegaron as TRICS\u00bb Educaci\u00f3n XXI","description":"O profesor e investigador Antonio Rial fala sobre o uso abusivo das TICS e as TRICS e aportar\u00e1 claves e soluci\u00f3ns para afrontalo.","robots":{"index":"index","follow":"follow","max-snippet":"max-snippet:-1","max-image-preview":"max-image-preview:large","max-video-preview":"max-video-preview:-1"},"canonical":"https:\/\/afundacion.tv\/gl\/contenido\/antonio-rial-eramos-poucos-e-chegaron-as-trics-educacion-seculo-xxi\/","og_locale":"gl_ES","og_type":"article","og_title":"Antonio Rial \u00abEramos poucos e chegaron as TRICS\u00bb Educaci\u00f3n XXI","og_description":"O profesor e investigador Antonio Rial fala sobre o uso abusivo das TICS e as TRICS e aportar\u00e1 claves e soluci\u00f3ns para afrontalo.","og_url":"https:\/\/afundacion.tv\/gl\/contenido\/antonio-rial-eramos-poucos-e-chegaron-as-trics-educacion-seculo-xxi\/","og_site_name":"Afundaci\u00f3n TV","article_modified_time":"2023-03-16T10:44:26+00:00","og_image":[{"width":1024,"height":634,"url":"https:\/\/afundacion.tv\/wp-content\/uploads\/2023\/03\/Captura-de-pantalla-2023-03-16-a-las-10.56.01-1024x634.png","type":"image\/png"}],"twitter_card":"summary_large_image","twitter_misc":{"Tempo de lectura":"1 minuto"},"schema":{"@context":"https:\/\/schema.org","@graph":[{"@type":"WebPage","@id":"https:\/\/afundacion.tv\/gl\/contenido\/antonio-rial-eramos-poucos-e-chegaron-as-trics-educacion-seculo-xxi\/","url":"https:\/\/afundacion.tv\/gl\/contenido\/antonio-rial-eramos-poucos-e-chegaron-as-trics-educacion-seculo-xxi\/","name":"Antonio Rial \u00abEramos poucos e chegaron as TRICS\u00bb Educaci\u00f3n XXI","isPartOf":{"@id":"https:\/\/afundacion.tv\/#website"},"primaryImageOfPage":{"@id":"https:\/\/afundacion.tv\/gl\/contenido\/antonio-rial-eramos-poucos-e-chegaron-as-trics-educacion-seculo-xxi\/#primaryimage"},"image":{"@id":"https:\/\/afundacion.tv\/gl\/contenido\/antonio-rial-eramos-poucos-e-chegaron-as-trics-educacion-seculo-xxi\/#primaryimage"},"thumbnailUrl":"https:\/\/afundacion.tv\/wp-content\/uploads\/2023\/03\/Captura-de-pantalla-2023-03-16-a-las-10.56.01.png","datePublished":"2023-03-16T10:01:17+00:00","dateModified":"2023-03-16T10:44:26+00:00","description":"O profesor e investigador Antonio Rial fala sobre o uso abusivo das TICS e as TRICS e aportar\u00e1 claves e soluci\u00f3ns para afrontalo.","breadcrumb":{"@id":"https:\/\/afundacion.tv\/gl\/contenido\/antonio-rial-eramos-poucos-e-chegaron-as-trics-educacion-seculo-xxi\/#breadcrumb"},"inLanguage":"gl-ES","potentialAction":[{"@type":"ReadAction","target":["https:\/\/afundacion.tv\/gl\/contenido\/antonio-rial-eramos-poucos-e-chegaron-as-trics-educacion-seculo-xxi\/"]}]},{"@type":"ImageObject","inLanguage":"gl-ES","@id":"https:\/\/afundacion.tv\/gl\/contenido\/antonio-rial-eramos-poucos-e-chegaron-as-trics-educacion-seculo-xxi\/#primaryimage","url":"https:\/\/afundacion.tv\/wp-content\/uploads\/2023\/03\/Captura-de-pantalla-2023-03-16-a-las-10.56.01.png","contentUrl":"https:\/\/afundacion.tv\/wp-content\/uploads\/2023\/03\/Captura-de-pantalla-2023-03-16-a-las-10.56.01.png","width":2620,"height":1622,"caption":"Antonio Rial habla sobre las TICS y las TRICS"},{"@type":"BreadcrumbList","@id":"https:\/\/afundacion.tv\/gl\/contenido\/antonio-rial-eramos-poucos-e-chegaron-as-trics-educacion-seculo-xxi\/#breadcrumb","itemListElement":[{"@type":"ListItem","position":1,"name":"Portada","item":"https:\/\/afundacion.tv\/"},{"@type":"ListItem","position":2,"name":"Antonio Rial \u00abEramos poucos e chegaron as TRICS\u00bb Educaci\u00f3n S\u00e9culo XXI"}]},{"@type":"WebSite","@id":"https:\/\/afundacion.tv\/#website","url":"https:\/\/afundacion.tv\/","name":"Afundaci\u00f3n TV","description":"","publisher":{"@id":"https:\/\/afundacion.tv\/#organization"},"potentialAction":[{"@type":"SearchAction","target":{"@type":"EntryPoint","urlTemplate":"https:\/\/afundacion.tv\/?s={search_term_string}"},"query-input":{"@type":"PropertyValueSpecification","valueRequired":true,"valueName":"search_term_string"}}],"inLanguage":"gl-ES"},{"@type":"Organization","@id":"https:\/\/afundacion.tv\/#organization","name":"Afundacion TV","url":"https:\/\/afundacion.tv\/","logo":{"@type":"ImageObject","inLanguage":"gl-ES","@id":"https:\/\/afundacion.tv\/#\/schema\/logo\/image\/","url":"https:\/\/afundacion.tv\/wp-content\/uploads\/2021\/09\/atv-icon-152-01.png","contentUrl":"https:\/\/afundacion.tv\/wp-content\/uploads\/2021\/09\/atv-icon-152-01.png","width":153,"height":153,"caption":"Afundacion TV"},"image":{"@id":"https:\/\/afundacion.tv\/#\/schema\/logo\/image\/"}}]}},"_links":{"self":[{"href":"https:\/\/afundacion.tv\/gl\/wp-json\/wp\/v2\/contenido\/5603","targetHints":{"allow":["GET"]}}],"collection":[{"href":"https:\/\/afundacion.tv\/gl\/wp-json\/wp\/v2\/contenido"}],"about":[{"href":"https:\/\/afundacion.tv\/gl\/wp-json\/wp\/v2\/types\/contenido"}],"wp:featuredmedia":[{"embeddable":true,"href":"https:\/\/afundacion.tv\/gl\/wp-json\/wp\/v2\/media\/5602"}],"wp:attachment":[{"href":"https:\/\/afundacion.tv\/gl\/wp-json\/wp\/v2\/media?parent=5603"}],"wp:term":[{"taxonomy":"categorias","embeddable":true,"href":"https:\/\/afundacion.tv\/gl\/wp-json\/wp\/v2\/categorias?post=5603"},{"taxonomy":"etiqueta","embeddable":true,"href":"https:\/\/afundacion.tv\/gl\/wp-json\/wp\/v2\/etiqueta?post=5603"}],"curies":[{"name":"wp","href":"https:\/\/api.w.org\/{rel}","templated":true}]}}

Antonio Rial «Eramos poucos e chegaron as TRICS» Educación Século XXI

<p>O profesor e investigador Antonio Rial poñerá sobre a mesa datos reveladores sobre o uso intensivo e sen supervisión da internet, as redes sociais, os videoxogos ou o xogo en liña e, ao mesmo tempo, reflexionará cos asistentes sobre algunhas claves e posibles solucións para que tanto nais e pais, como educadores e responsables institucionais sexan capaces de afrontar esta nova problemática con ferramentas para o día a día.</p>



<p>A nosa sociedade foi tentando adaptarse progresivamente ao universo de oportunidades que o desenvolvemento tecnolóxico ha posto ao seu alcance. Equipar os centros educativos e integrar a tecnoloxía na actividade docente, por exemplo, son desafíos nos que, en maior ou menor medida, fomos avanzando nos últimos anos. Pero integrar a tecnoloxía no día a día da infancia e a adolescencia, dista moito de ser alcanzado. Máis ben ao contrario, en ocasións, o uso das rebautizadas TRIC (Tecnoloxías das Relacións, a Información e a Comunicación), implica unha seria peaxe a nivel emocional, de saúde e de convivencia.</p>

<!-- This site is optimized with the Yoast SEO plugin v26.0 - https://yoast.com/wordpress/plugins/seo/ -->
<title>Antonio Rial «Eramos poucos e chegaron as TRICS» Educación XXI</title>
<meta name="description" content="O profesor e investigador Antonio Rial fala sobre o uso abusivo das TICS e as TRICS e aportará claves e solucións para afrontalo." />
<meta name="robots" content="index, follow, max-snippet:-1, max-image-preview:large, max-video-preview:-1" />
<link rel="canonical" href="https://afundacion.tv/gl/contenido/antonio-rial-eramos-poucos-e-chegaron-as-trics-educacion-seculo-xxi/" />
<meta property="og:locale" content="gl_ES" />
<meta property="og:type" content="article" />
<meta property="og:title" content="Antonio Rial «Eramos poucos e chegaron as TRICS» Educación XXI" />
<meta property="og:description" content="O profesor e investigador Antonio Rial fala sobre o uso abusivo das TICS e as TRICS e aportará claves e solucións para afrontalo." />
<meta property="og:url" content="https://afundacion.tv/gl/contenido/antonio-rial-eramos-poucos-e-chegaron-as-trics-educacion-seculo-xxi/" />
<meta property="og:site_name" content="Afundación TV" />
<meta property="article:modified_time" content="2023-03-16T10:44:26+00:00" />
<meta property="og:image" content="https://afundacion.tv/wp-content/uploads/2023/03/Captura-de-pantalla-2023-03-16-a-las-10.56.01-1024x634.png" />
	<meta property="og:image:width" content="1024" />
	<meta property="og:image:height" content="634" />
	<meta property="og:image:type" content="image/png" />
<meta name="twitter:card" content="summary_large_image" />
<meta name="twitter:label1" content="Tempo de lectura" />
	<meta name="twitter:data1" content="1 minuto" />
<script type="application/ld+json" class="yoast-schema-graph">{"@context":"https://schema.org","@graph":[{"@type":"WebPage","@id":"https://afundacion.tv/gl/contenido/antonio-rial-eramos-poucos-e-chegaron-as-trics-educacion-seculo-xxi/","url":"https://afundacion.tv/gl/contenido/antonio-rial-eramos-poucos-e-chegaron-as-trics-educacion-seculo-xxi/","name":"Antonio Rial «Eramos poucos e chegaron as TRICS» Educación XXI","isPartOf":{"@id":"https://afundacion.tv/#website"},"primaryImageOfPage":{"@id":"https://afundacion.tv/gl/contenido/antonio-rial-eramos-poucos-e-chegaron-as-trics-educacion-seculo-xxi/#primaryimage"},"image":{"@id":"https://afundacion.tv/gl/contenido/antonio-rial-eramos-poucos-e-chegaron-as-trics-educacion-seculo-xxi/#primaryimage"},"thumbnailUrl":"https://afundacion.tv/wp-content/uploads/2023/03/Captura-de-pantalla-2023-03-16-a-las-10.56.01.png","datePublished":"2023-03-16T10:01:17+00:00","dateModified":"2023-03-16T10:44:26+00:00","description":"O profesor e investigador Antonio Rial fala sobre o uso abusivo das TICS e as TRICS e aportará claves e solucións para afrontalo.","breadcrumb":{"@id":"https://afundacion.tv/gl/contenido/antonio-rial-eramos-poucos-e-chegaron-as-trics-educacion-seculo-xxi/#breadcrumb"},"inLanguage":"gl-ES","potentialAction":[{"@type":"ReadAction","target":["https://afundacion.tv/gl/contenido/antonio-rial-eramos-poucos-e-chegaron-as-trics-educacion-seculo-xxi/"]}]},{"@type":"ImageObject","inLanguage":"gl-ES","@id":"https://afundacion.tv/gl/contenido/antonio-rial-eramos-poucos-e-chegaron-as-trics-educacion-seculo-xxi/#primaryimage","url":"https://afundacion.tv/wp-content/uploads/2023/03/Captura-de-pantalla-2023-03-16-a-las-10.56.01.png","contentUrl":"https://afundacion.tv/wp-content/uploads/2023/03/Captura-de-pantalla-2023-03-16-a-las-10.56.01.png","width":2620,"height":1622,"caption":"Antonio Rial habla sobre las TICS y las TRICS"},{"@type":"BreadcrumbList","@id":"https://afundacion.tv/gl/contenido/antonio-rial-eramos-poucos-e-chegaron-as-trics-educacion-seculo-xxi/#breadcrumb","itemListElement":[{"@type":"ListItem","position":1,"name":"Portada","item":"https://afundacion.tv/"},{"@type":"ListItem","position":2,"name":"Antonio Rial «Eramos poucos e chegaron as TRICS» Educación Século XXI"}]},{"@type":"WebSite","@id":"https://afundacion.tv/#website","url":"https://afundacion.tv/","name":"Afundación TV","description":"","publisher":{"@id":"https://afundacion.tv/#organization"},"potentialAction":[{"@type":"SearchAction","target":{"@type":"EntryPoint","urlTemplate":"https://afundacion.tv/?s={search_term_string}"},"query-input":{"@type":"PropertyValueSpecification","valueRequired":true,"valueName":"search_term_string"}}],"inLanguage":"gl-ES"},{"@type":"Organization","@id":"https://afundacion.tv/#organization","name":"Afundacion TV","url":"https://afundacion.tv/","logo":{"@type":"ImageObject","inLanguage":"gl-ES","@id":"https://afundacion.tv/#/schema/logo/image/","url":"https://afundacion.tv/wp-content/uploads/2021/09/atv-icon-152-01.png","contentUrl":"https://afundacion.tv/wp-content/uploads/2021/09/atv-icon-152-01.png","width":153,"height":153,"caption":"Afundacion TV"},"image":{"@id":"https://afundacion.tv/#/schema/logo/image/"}}]}</script>
<!-- / Yoast SEO plugin. -->

Antonio Rial «Eramos poucos e chegaron as TRICS» Educación XXI

O profesor e investigador Antonio Rial fala sobre o uso abusivo das TICS e as TRICS e aportará claves e solucións para afrontalo.

Afundación TV
