{"id":4938,"date":"2022-03-23T12:28:21","date_gmt":"2022-03-23T11:28:21","guid":{"rendered":"https:\/\/afundacion.tv\/contenido\/activate-na-casa-con-diego-sanchez-e-fundacion-siel-bleu\/"},"modified":"2022-03-23T12:28:44","modified_gmt":"2022-03-23T11:28:44","slug":"activate-na-casa-con-diego-sanchez-e-fundacion-siel-bleu","status":"publish","type":"contenido","link":"https:\/\/afundacion.tv\/gl\/contenido\/activate-na-casa-con-diego-sanchez-e-fundacion-siel-bleu\/","title":{"rendered":"\u00abAct\u00edvate na casa\u00bb con Diego S\u00e1nchez e Fundaci\u00f3n Siel Bleu"},"content":{"rendered":"","protected":false},"featured_media":4937,"parent":0,"menu_order":0,"template":"","categorias":[106,257],"etiqueta":[184],"class_list":["post-4938","contenido","type-contenido","status-publish","has-post-thumbnail","hentry","categorias-saude-e-benestar","categorias-saude-fisica","etiqueta-habitos-saudables","entry","has-media"],"acf":[],"yoast_head":"<!-- This site is optimized with the Yoast SEO plugin v26.0 - https:\/\/yoast.com\/wordpress\/plugins\/seo\/ -->\n<title>\u00abAct\u00edvate na casa\u00bb con Diego S\u00e1nchez e Fundaci\u00f3n Siel Bleu - Afundaci\u00f3n TV<\/title>\n<meta name=\"robots\" content=\"index, follow, max-snippet:-1, max-image-preview:large, max-video-preview:-1\" \/>\n<link rel=\"canonical\" href=\"https:\/\/afundacion.tv\/gl\/contenido\/activate-na-casa-con-diego-sanchez-e-fundacion-siel-bleu\/\" \/>\n<meta property=\"og:locale\" content=\"gl_ES\" \/>\n<meta property=\"og:type\" content=\"article\" \/>\n<meta property=\"og:title\" content=\"\u00abAct\u00edvate na casa\u00bb con Diego S\u00e1nchez e Fundaci\u00f3n Siel Bleu - Afundaci\u00f3n TV\" \/>\n<meta property=\"og:url\" content=\"https:\/\/afundacion.tv\/gl\/contenido\/activate-na-casa-con-diego-sanchez-e-fundacion-siel-bleu\/\" \/>\n<meta property=\"og:site_name\" content=\"Afundaci\u00f3n TV\" \/>\n<meta property=\"article:modified_time\" content=\"2022-03-23T11:28:44+00:00\" \/>\n<meta property=\"og:image\" content=\"https:\/\/afundacion.tv\/wp-content\/uploads\/2022\/03\/Captura-de-pantalla-2022-03-23-a-las-12.23.27-1024x558.png\" \/>\n\t<meta property=\"og:image:width\" content=\"1024\" \/>\n\t<meta property=\"og:image:height\" content=\"558\" \/>\n\t<meta property=\"og:image:type\" content=\"image\/png\" \/>\n<meta name=\"twitter:card\" content=\"summary_large_image\" \/>\n<script type=\"application\/ld+json\" class=\"yoast-schema-graph\">{\"@context\":\"https:\/\/schema.org\",\"@graph\":[{\"@type\":\"WebPage\",\"@id\":\"https:\/\/afundacion.tv\/gl\/contenido\/activate-na-casa-con-diego-sanchez-e-fundacion-siel-bleu\/\",\"url\":\"https:\/\/afundacion.tv\/gl\/contenido\/activate-na-casa-con-diego-sanchez-e-fundacion-siel-bleu\/\",\"name\":\"\u00abAct\u00edvate na casa\u00bb con Diego S\u00e1nchez e Fundaci\u00f3n Siel Bleu - Afundaci\u00f3n TV\",\"isPartOf\":{\"@id\":\"https:\/\/afundacion.tv\/#website\"},\"primaryImageOfPage\":{\"@id\":\"https:\/\/afundacion.tv\/gl\/contenido\/activate-na-casa-con-diego-sanchez-e-fundacion-siel-bleu\/#primaryimage\"},\"image\":{\"@id\":\"https:\/\/afundacion.tv\/gl\/contenido\/activate-na-casa-con-diego-sanchez-e-fundacion-siel-bleu\/#primaryimage\"},\"thumbnailUrl\":\"https:\/\/afundacion.tv\/wp-content\/uploads\/2022\/03\/Captura-de-pantalla-2022-03-23-a-las-12.23.27.png\",\"datePublished\":\"2022-03-23T11:28:21+00:00\",\"dateModified\":\"2022-03-23T11:28:44+00:00\",\"breadcrumb\":{\"@id\":\"https:\/\/afundacion.tv\/gl\/contenido\/activate-na-casa-con-diego-sanchez-e-fundacion-siel-bleu\/#breadcrumb\"},\"inLanguage\":\"gl-ES\",\"potentialAction\":[{\"@type\":\"ReadAction\",\"target\":[\"https:\/\/afundacion.tv\/gl\/contenido\/activate-na-casa-con-diego-sanchez-e-fundacion-siel-bleu\/\"]}]},{\"@type\":\"ImageObject\",\"inLanguage\":\"gl-ES\",\"@id\":\"https:\/\/afundacion.tv\/gl\/contenido\/activate-na-casa-con-diego-sanchez-e-fundacion-siel-bleu\/#primaryimage\",\"url\":\"https:\/\/afundacion.tv\/wp-content\/uploads\/2022\/03\/Captura-de-pantalla-2022-03-23-a-las-12.23.27.png\",\"contentUrl\":\"https:\/\/afundacion.tv\/wp-content\/uploads\/2022\/03\/Captura-de-pantalla-2022-03-23-a-las-12.23.27.png\",\"width\":3226,\"height\":1758},{\"@type\":\"BreadcrumbList\",\"@id\":\"https:\/\/afundacion.tv\/gl\/contenido\/activate-na-casa-con-diego-sanchez-e-fundacion-siel-bleu\/#breadcrumb\",\"itemListElement\":[{\"@type\":\"ListItem\",\"position\":1,\"name\":\"Portada\",\"item\":\"https:\/\/afundacion.tv\/\"},{\"@type\":\"ListItem\",\"position\":2,\"name\":\"\u00abAct\u00edvate na casa\u00bb con Diego S\u00e1nchez e Fundaci\u00f3n Siel Bleu\"}]},{\"@type\":\"WebSite\",\"@id\":\"https:\/\/afundacion.tv\/#website\",\"url\":\"https:\/\/afundacion.tv\/\",\"name\":\"Afundaci\u00f3n TV\",\"description\":\"\",\"publisher\":{\"@id\":\"https:\/\/afundacion.tv\/#organization\"},\"potentialAction\":[{\"@type\":\"SearchAction\",\"target\":{\"@type\":\"EntryPoint\",\"urlTemplate\":\"https:\/\/afundacion.tv\/?s={search_term_string}\"},\"query-input\":{\"@type\":\"PropertyValueSpecification\",\"valueRequired\":true,\"valueName\":\"search_term_string\"}}],\"inLanguage\":\"gl-ES\"},{\"@type\":\"Organization\",\"@id\":\"https:\/\/afundacion.tv\/#organization\",\"name\":\"Afundacion TV\",\"url\":\"https:\/\/afundacion.tv\/\",\"logo\":{\"@type\":\"ImageObject\",\"inLanguage\":\"gl-ES\",\"@id\":\"https:\/\/afundacion.tv\/#\/schema\/logo\/image\/\",\"url\":\"https:\/\/afundacion.tv\/wp-content\/uploads\/2021\/09\/atv-icon-152-01.png\",\"contentUrl\":\"https:\/\/afundacion.tv\/wp-content\/uploads\/2021\/09\/atv-icon-152-01.png\",\"width\":153,\"height\":153,\"caption\":\"Afundacion TV\"},\"image\":{\"@id\":\"https:\/\/afundacion.tv\/#\/schema\/logo\/image\/\"}}]}<\/script>\n<!-- \/ Yoast SEO plugin. -->","yoast_head_json":{"title":"\u00abAct\u00edvate na casa\u00bb con Diego S\u00e1nchez e Fundaci\u00f3n Siel Bleu - Afundaci\u00f3n TV","robots":{"index":"index","follow":"follow","max-snippet":"max-snippet:-1","max-image-preview":"max-image-preview:large","max-video-preview":"max-video-preview:-1"},"canonical":"https:\/\/afundacion.tv\/gl\/contenido\/activate-na-casa-con-diego-sanchez-e-fundacion-siel-bleu\/","og_locale":"gl_ES","og_type":"article","og_title":"\u00abAct\u00edvate na casa\u00bb con Diego S\u00e1nchez e Fundaci\u00f3n Siel Bleu - Afundaci\u00f3n TV","og_url":"https:\/\/afundacion.tv\/gl\/contenido\/activate-na-casa-con-diego-sanchez-e-fundacion-siel-bleu\/","og_site_name":"Afundaci\u00f3n TV","article_modified_time":"2022-03-23T11:28:44+00:00","og_image":[{"width":1024,"height":558,"url":"https:\/\/afundacion.tv\/wp-content\/uploads\/2022\/03\/Captura-de-pantalla-2022-03-23-a-las-12.23.27-1024x558.png","type":"image\/png"}],"twitter_card":"summary_large_image","schema":{"@context":"https:\/\/schema.org","@graph":[{"@type":"WebPage","@id":"https:\/\/afundacion.tv\/gl\/contenido\/activate-na-casa-con-diego-sanchez-e-fundacion-siel-bleu\/","url":"https:\/\/afundacion.tv\/gl\/contenido\/activate-na-casa-con-diego-sanchez-e-fundacion-siel-bleu\/","name":"\u00abAct\u00edvate na casa\u00bb con Diego S\u00e1nchez e Fundaci\u00f3n Siel Bleu - Afundaci\u00f3n TV","isPartOf":{"@id":"https:\/\/afundacion.tv\/#website"},"primaryImageOfPage":{"@id":"https:\/\/afundacion.tv\/gl\/contenido\/activate-na-casa-con-diego-sanchez-e-fundacion-siel-bleu\/#primaryimage"},"image":{"@id":"https:\/\/afundacion.tv\/gl\/contenido\/activate-na-casa-con-diego-sanchez-e-fundacion-siel-bleu\/#primaryimage"},"thumbnailUrl":"https:\/\/afundacion.tv\/wp-content\/uploads\/2022\/03\/Captura-de-pantalla-2022-03-23-a-las-12.23.27.png","datePublished":"2022-03-23T11:28:21+00:00","dateModified":"2022-03-23T11:28:44+00:00","breadcrumb":{"@id":"https:\/\/afundacion.tv\/gl\/contenido\/activate-na-casa-con-diego-sanchez-e-fundacion-siel-bleu\/#breadcrumb"},"inLanguage":"gl-ES","potentialAction":[{"@type":"ReadAction","target":["https:\/\/afundacion.tv\/gl\/contenido\/activate-na-casa-con-diego-sanchez-e-fundacion-siel-bleu\/"]}]},{"@type":"ImageObject","inLanguage":"gl-ES","@id":"https:\/\/afundacion.tv\/gl\/contenido\/activate-na-casa-con-diego-sanchez-e-fundacion-siel-bleu\/#primaryimage","url":"https:\/\/afundacion.tv\/wp-content\/uploads\/2022\/03\/Captura-de-pantalla-2022-03-23-a-las-12.23.27.png","contentUrl":"https:\/\/afundacion.tv\/wp-content\/uploads\/2022\/03\/Captura-de-pantalla-2022-03-23-a-las-12.23.27.png","width":3226,"height":1758},{"@type":"BreadcrumbList","@id":"https:\/\/afundacion.tv\/gl\/contenido\/activate-na-casa-con-diego-sanchez-e-fundacion-siel-bleu\/#breadcrumb","itemListElement":[{"@type":"ListItem","position":1,"name":"Portada","item":"https:\/\/afundacion.tv\/"},{"@type":"ListItem","position":2,"name":"\u00abAct\u00edvate na casa\u00bb con Diego S\u00e1nchez e Fundaci\u00f3n Siel Bleu"}]},{"@type":"WebSite","@id":"https:\/\/afundacion.tv\/#website","url":"https:\/\/afundacion.tv\/","name":"Afundaci\u00f3n TV","description":"","publisher":{"@id":"https:\/\/afundacion.tv\/#organization"},"potentialAction":[{"@type":"SearchAction","target":{"@type":"EntryPoint","urlTemplate":"https:\/\/afundacion.tv\/?s={search_term_string}"},"query-input":{"@type":"PropertyValueSpecification","valueRequired":true,"valueName":"search_term_string"}}],"inLanguage":"gl-ES"},{"@type":"Organization","@id":"https:\/\/afundacion.tv\/#organization","name":"Afundacion TV","url":"https:\/\/afundacion.tv\/","logo":{"@type":"ImageObject","inLanguage":"gl-ES","@id":"https:\/\/afundacion.tv\/#\/schema\/logo\/image\/","url":"https:\/\/afundacion.tv\/wp-content\/uploads\/2021\/09\/atv-icon-152-01.png","contentUrl":"https:\/\/afundacion.tv\/wp-content\/uploads\/2021\/09\/atv-icon-152-01.png","width":153,"height":153,"caption":"Afundacion TV"},"image":{"@id":"https:\/\/afundacion.tv\/#\/schema\/logo\/image\/"}}]}},"_links":{"self":[{"href":"https:\/\/afundacion.tv\/gl\/wp-json\/wp\/v2\/contenido\/4938","targetHints":{"allow":["GET"]}}],"collection":[{"href":"https:\/\/afundacion.tv\/gl\/wp-json\/wp\/v2\/contenido"}],"about":[{"href":"https:\/\/afundacion.tv\/gl\/wp-json\/wp\/v2\/types\/contenido"}],"wp:featuredmedia":[{"embeddable":true,"href":"https:\/\/afundacion.tv\/gl\/wp-json\/wp\/v2\/media\/4937"}],"wp:attachment":[{"href":"https:\/\/afundacion.tv\/gl\/wp-json\/wp\/v2\/media?parent=4938"}],"wp:term":[{"taxonomy":"categorias","embeddable":true,"href":"https:\/\/afundacion.tv\/gl\/wp-json\/wp\/v2\/categorias?post=4938"},{"taxonomy":"etiqueta","embeddable":true,"href":"https:\/\/afundacion.tv\/gl\/wp-json\/wp\/v2\/etiqueta?post=4938"}],"curies":[{"name":"wp","href":"https:\/\/api.w.org\/{rel}","templated":true}]}}

«Actívate na casa» con Diego Sánchez e Fundación Siel Bleu

<!-- This site is optimized with the Yoast SEO plugin v26.0 - https://yoast.com/wordpress/plugins/seo/ -->
<title>«Actívate na casa» con Diego Sánchez e Fundación Siel Bleu - Afundación TV</title>
<meta name="robots" content="index, follow, max-snippet:-1, max-image-preview:large, max-video-preview:-1" />
<link rel="canonical" href="https://afundacion.tv/gl/contenido/activate-na-casa-con-diego-sanchez-e-fundacion-siel-bleu/" />
<meta property="og:locale" content="gl_ES" />
<meta property="og:type" content="article" />
<meta property="og:title" content="«Actívate na casa» con Diego Sánchez e Fundación Siel Bleu - Afundación TV" />
<meta property="og:url" content="https://afundacion.tv/gl/contenido/activate-na-casa-con-diego-sanchez-e-fundacion-siel-bleu/" />
<meta property="og:site_name" content="Afundación TV" />
<meta property="article:modified_time" content="2022-03-23T11:28:44+00:00" />
<meta property="og:image" content="https://afundacion.tv/wp-content/uploads/2022/03/Captura-de-pantalla-2022-03-23-a-las-12.23.27-1024x558.png" />
	<meta property="og:image:width" content="1024" />
	<meta property="og:image:height" content="558" />
	<meta property="og:image:type" content="image/png" />
<meta name="twitter:card" content="summary_large_image" />
<script type="application/ld+json" class="yoast-schema-graph">{"@context":"https://schema.org","@graph":[{"@type":"WebPage","@id":"https://afundacion.tv/gl/contenido/activate-na-casa-con-diego-sanchez-e-fundacion-siel-bleu/","url":"https://afundacion.tv/gl/contenido/activate-na-casa-con-diego-sanchez-e-fundacion-siel-bleu/","name":"«Actívate na casa» con Diego Sánchez e Fundación Siel Bleu - Afundación TV","isPartOf":{"@id":"https://afundacion.tv/#website"},"primaryImageOfPage":{"@id":"https://afundacion.tv/gl/contenido/activate-na-casa-con-diego-sanchez-e-fundacion-siel-bleu/#primaryimage"},"image":{"@id":"https://afundacion.tv/gl/contenido/activate-na-casa-con-diego-sanchez-e-fundacion-siel-bleu/#primaryimage"},"thumbnailUrl":"https://afundacion.tv/wp-content/uploads/2022/03/Captura-de-pantalla-2022-03-23-a-las-12.23.27.png","datePublished":"2022-03-23T11:28:21+00:00","dateModified":"2022-03-23T11:28:44+00:00","breadcrumb":{"@id":"https://afundacion.tv/gl/contenido/activate-na-casa-con-diego-sanchez-e-fundacion-siel-bleu/#breadcrumb"},"inLanguage":"gl-ES","potentialAction":[{"@type":"ReadAction","target":["https://afundacion.tv/gl/contenido/activate-na-casa-con-diego-sanchez-e-fundacion-siel-bleu/"]}]},{"@type":"ImageObject","inLanguage":"gl-ES","@id":"https://afundacion.tv/gl/contenido/activate-na-casa-con-diego-sanchez-e-fundacion-siel-bleu/#primaryimage","url":"https://afundacion.tv/wp-content/uploads/2022/03/Captura-de-pantalla-2022-03-23-a-las-12.23.27.png","contentUrl":"https://afundacion.tv/wp-content/uploads/2022/03/Captura-de-pantalla-2022-03-23-a-las-12.23.27.png","width":3226,"height":1758},{"@type":"BreadcrumbList","@id":"https://afundacion.tv/gl/contenido/activate-na-casa-con-diego-sanchez-e-fundacion-siel-bleu/#breadcrumb","itemListElement":[{"@type":"ListItem","position":1,"name":"Portada","item":"https://afundacion.tv/"},{"@type":"ListItem","position":2,"name":"«Actívate na casa» con Diego Sánchez e Fundación Siel Bleu"}]},{"@type":"WebSite","@id":"https://afundacion.tv/#website","url":"https://afundacion.tv/","name":"Afundación TV","description":"","publisher":{"@id":"https://afundacion.tv/#organization"},"potentialAction":[{"@type":"SearchAction","target":{"@type":"EntryPoint","urlTemplate":"https://afundacion.tv/?s={search_term_string}"},"query-input":{"@type":"PropertyValueSpecification","valueRequired":true,"valueName":"search_term_string"}}],"inLanguage":"gl-ES"},{"@type":"Organization","@id":"https://afundacion.tv/#organization","name":"Afundacion TV","url":"https://afundacion.tv/","logo":{"@type":"ImageObject","inLanguage":"gl-ES","@id":"https://afundacion.tv/#/schema/logo/image/","url":"https://afundacion.tv/wp-content/uploads/2021/09/atv-icon-152-01.png","contentUrl":"https://afundacion.tv/wp-content/uploads/2021/09/atv-icon-152-01.png","width":153,"height":153,"caption":"Afundacion TV"},"image":{"@id":"https://afundacion.tv/#/schema/logo/image/"}}]}</script>
<!-- / Yoast SEO plugin. -->

«Actívate na casa» con Diego Sánchez e Fundación Siel Bleu - Afundación TV

Afundación TV
