{"id":4330,"date":"2021-11-26T13:24:12","date_gmt":"2021-11-26T12:24:12","guid":{"rendered":"https:\/\/afundacion.tv\/contenido\/arrieiros-somos\/arrieiros-somos-capitulo-6-rosa-de-panton\/"},"modified":"2021-11-27T11:45:12","modified_gmt":"2021-11-27T10:45:12","slug":"arrieiros-somos-capitulo-6-rosa-de-panton","status":"publish","type":"contenido","link":"https:\/\/afundacion.tv\/gl\/contenido\/arrieiros-somos\/arrieiros-somos-capitulo-6-rosa-de-panton\/","title":{"rendered":"Arrieiros somos&#8230; &#8211; Cap\u00edtulo 6: Rosa de Pant\u00f3n"},"content":{"rendered":"","protected":false},"featured_media":4280,"parent":4090,"menu_order":0,"template":"","categorias":[82,244],"etiqueta":[],"class_list":["post-4330","contenido","type-contenido","status-publish","has-post-thumbnail","hentry","categorias-artes-escenicas-e-musicais","categorias-cine-gl","entry","has-media"],"acf":[],"yoast_head":"<!-- This site is optimized with the Yoast SEO plugin v26.0 - https:\/\/yoast.com\/wordpress\/plugins\/seo\/ -->\n<title>Arrieiros somos... - Cap\u00edtulo 6: Rosa de Pant\u00f3n - Afundaci\u00f3n TV<\/title>\n<meta name=\"robots\" content=\"index, follow, max-snippet:-1, max-image-preview:large, max-video-preview:-1\" \/>\n<link rel=\"canonical\" href=\"https:\/\/afundacion.tv\/gl\/contenido\/arrieiros-somos\/arrieiros-somos-capitulo-6-rosa-de-panton\/\" \/>\n<meta property=\"og:locale\" content=\"gl_ES\" \/>\n<meta property=\"og:type\" content=\"article\" \/>\n<meta property=\"og:title\" content=\"Arrieiros somos... - Cap\u00edtulo 6: Rosa de Pant\u00f3n - Afundaci\u00f3n TV\" \/>\n<meta property=\"og:url\" content=\"https:\/\/afundacion.tv\/gl\/contenido\/arrieiros-somos\/arrieiros-somos-capitulo-6-rosa-de-panton\/\" \/>\n<meta property=\"og:site_name\" content=\"Afundaci\u00f3n TV\" \/>\n<meta property=\"article:modified_time\" content=\"2021-11-27T10:45:12+00:00\" \/>\n<meta property=\"og:image\" content=\"https:\/\/afundacion.tv\/wp-content\/uploads\/2021\/11\/Captura-de-pantalla-2021-11-22-a-las-8.55.06-1024x664.png\" \/>\n\t<meta property=\"og:image:width\" content=\"1024\" \/>\n\t<meta property=\"og:image:height\" content=\"664\" \/>\n\t<meta property=\"og:image:type\" content=\"image\/png\" \/>\n<meta name=\"twitter:card\" content=\"summary_large_image\" \/>\n<script type=\"application\/ld+json\" class=\"yoast-schema-graph\">{\"@context\":\"https:\/\/schema.org\",\"@graph\":[{\"@type\":\"WebPage\",\"@id\":\"https:\/\/afundacion.tv\/gl\/contenido\/arrieiros-somos\/arrieiros-somos-capitulo-6-rosa-de-panton\/\",\"url\":\"https:\/\/afundacion.tv\/gl\/contenido\/arrieiros-somos\/arrieiros-somos-capitulo-6-rosa-de-panton\/\",\"name\":\"Arrieiros somos... - Cap\u00edtulo 6: Rosa de Pant\u00f3n - Afundaci\u00f3n TV\",\"isPartOf\":{\"@id\":\"https:\/\/afundacion.tv\/#website\"},\"primaryImageOfPage\":{\"@id\":\"https:\/\/afundacion.tv\/gl\/contenido\/arrieiros-somos\/arrieiros-somos-capitulo-6-rosa-de-panton\/#primaryimage\"},\"image\":{\"@id\":\"https:\/\/afundacion.tv\/gl\/contenido\/arrieiros-somos\/arrieiros-somos-capitulo-6-rosa-de-panton\/#primaryimage\"},\"thumbnailUrl\":\"https:\/\/afundacion.tv\/wp-content\/uploads\/2021\/11\/Captura-de-pantalla-2021-11-22-a-las-8.55.06.png\",\"datePublished\":\"2021-11-26T12:24:12+00:00\",\"dateModified\":\"2021-11-27T10:45:12+00:00\",\"breadcrumb\":{\"@id\":\"https:\/\/afundacion.tv\/gl\/contenido\/arrieiros-somos\/arrieiros-somos-capitulo-6-rosa-de-panton\/#breadcrumb\"},\"inLanguage\":\"gl-ES\",\"potentialAction\":[{\"@type\":\"ReadAction\",\"target\":[\"https:\/\/afundacion.tv\/gl\/contenido\/arrieiros-somos\/arrieiros-somos-capitulo-6-rosa-de-panton\/\"]}]},{\"@type\":\"ImageObject\",\"inLanguage\":\"gl-ES\",\"@id\":\"https:\/\/afundacion.tv\/gl\/contenido\/arrieiros-somos\/arrieiros-somos-capitulo-6-rosa-de-panton\/#primaryimage\",\"url\":\"https:\/\/afundacion.tv\/wp-content\/uploads\/2021\/11\/Captura-de-pantalla-2021-11-22-a-las-8.55.06.png\",\"contentUrl\":\"https:\/\/afundacion.tv\/wp-content\/uploads\/2021\/11\/Captura-de-pantalla-2021-11-22-a-las-8.55.06.png\",\"width\":3352,\"height\":2174},{\"@type\":\"BreadcrumbList\",\"@id\":\"https:\/\/afundacion.tv\/gl\/contenido\/arrieiros-somos\/arrieiros-somos-capitulo-6-rosa-de-panton\/#breadcrumb\",\"itemListElement\":[{\"@type\":\"ListItem\",\"position\":1,\"name\":\"Portada\",\"item\":\"https:\/\/afundacion.tv\/\"},{\"@type\":\"ListItem\",\"position\":2,\"name\":\"Arrieiros somos&#8230;\",\"item\":\"https:\/\/afundacion.tv\/gl\/contenido\/arrieiros-somos\/\"},{\"@type\":\"ListItem\",\"position\":3,\"name\":\"Arrieiros somos&#8230; &#8211; Cap\u00edtulo 6: Rosa de Pant\u00f3n\"}]},{\"@type\":\"WebSite\",\"@id\":\"https:\/\/afundacion.tv\/#website\",\"url\":\"https:\/\/afundacion.tv\/\",\"name\":\"Afundaci\u00f3n TV\",\"description\":\"\",\"publisher\":{\"@id\":\"https:\/\/afundacion.tv\/#organization\"},\"potentialAction\":[{\"@type\":\"SearchAction\",\"target\":{\"@type\":\"EntryPoint\",\"urlTemplate\":\"https:\/\/afundacion.tv\/?s={search_term_string}\"},\"query-input\":{\"@type\":\"PropertyValueSpecification\",\"valueRequired\":true,\"valueName\":\"search_term_string\"}}],\"inLanguage\":\"gl-ES\"},{\"@type\":\"Organization\",\"@id\":\"https:\/\/afundacion.tv\/#organization\",\"name\":\"Afundacion TV\",\"url\":\"https:\/\/afundacion.tv\/\",\"logo\":{\"@type\":\"ImageObject\",\"inLanguage\":\"gl-ES\",\"@id\":\"https:\/\/afundacion.tv\/#\/schema\/logo\/image\/\",\"url\":\"https:\/\/afundacion.tv\/wp-content\/uploads\/2021\/09\/atv-icon-152-01.png\",\"contentUrl\":\"https:\/\/afundacion.tv\/wp-content\/uploads\/2021\/09\/atv-icon-152-01.png\",\"width\":153,\"height\":153,\"caption\":\"Afundacion TV\"},\"image\":{\"@id\":\"https:\/\/afundacion.tv\/#\/schema\/logo\/image\/\"}}]}<\/script>\n<!-- \/ Yoast SEO plugin. -->","yoast_head_json":{"title":"Arrieiros somos... - Cap\u00edtulo 6: Rosa de Pant\u00f3n - Afundaci\u00f3n TV","robots":{"index":"index","follow":"follow","max-snippet":"max-snippet:-1","max-image-preview":"max-image-preview:large","max-video-preview":"max-video-preview:-1"},"canonical":"https:\/\/afundacion.tv\/gl\/contenido\/arrieiros-somos\/arrieiros-somos-capitulo-6-rosa-de-panton\/","og_locale":"gl_ES","og_type":"article","og_title":"Arrieiros somos... - Cap\u00edtulo 6: Rosa de Pant\u00f3n - Afundaci\u00f3n TV","og_url":"https:\/\/afundacion.tv\/gl\/contenido\/arrieiros-somos\/arrieiros-somos-capitulo-6-rosa-de-panton\/","og_site_name":"Afundaci\u00f3n TV","article_modified_time":"2021-11-27T10:45:12+00:00","og_image":[{"width":1024,"height":664,"url":"https:\/\/afundacion.tv\/wp-content\/uploads\/2021\/11\/Captura-de-pantalla-2021-11-22-a-las-8.55.06-1024x664.png","type":"image\/png"}],"twitter_card":"summary_large_image","schema":{"@context":"https:\/\/schema.org","@graph":[{"@type":"WebPage","@id":"https:\/\/afundacion.tv\/gl\/contenido\/arrieiros-somos\/arrieiros-somos-capitulo-6-rosa-de-panton\/","url":"https:\/\/afundacion.tv\/gl\/contenido\/arrieiros-somos\/arrieiros-somos-capitulo-6-rosa-de-panton\/","name":"Arrieiros somos... - Cap\u00edtulo 6: Rosa de Pant\u00f3n - Afundaci\u00f3n TV","isPartOf":{"@id":"https:\/\/afundacion.tv\/#website"},"primaryImageOfPage":{"@id":"https:\/\/afundacion.tv\/gl\/contenido\/arrieiros-somos\/arrieiros-somos-capitulo-6-rosa-de-panton\/#primaryimage"},"image":{"@id":"https:\/\/afundacion.tv\/gl\/contenido\/arrieiros-somos\/arrieiros-somos-capitulo-6-rosa-de-panton\/#primaryimage"},"thumbnailUrl":"https:\/\/afundacion.tv\/wp-content\/uploads\/2021\/11\/Captura-de-pantalla-2021-11-22-a-las-8.55.06.png","datePublished":"2021-11-26T12:24:12+00:00","dateModified":"2021-11-27T10:45:12+00:00","breadcrumb":{"@id":"https:\/\/afundacion.tv\/gl\/contenido\/arrieiros-somos\/arrieiros-somos-capitulo-6-rosa-de-panton\/#breadcrumb"},"inLanguage":"gl-ES","potentialAction":[{"@type":"ReadAction","target":["https:\/\/afundacion.tv\/gl\/contenido\/arrieiros-somos\/arrieiros-somos-capitulo-6-rosa-de-panton\/"]}]},{"@type":"ImageObject","inLanguage":"gl-ES","@id":"https:\/\/afundacion.tv\/gl\/contenido\/arrieiros-somos\/arrieiros-somos-capitulo-6-rosa-de-panton\/#primaryimage","url":"https:\/\/afundacion.tv\/wp-content\/uploads\/2021\/11\/Captura-de-pantalla-2021-11-22-a-las-8.55.06.png","contentUrl":"https:\/\/afundacion.tv\/wp-content\/uploads\/2021\/11\/Captura-de-pantalla-2021-11-22-a-las-8.55.06.png","width":3352,"height":2174},{"@type":"BreadcrumbList","@id":"https:\/\/afundacion.tv\/gl\/contenido\/arrieiros-somos\/arrieiros-somos-capitulo-6-rosa-de-panton\/#breadcrumb","itemListElement":[{"@type":"ListItem","position":1,"name":"Portada","item":"https:\/\/afundacion.tv\/"},{"@type":"ListItem","position":2,"name":"Arrieiros somos&#8230;","item":"https:\/\/afundacion.tv\/gl\/contenido\/arrieiros-somos\/"},{"@type":"ListItem","position":3,"name":"Arrieiros somos&#8230; &#8211; Cap\u00edtulo 6: Rosa de Pant\u00f3n"}]},{"@type":"WebSite","@id":"https:\/\/afundacion.tv\/#website","url":"https:\/\/afundacion.tv\/","name":"Afundaci\u00f3n TV","description":"","publisher":{"@id":"https:\/\/afundacion.tv\/#organization"},"potentialAction":[{"@type":"SearchAction","target":{"@type":"EntryPoint","urlTemplate":"https:\/\/afundacion.tv\/?s={search_term_string}"},"query-input":{"@type":"PropertyValueSpecification","valueRequired":true,"valueName":"search_term_string"}}],"inLanguage":"gl-ES"},{"@type":"Organization","@id":"https:\/\/afundacion.tv\/#organization","name":"Afundacion TV","url":"https:\/\/afundacion.tv\/","logo":{"@type":"ImageObject","inLanguage":"gl-ES","@id":"https:\/\/afundacion.tv\/#\/schema\/logo\/image\/","url":"https:\/\/afundacion.tv\/wp-content\/uploads\/2021\/09\/atv-icon-152-01.png","contentUrl":"https:\/\/afundacion.tv\/wp-content\/uploads\/2021\/09\/atv-icon-152-01.png","width":153,"height":153,"caption":"Afundacion TV"},"image":{"@id":"https:\/\/afundacion.tv\/#\/schema\/logo\/image\/"}}]}},"_links":{"self":[{"href":"https:\/\/afundacion.tv\/gl\/wp-json\/wp\/v2\/contenido\/4330","targetHints":{"allow":["GET"]}}],"collection":[{"href":"https:\/\/afundacion.tv\/gl\/wp-json\/wp\/v2\/contenido"}],"about":[{"href":"https:\/\/afundacion.tv\/gl\/wp-json\/wp\/v2\/types\/contenido"}],"up":[{"embeddable":true,"href":"https:\/\/afundacion.tv\/gl\/wp-json\/wp\/v2\/contenido\/4090"}],"wp:featuredmedia":[{"embeddable":true,"href":"https:\/\/afundacion.tv\/gl\/wp-json\/wp\/v2\/media\/4280"}],"wp:attachment":[{"href":"https:\/\/afundacion.tv\/gl\/wp-json\/wp\/v2\/media?parent=4330"}],"wp:term":[{"taxonomy":"categorias","embeddable":true,"href":"https:\/\/afundacion.tv\/gl\/wp-json\/wp\/v2\/categorias?post=4330"},{"taxonomy":"etiqueta","embeddable":true,"href":"https:\/\/afundacion.tv\/gl\/wp-json\/wp\/v2\/etiqueta?post=4330"}],"curies":[{"name":"wp","href":"https:\/\/api.w.org\/{rel}","templated":true}]}}

Arrieiros somos&#8230; &#8211; Capítulo 6: Rosa de Pantón

<!-- This site is optimized with the Yoast SEO plugin v26.0 - https://yoast.com/wordpress/plugins/seo/ -->
<title>Arrieiros somos... - Capítulo 6: Rosa de Pantón - Afundación TV</title>
<meta name="robots" content="index, follow, max-snippet:-1, max-image-preview:large, max-video-preview:-1" />
<link rel="canonical" href="https://afundacion.tv/gl/contenido/arrieiros-somos/arrieiros-somos-capitulo-6-rosa-de-panton/" />
<meta property="og:locale" content="gl_ES" />
<meta property="og:type" content="article" />
<meta property="og:title" content="Arrieiros somos... - Capítulo 6: Rosa de Pantón - Afundación TV" />
<meta property="og:url" content="https://afundacion.tv/gl/contenido/arrieiros-somos/arrieiros-somos-capitulo-6-rosa-de-panton/" />
<meta property="og:site_name" content="Afundación TV" />
<meta property="article:modified_time" content="2021-11-27T10:45:12+00:00" />
<meta property="og:image" content="https://afundacion.tv/wp-content/uploads/2021/11/Captura-de-pantalla-2021-11-22-a-las-8.55.06-1024x664.png" />
	<meta property="og:image:width" content="1024" />
	<meta property="og:image:height" content="664" />
	<meta property="og:image:type" content="image/png" />
<meta name="twitter:card" content="summary_large_image" />
<script type="application/ld+json" class="yoast-schema-graph">{"@context":"https://schema.org","@graph":[{"@type":"WebPage","@id":"https://afundacion.tv/gl/contenido/arrieiros-somos/arrieiros-somos-capitulo-6-rosa-de-panton/","url":"https://afundacion.tv/gl/contenido/arrieiros-somos/arrieiros-somos-capitulo-6-rosa-de-panton/","name":"Arrieiros somos... - Capítulo 6: Rosa de Pantón - Afundación TV","isPartOf":{"@id":"https://afundacion.tv/#website"},"primaryImageOfPage":{"@id":"https://afundacion.tv/gl/contenido/arrieiros-somos/arrieiros-somos-capitulo-6-rosa-de-panton/#primaryimage"},"image":{"@id":"https://afundacion.tv/gl/contenido/arrieiros-somos/arrieiros-somos-capitulo-6-rosa-de-panton/#primaryimage"},"thumbnailUrl":"https://afundacion.tv/wp-content/uploads/2021/11/Captura-de-pantalla-2021-11-22-a-las-8.55.06.png","datePublished":"2021-11-26T12:24:12+00:00","dateModified":"2021-11-27T10:45:12+00:00","breadcrumb":{"@id":"https://afundacion.tv/gl/contenido/arrieiros-somos/arrieiros-somos-capitulo-6-rosa-de-panton/#breadcrumb"},"inLanguage":"gl-ES","potentialAction":[{"@type":"ReadAction","target":["https://afundacion.tv/gl/contenido/arrieiros-somos/arrieiros-somos-capitulo-6-rosa-de-panton/"]}]},{"@type":"ImageObject","inLanguage":"gl-ES","@id":"https://afundacion.tv/gl/contenido/arrieiros-somos/arrieiros-somos-capitulo-6-rosa-de-panton/#primaryimage","url":"https://afundacion.tv/wp-content/uploads/2021/11/Captura-de-pantalla-2021-11-22-a-las-8.55.06.png","contentUrl":"https://afundacion.tv/wp-content/uploads/2021/11/Captura-de-pantalla-2021-11-22-a-las-8.55.06.png","width":3352,"height":2174},{"@type":"BreadcrumbList","@id":"https://afundacion.tv/gl/contenido/arrieiros-somos/arrieiros-somos-capitulo-6-rosa-de-panton/#breadcrumb","itemListElement":[{"@type":"ListItem","position":1,"name":"Portada","item":"https://afundacion.tv/"},{"@type":"ListItem","position":2,"name":"Arrieiros somos&#8230;","item":"https://afundacion.tv/gl/contenido/arrieiros-somos/"},{"@type":"ListItem","position":3,"name":"Arrieiros somos&#8230; &#8211; Capítulo 6: Rosa de Pantón"}]},{"@type":"WebSite","@id":"https://afundacion.tv/#website","url":"https://afundacion.tv/","name":"Afundación TV","description":"","publisher":{"@id":"https://afundacion.tv/#organization"},"potentialAction":[{"@type":"SearchAction","target":{"@type":"EntryPoint","urlTemplate":"https://afundacion.tv/?s={search_term_string}"},"query-input":{"@type":"PropertyValueSpecification","valueRequired":true,"valueName":"search_term_string"}}],"inLanguage":"gl-ES"},{"@type":"Organization","@id":"https://afundacion.tv/#organization","name":"Afundacion TV","url":"https://afundacion.tv/","logo":{"@type":"ImageObject","inLanguage":"gl-ES","@id":"https://afundacion.tv/#/schema/logo/image/","url":"https://afundacion.tv/wp-content/uploads/2021/09/atv-icon-152-01.png","contentUrl":"https://afundacion.tv/wp-content/uploads/2021/09/atv-icon-152-01.png","width":153,"height":153,"caption":"Afundacion TV"},"image":{"@id":"https://afundacion.tv/#/schema/logo/image/"}}]}</script>
<!-- / Yoast SEO plugin. -->

Arrieiros somos... - Capítulo 6: Rosa de Pantón - Afundación TV

Afundación TV
