{"id":3958,"date":"2021-10-11T16:51:10","date_gmt":"2021-10-11T14:51:10","guid":{"rendered":"https:\/\/afundacion.tv\/contenido\/open-miic-2021-hablamos-con-artistas-de-la-exposicion-cromatica-miic3-en-afundacion\/"},"modified":"2021-10-11T16:51:10","modified_gmt":"2021-10-11T14:51:10","slug":"open-miic-2021-hablamos-con-artistas-de-la-exposicion-cromatica-miic3-en-afundacion","status":"publish","type":"contenido","link":"https:\/\/afundacion.tv\/gl\/contenido\/open-miic-2021-hablamos-con-artistas-de-la-exposicion-cromatica-miic3-en-afundacion\/","title":{"rendered":"Open MiiC 2021 &#8211; Hablamos con artistas de la exposici\u00f3n &#8220;Crom\u00e1tica&#8221; MiiC3 en Afundaci\u00f3n"},"content":{"rendered":"<p>Ocho de las creadoras y creadores que forman parte del proyecto \u00abCrom\u00e1tica. III Mostra de Ilustraci\u00f3n contempor\u00e1nea\u00bb presentan esta serie de piezas audiovisuales para conmemorar el D\u00eda de la Ilustraci\u00f3n, que se celebra cada 30 de enero coincidiendo con el aniversario del nacimiento de Castelao con el objetivo de poner en valor el papel de los profesionales de la ilustraci\u00f3n en la industria cultural.<\/p>\n","protected":false},"featured_media":0,"parent":0,"menu_order":0,"template":"","categorias":[87,89],"etiqueta":[],"class_list":["post-3958","contenido","type-contenido","status-publish","hentry","categorias-arte-e-exposicions","categorias-entrevistas-gl","entry","no-media"],"acf":[],"yoast_head":"<!-- This site is optimized with the Yoast SEO plugin v26.0 - https:\/\/yoast.com\/wordpress\/plugins\/seo\/ -->\n<title>Open MiiC 2021 - Hablamos con artistas de la exposici\u00f3n &quot;Crom\u00e1tica&quot; MiiC3 en Afundaci\u00f3n - Afundaci\u00f3n TV<\/title>\n<meta name=\"robots\" content=\"index, follow, max-snippet:-1, max-image-preview:large, max-video-preview:-1\" \/>\n<link rel=\"canonical\" href=\"https:\/\/afundacion.tv\/gl\/contenido\/open-miic-2021-hablamos-con-artistas-de-la-exposicion-cromatica-miic3-en-afundacion\/\" \/>\n<meta property=\"og:locale\" content=\"gl_ES\" \/>\n<meta property=\"og:type\" content=\"article\" \/>\n<meta property=\"og:title\" content=\"Open MiiC 2021 - Hablamos con artistas de la exposici\u00f3n &quot;Crom\u00e1tica&quot; MiiC3 en Afundaci\u00f3n - Afundaci\u00f3n TV\" \/>\n<meta property=\"og:description\" content=\"Ocho de las creadoras y creadores que forman parte del proyecto \u00abCrom\u00e1tica. III Mostra de Ilustraci\u00f3n contempor\u00e1nea\u00bb presentan esta serie de piezas audiovisuales para conmemorar el D\u00eda de la Ilustraci\u00f3n, que se celebra cada 30 de enero coincidiendo con el aniversario del nacimiento de Castelao con el objetivo de poner en valor el papel de&hellip;\" \/>\n<meta property=\"og:url\" content=\"https:\/\/afundacion.tv\/gl\/contenido\/open-miic-2021-hablamos-con-artistas-de-la-exposicion-cromatica-miic3-en-afundacion\/\" \/>\n<meta property=\"og:site_name\" content=\"Afundaci\u00f3n TV\" \/>\n<meta name=\"twitter:card\" content=\"summary_large_image\" \/>\n<script type=\"application\/ld+json\" class=\"yoast-schema-graph\">{\"@context\":\"https:\/\/schema.org\",\"@graph\":[{\"@type\":\"WebPage\",\"@id\":\"https:\/\/afundacion.tv\/gl\/contenido\/open-miic-2021-hablamos-con-artistas-de-la-exposicion-cromatica-miic3-en-afundacion\/\",\"url\":\"https:\/\/afundacion.tv\/gl\/contenido\/open-miic-2021-hablamos-con-artistas-de-la-exposicion-cromatica-miic3-en-afundacion\/\",\"name\":\"Open MiiC 2021 - Hablamos con artistas de la exposici\u00f3n \\\"Crom\u00e1tica\\\" MiiC3 en Afundaci\u00f3n - Afundaci\u00f3n TV\",\"isPartOf\":{\"@id\":\"https:\/\/afundacion.tv\/#website\"},\"datePublished\":\"2021-10-11T14:51:10+00:00\",\"breadcrumb\":{\"@id\":\"https:\/\/afundacion.tv\/gl\/contenido\/open-miic-2021-hablamos-con-artistas-de-la-exposicion-cromatica-miic3-en-afundacion\/#breadcrumb\"},\"inLanguage\":\"gl-ES\",\"potentialAction\":[{\"@type\":\"ReadAction\",\"target\":[\"https:\/\/afundacion.tv\/gl\/contenido\/open-miic-2021-hablamos-con-artistas-de-la-exposicion-cromatica-miic3-en-afundacion\/\"]}]},{\"@type\":\"BreadcrumbList\",\"@id\":\"https:\/\/afundacion.tv\/gl\/contenido\/open-miic-2021-hablamos-con-artistas-de-la-exposicion-cromatica-miic3-en-afundacion\/#breadcrumb\",\"itemListElement\":[{\"@type\":\"ListItem\",\"position\":1,\"name\":\"Portada\",\"item\":\"https:\/\/afundacion.tv\/\"},{\"@type\":\"ListItem\",\"position\":2,\"name\":\"Open MiiC 2021 &#8211; Hablamos con artistas de la exposici\u00f3n &#8220;Crom\u00e1tica&#8221; MiiC3 en Afundaci\u00f3n\"}]},{\"@type\":\"WebSite\",\"@id\":\"https:\/\/afundacion.tv\/#website\",\"url\":\"https:\/\/afundacion.tv\/\",\"name\":\"Afundaci\u00f3n TV\",\"description\":\"\",\"publisher\":{\"@id\":\"https:\/\/afundacion.tv\/#organization\"},\"potentialAction\":[{\"@type\":\"SearchAction\",\"target\":{\"@type\":\"EntryPoint\",\"urlTemplate\":\"https:\/\/afundacion.tv\/?s={search_term_string}\"},\"query-input\":{\"@type\":\"PropertyValueSpecification\",\"valueRequired\":true,\"valueName\":\"search_term_string\"}}],\"inLanguage\":\"gl-ES\"},{\"@type\":\"Organization\",\"@id\":\"https:\/\/afundacion.tv\/#organization\",\"name\":\"Afundacion TV\",\"url\":\"https:\/\/afundacion.tv\/\",\"logo\":{\"@type\":\"ImageObject\",\"inLanguage\":\"gl-ES\",\"@id\":\"https:\/\/afundacion.tv\/#\/schema\/logo\/image\/\",\"url\":\"https:\/\/afundacion.tv\/wp-content\/uploads\/2021\/09\/atv-icon-152-01.png\",\"contentUrl\":\"https:\/\/afundacion.tv\/wp-content\/uploads\/2021\/09\/atv-icon-152-01.png\",\"width\":153,\"height\":153,\"caption\":\"Afundacion TV\"},\"image\":{\"@id\":\"https:\/\/afundacion.tv\/#\/schema\/logo\/image\/\"}}]}<\/script>\n<!-- \/ Yoast SEO plugin. -->","yoast_head_json":{"title":"Open MiiC 2021 - Hablamos con artistas de la exposici\u00f3n \"Crom\u00e1tica\" MiiC3 en Afundaci\u00f3n - Afundaci\u00f3n TV","robots":{"index":"index","follow":"follow","max-snippet":"max-snippet:-1","max-image-preview":"max-image-preview:large","max-video-preview":"max-video-preview:-1"},"canonical":"https:\/\/afundacion.tv\/gl\/contenido\/open-miic-2021-hablamos-con-artistas-de-la-exposicion-cromatica-miic3-en-afundacion\/","og_locale":"gl_ES","og_type":"article","og_title":"Open MiiC 2021 - Hablamos con artistas de la exposici\u00f3n \"Crom\u00e1tica\" MiiC3 en Afundaci\u00f3n - Afundaci\u00f3n TV","og_description":"Ocho de las creadoras y creadores que forman parte del proyecto \u00abCrom\u00e1tica. III Mostra de Ilustraci\u00f3n contempor\u00e1nea\u00bb presentan esta serie de piezas audiovisuales para conmemorar el D\u00eda de la Ilustraci\u00f3n, que se celebra cada 30 de enero coincidiendo con el aniversario del nacimiento de Castelao con el objetivo de poner en valor el papel de&hellip;","og_url":"https:\/\/afundacion.tv\/gl\/contenido\/open-miic-2021-hablamos-con-artistas-de-la-exposicion-cromatica-miic3-en-afundacion\/","og_site_name":"Afundaci\u00f3n TV","twitter_card":"summary_large_image","schema":{"@context":"https:\/\/schema.org","@graph":[{"@type":"WebPage","@id":"https:\/\/afundacion.tv\/gl\/contenido\/open-miic-2021-hablamos-con-artistas-de-la-exposicion-cromatica-miic3-en-afundacion\/","url":"https:\/\/afundacion.tv\/gl\/contenido\/open-miic-2021-hablamos-con-artistas-de-la-exposicion-cromatica-miic3-en-afundacion\/","name":"Open MiiC 2021 - Hablamos con artistas de la exposici\u00f3n \"Crom\u00e1tica\" MiiC3 en Afundaci\u00f3n - Afundaci\u00f3n TV","isPartOf":{"@id":"https:\/\/afundacion.tv\/#website"},"datePublished":"2021-10-11T14:51:10+00:00","breadcrumb":{"@id":"https:\/\/afundacion.tv\/gl\/contenido\/open-miic-2021-hablamos-con-artistas-de-la-exposicion-cromatica-miic3-en-afundacion\/#breadcrumb"},"inLanguage":"gl-ES","potentialAction":[{"@type":"ReadAction","target":["https:\/\/afundacion.tv\/gl\/contenido\/open-miic-2021-hablamos-con-artistas-de-la-exposicion-cromatica-miic3-en-afundacion\/"]}]},{"@type":"BreadcrumbList","@id":"https:\/\/afundacion.tv\/gl\/contenido\/open-miic-2021-hablamos-con-artistas-de-la-exposicion-cromatica-miic3-en-afundacion\/#breadcrumb","itemListElement":[{"@type":"ListItem","position":1,"name":"Portada","item":"https:\/\/afundacion.tv\/"},{"@type":"ListItem","position":2,"name":"Open MiiC 2021 &#8211; Hablamos con artistas de la exposici\u00f3n &#8220;Crom\u00e1tica&#8221; MiiC3 en Afundaci\u00f3n"}]},{"@type":"WebSite","@id":"https:\/\/afundacion.tv\/#website","url":"https:\/\/afundacion.tv\/","name":"Afundaci\u00f3n TV","description":"","publisher":{"@id":"https:\/\/afundacion.tv\/#organization"},"potentialAction":[{"@type":"SearchAction","target":{"@type":"EntryPoint","urlTemplate":"https:\/\/afundacion.tv\/?s={search_term_string}"},"query-input":{"@type":"PropertyValueSpecification","valueRequired":true,"valueName":"search_term_string"}}],"inLanguage":"gl-ES"},{"@type":"Organization","@id":"https:\/\/afundacion.tv\/#organization","name":"Afundacion TV","url":"https:\/\/afundacion.tv\/","logo":{"@type":"ImageObject","inLanguage":"gl-ES","@id":"https:\/\/afundacion.tv\/#\/schema\/logo\/image\/","url":"https:\/\/afundacion.tv\/wp-content\/uploads\/2021\/09\/atv-icon-152-01.png","contentUrl":"https:\/\/afundacion.tv\/wp-content\/uploads\/2021\/09\/atv-icon-152-01.png","width":153,"height":153,"caption":"Afundacion TV"},"image":{"@id":"https:\/\/afundacion.tv\/#\/schema\/logo\/image\/"}}]}},"_links":{"self":[{"href":"https:\/\/afundacion.tv\/gl\/wp-json\/wp\/v2\/contenido\/3958","targetHints":{"allow":["GET"]}}],"collection":[{"href":"https:\/\/afundacion.tv\/gl\/wp-json\/wp\/v2\/contenido"}],"about":[{"href":"https:\/\/afundacion.tv\/gl\/wp-json\/wp\/v2\/types\/contenido"}],"wp:attachment":[{"href":"https:\/\/afundacion.tv\/gl\/wp-json\/wp\/v2\/media?parent=3958"}],"wp:term":[{"taxonomy":"categorias","embeddable":true,"href":"https:\/\/afundacion.tv\/gl\/wp-json\/wp\/v2\/categorias?post=3958"},{"taxonomy":"etiqueta","embeddable":true,"href":"https:\/\/afundacion.tv\/gl\/wp-json\/wp\/v2\/etiqueta?post=3958"}],"curies":[{"name":"wp","href":"https:\/\/api.w.org\/{rel}","templated":true}]}}

Open MiiC 2021 &#8211; Hablamos con artistas de la exposición &#8220;Cromática&#8221; MiiC3 en Afundación

<p>Ocho de las creadoras y creadores que forman parte del proyecto «Cromática. III Mostra de Ilustración contemporánea» presentan esta serie de piezas audiovisuales para conmemorar el Día de la Ilustración, que se celebra cada 30 de enero coincidiendo con el aniversario del nacimiento de Castelao con el objetivo de poner en valor el papel de los profesionales de la ilustración en la industria cultural.</p>

<!-- This site is optimized with the Yoast SEO plugin v26.0 - https://yoast.com/wordpress/plugins/seo/ -->
<title>Open MiiC 2021 - Hablamos con artistas de la exposición &quot;Cromática&quot; MiiC3 en Afundación - Afundación TV</title>
<meta name="robots" content="index, follow, max-snippet:-1, max-image-preview:large, max-video-preview:-1" />
<link rel="canonical" href="https://afundacion.tv/gl/contenido/open-miic-2021-hablamos-con-artistas-de-la-exposicion-cromatica-miic3-en-afundacion/" />
<meta property="og:locale" content="gl_ES" />
<meta property="og:type" content="article" />
<meta property="og:title" content="Open MiiC 2021 - Hablamos con artistas de la exposición &quot;Cromática&quot; MiiC3 en Afundación - Afundación TV" />
<meta property="og:description" content="Ocho de las creadoras y creadores que forman parte del proyecto «Cromática. III Mostra de Ilustración contemporánea» presentan esta serie de piezas audiovisuales para conmemorar el Día de la Ilustración, que se celebra cada 30 de enero coincidiendo con el aniversario del nacimiento de Castelao con el objetivo de poner en valor el papel de&hellip;" />
<meta property="og:url" content="https://afundacion.tv/gl/contenido/open-miic-2021-hablamos-con-artistas-de-la-exposicion-cromatica-miic3-en-afundacion/" />
<meta property="og:site_name" content="Afundación TV" />
<meta name="twitter:card" content="summary_large_image" />
<script type="application/ld+json" class="yoast-schema-graph">{"@context":"https://schema.org","@graph":[{"@type":"WebPage","@id":"https://afundacion.tv/gl/contenido/open-miic-2021-hablamos-con-artistas-de-la-exposicion-cromatica-miic3-en-afundacion/","url":"https://afundacion.tv/gl/contenido/open-miic-2021-hablamos-con-artistas-de-la-exposicion-cromatica-miic3-en-afundacion/","name":"Open MiiC 2021 - Hablamos con artistas de la exposición \"Cromática\" MiiC3 en Afundación - Afundación TV","isPartOf":{"@id":"https://afundacion.tv/#website"},"datePublished":"2021-10-11T14:51:10+00:00","breadcrumb":{"@id":"https://afundacion.tv/gl/contenido/open-miic-2021-hablamos-con-artistas-de-la-exposicion-cromatica-miic3-en-afundacion/#breadcrumb"},"inLanguage":"gl-ES","potentialAction":[{"@type":"ReadAction","target":["https://afundacion.tv/gl/contenido/open-miic-2021-hablamos-con-artistas-de-la-exposicion-cromatica-miic3-en-afundacion/"]}]},{"@type":"BreadcrumbList","@id":"https://afundacion.tv/gl/contenido/open-miic-2021-hablamos-con-artistas-de-la-exposicion-cromatica-miic3-en-afundacion/#breadcrumb","itemListElement":[{"@type":"ListItem","position":1,"name":"Portada","item":"https://afundacion.tv/"},{"@type":"ListItem","position":2,"name":"Open MiiC 2021 &#8211; Hablamos con artistas de la exposición &#8220;Cromática&#8221; MiiC3 en Afundación"}]},{"@type":"WebSite","@id":"https://afundacion.tv/#website","url":"https://afundacion.tv/","name":"Afundación TV","description":"","publisher":{"@id":"https://afundacion.tv/#organization"},"potentialAction":[{"@type":"SearchAction","target":{"@type":"EntryPoint","urlTemplate":"https://afundacion.tv/?s={search_term_string}"},"query-input":{"@type":"PropertyValueSpecification","valueRequired":true,"valueName":"search_term_string"}}],"inLanguage":"gl-ES"},{"@type":"Organization","@id":"https://afundacion.tv/#organization","name":"Afundacion TV","url":"https://afundacion.tv/","logo":{"@type":"ImageObject","inLanguage":"gl-ES","@id":"https://afundacion.tv/#/schema/logo/image/","url":"https://afundacion.tv/wp-content/uploads/2021/09/atv-icon-152-01.png","contentUrl":"https://afundacion.tv/wp-content/uploads/2021/09/atv-icon-152-01.png","width":153,"height":153,"caption":"Afundacion TV"},"image":{"@id":"https://afundacion.tv/#/schema/logo/image/"}}]}</script>
<!-- / Yoast SEO plugin. -->

Open MiiC 2021 - Hablamos con artistas de la exposición "Cromática" MiiC3 en Afundación - Afundación TV

Ocho de las creadoras y creadores que forman parte del proyecto «Cromática. III Mostra de Ilustración contemporánea» presentan esta serie de piezas audiovisuales para conmemorar el Día de la Ilustración, que se celebra cada 30 de enero coincidiendo con el aniversario del nacimiento de Castelao con el objetivo de poner en valor el papel de&hellip;

Afundación TV
