{"id":3316,"date":"2021-09-07T12:24:23","date_gmt":"2021-09-07T10:24:23","guid":{"rendered":"https:\/\/site.iconmarketing.es\/afundacion\/contenido\/el-papel-del-fitoplancton-en-el-cambio-climtico-por-luis-paulo-alcaraz-investigador-predoctoral-del-centro-de-investigacin-maria-uvigo\/"},"modified":"2022-03-25T12:58:40","modified_gmt":"2022-03-25T11:58:40","slug":"el-papel-del-fitoplancton-en-el-cambio-climtico-por-luis-paulo-alcaraz-investigador-predoctoral-del-centro-de-investigacin-maria-uvigo","status":"publish","type":"contenido","link":"https:\/\/afundacion.tv\/gl\/contenido\/mes-do-medio-ambiente-2020-2\/el-papel-del-fitoplancton-en-el-cambio-climtico-por-luis-paulo-alcaraz-investigador-predoctoral-del-centro-de-investigacin-maria-uvigo\/","title":{"rendered":"\u00abO papel do fitoplancton no cambio clim\u00e1tico\u00bb por Luis Paulo Alcaraz, investigador predoutoral do Centro de Investigaci\u00f3n Mari\u00f1a UVigo"},"content":{"rendered":"","protected":false},"featured_media":0,"parent":4946,"menu_order":528,"template":"","categorias":[91,92],"etiqueta":[175,176,186,187,190],"class_list":["post-3316","contenido","type-contenido","status-publish","hentry","categorias-ciencia-e-medio-ambiente","categorias-conferencias-gl","etiqueta-cultura-cientifica-gl","etiqueta-desenvolvemento-sostible","etiqueta-natureza","etiqueta-proteccion-do-medio-ambiente","etiqueta-sustentabilidade","entry","no-media"],"acf":[],"yoast_head":"<!-- This site is optimized with the Yoast SEO plugin v26.0 - https:\/\/yoast.com\/wordpress\/plugins\/seo\/ -->\n<title>\u00abO papel do fitoplancton no cambio clim\u00e1tico\u00bb por Luis Paulo Alcaraz, investigador predoutoral do Centro de Investigaci\u00f3n Mari\u00f1a UVigo - Afundaci\u00f3n TV<\/title>\n<meta name=\"robots\" content=\"index, follow, max-snippet:-1, max-image-preview:large, max-video-preview:-1\" \/>\n<link rel=\"canonical\" href=\"https:\/\/afundacion.tv\/gl\/contenido\/mes-do-medio-ambiente-2020-2\/el-papel-del-fitoplancton-en-el-cambio-climtico-por-luis-paulo-alcaraz-investigador-predoctoral-del-centro-de-investigacin-maria-uvigo\/\" \/>\n<meta property=\"og:locale\" content=\"gl_ES\" \/>\n<meta property=\"og:type\" content=\"article\" \/>\n<meta property=\"og:title\" content=\"\u00abO papel do fitoplancton no cambio clim\u00e1tico\u00bb por Luis Paulo Alcaraz, investigador predoutoral do Centro de Investigaci\u00f3n Mari\u00f1a UVigo - Afundaci\u00f3n TV\" \/>\n<meta property=\"og:url\" content=\"https:\/\/afundacion.tv\/gl\/contenido\/mes-do-medio-ambiente-2020-2\/el-papel-del-fitoplancton-en-el-cambio-climtico-por-luis-paulo-alcaraz-investigador-predoctoral-del-centro-de-investigacin-maria-uvigo\/\" \/>\n<meta property=\"og:site_name\" content=\"Afundaci\u00f3n TV\" \/>\n<meta property=\"article:modified_time\" content=\"2022-03-25T11:58:40+00:00\" \/>\n<meta name=\"twitter:card\" content=\"summary_large_image\" \/>\n<script type=\"application\/ld+json\" class=\"yoast-schema-graph\">{\"@context\":\"https:\/\/schema.org\",\"@graph\":[{\"@type\":\"WebPage\",\"@id\":\"https:\/\/afundacion.tv\/gl\/contenido\/mes-do-medio-ambiente-2020-2\/el-papel-del-fitoplancton-en-el-cambio-climtico-por-luis-paulo-alcaraz-investigador-predoctoral-del-centro-de-investigacin-maria-uvigo\/\",\"url\":\"https:\/\/afundacion.tv\/gl\/contenido\/mes-do-medio-ambiente-2020-2\/el-papel-del-fitoplancton-en-el-cambio-climtico-por-luis-paulo-alcaraz-investigador-predoctoral-del-centro-de-investigacin-maria-uvigo\/\",\"name\":\"\u00abO papel do fitoplancton no cambio clim\u00e1tico\u00bb por Luis Paulo Alcaraz, investigador predoutoral do Centro de Investigaci\u00f3n Mari\u00f1a UVigo - Afundaci\u00f3n TV\",\"isPartOf\":{\"@id\":\"https:\/\/afundacion.tv\/#website\"},\"datePublished\":\"2021-09-07T10:24:23+00:00\",\"dateModified\":\"2022-03-25T11:58:40+00:00\",\"breadcrumb\":{\"@id\":\"https:\/\/afundacion.tv\/gl\/contenido\/mes-do-medio-ambiente-2020-2\/el-papel-del-fitoplancton-en-el-cambio-climtico-por-luis-paulo-alcaraz-investigador-predoctoral-del-centro-de-investigacin-maria-uvigo\/#breadcrumb\"},\"inLanguage\":\"gl-ES\",\"potentialAction\":[{\"@type\":\"ReadAction\",\"target\":[\"https:\/\/afundacion.tv\/gl\/contenido\/mes-do-medio-ambiente-2020-2\/el-papel-del-fitoplancton-en-el-cambio-climtico-por-luis-paulo-alcaraz-investigador-predoctoral-del-centro-de-investigacin-maria-uvigo\/\"]}]},{\"@type\":\"BreadcrumbList\",\"@id\":\"https:\/\/afundacion.tv\/gl\/contenido\/mes-do-medio-ambiente-2020-2\/el-papel-del-fitoplancton-en-el-cambio-climtico-por-luis-paulo-alcaraz-investigador-predoctoral-del-centro-de-investigacin-maria-uvigo\/#breadcrumb\",\"itemListElement\":[{\"@type\":\"ListItem\",\"position\":1,\"name\":\"Portada\",\"item\":\"https:\/\/afundacion.tv\/\"},{\"@type\":\"ListItem\",\"position\":2,\"name\":\"Mes do medio ambiente 2020\",\"item\":\"https:\/\/afundacion.tv\/gl\/contenido\/mes-do-medio-ambiente-2020-2\/\"},{\"@type\":\"ListItem\",\"position\":3,\"name\":\"\u00abO papel do fitoplancton no cambio clim\u00e1tico\u00bb por Luis Paulo Alcaraz, investigador predoutoral do Centro de Investigaci\u00f3n Mari\u00f1a UVigo\"}]},{\"@type\":\"WebSite\",\"@id\":\"https:\/\/afundacion.tv\/#website\",\"url\":\"https:\/\/afundacion.tv\/\",\"name\":\"Afundaci\u00f3n TV\",\"description\":\"\",\"publisher\":{\"@id\":\"https:\/\/afundacion.tv\/#organization\"},\"potentialAction\":[{\"@type\":\"SearchAction\",\"target\":{\"@type\":\"EntryPoint\",\"urlTemplate\":\"https:\/\/afundacion.tv\/?s={search_term_string}\"},\"query-input\":{\"@type\":\"PropertyValueSpecification\",\"valueRequired\":true,\"valueName\":\"search_term_string\"}}],\"inLanguage\":\"gl-ES\"},{\"@type\":\"Organization\",\"@id\":\"https:\/\/afundacion.tv\/#organization\",\"name\":\"Afundacion TV\",\"url\":\"https:\/\/afundacion.tv\/\",\"logo\":{\"@type\":\"ImageObject\",\"inLanguage\":\"gl-ES\",\"@id\":\"https:\/\/afundacion.tv\/#\/schema\/logo\/image\/\",\"url\":\"https:\/\/afundacion.tv\/wp-content\/uploads\/2021\/09\/atv-icon-152-01.png\",\"contentUrl\":\"https:\/\/afundacion.tv\/wp-content\/uploads\/2021\/09\/atv-icon-152-01.png\",\"width\":153,\"height\":153,\"caption\":\"Afundacion TV\"},\"image\":{\"@id\":\"https:\/\/afundacion.tv\/#\/schema\/logo\/image\/\"}}]}<\/script>\n<!-- \/ Yoast SEO plugin. -->","yoast_head_json":{"title":"\u00abO papel do fitoplancton no cambio clim\u00e1tico\u00bb por Luis Paulo Alcaraz, investigador predoutoral do Centro de Investigaci\u00f3n Mari\u00f1a UVigo - Afundaci\u00f3n TV","robots":{"index":"index","follow":"follow","max-snippet":"max-snippet:-1","max-image-preview":"max-image-preview:large","max-video-preview":"max-video-preview:-1"},"canonical":"https:\/\/afundacion.tv\/gl\/contenido\/mes-do-medio-ambiente-2020-2\/el-papel-del-fitoplancton-en-el-cambio-climtico-por-luis-paulo-alcaraz-investigador-predoctoral-del-centro-de-investigacin-maria-uvigo\/","og_locale":"gl_ES","og_type":"article","og_title":"\u00abO papel do fitoplancton no cambio clim\u00e1tico\u00bb por Luis Paulo Alcaraz, investigador predoutoral do Centro de Investigaci\u00f3n Mari\u00f1a UVigo - Afundaci\u00f3n TV","og_url":"https:\/\/afundacion.tv\/gl\/contenido\/mes-do-medio-ambiente-2020-2\/el-papel-del-fitoplancton-en-el-cambio-climtico-por-luis-paulo-alcaraz-investigador-predoctoral-del-centro-de-investigacin-maria-uvigo\/","og_site_name":"Afundaci\u00f3n TV","article_modified_time":"2022-03-25T11:58:40+00:00","twitter_card":"summary_large_image","schema":{"@context":"https:\/\/schema.org","@graph":[{"@type":"WebPage","@id":"https:\/\/afundacion.tv\/gl\/contenido\/mes-do-medio-ambiente-2020-2\/el-papel-del-fitoplancton-en-el-cambio-climtico-por-luis-paulo-alcaraz-investigador-predoctoral-del-centro-de-investigacin-maria-uvigo\/","url":"https:\/\/afundacion.tv\/gl\/contenido\/mes-do-medio-ambiente-2020-2\/el-papel-del-fitoplancton-en-el-cambio-climtico-por-luis-paulo-alcaraz-investigador-predoctoral-del-centro-de-investigacin-maria-uvigo\/","name":"\u00abO papel do fitoplancton no cambio clim\u00e1tico\u00bb por Luis Paulo Alcaraz, investigador predoutoral do Centro de Investigaci\u00f3n Mari\u00f1a UVigo - Afundaci\u00f3n TV","isPartOf":{"@id":"https:\/\/afundacion.tv\/#website"},"datePublished":"2021-09-07T10:24:23+00:00","dateModified":"2022-03-25T11:58:40+00:00","breadcrumb":{"@id":"https:\/\/afundacion.tv\/gl\/contenido\/mes-do-medio-ambiente-2020-2\/el-papel-del-fitoplancton-en-el-cambio-climtico-por-luis-paulo-alcaraz-investigador-predoctoral-del-centro-de-investigacin-maria-uvigo\/#breadcrumb"},"inLanguage":"gl-ES","potentialAction":[{"@type":"ReadAction","target":["https:\/\/afundacion.tv\/gl\/contenido\/mes-do-medio-ambiente-2020-2\/el-papel-del-fitoplancton-en-el-cambio-climtico-por-luis-paulo-alcaraz-investigador-predoctoral-del-centro-de-investigacin-maria-uvigo\/"]}]},{"@type":"BreadcrumbList","@id":"https:\/\/afundacion.tv\/gl\/contenido\/mes-do-medio-ambiente-2020-2\/el-papel-del-fitoplancton-en-el-cambio-climtico-por-luis-paulo-alcaraz-investigador-predoctoral-del-centro-de-investigacin-maria-uvigo\/#breadcrumb","itemListElement":[{"@type":"ListItem","position":1,"name":"Portada","item":"https:\/\/afundacion.tv\/"},{"@type":"ListItem","position":2,"name":"Mes do medio ambiente 2020","item":"https:\/\/afundacion.tv\/gl\/contenido\/mes-do-medio-ambiente-2020-2\/"},{"@type":"ListItem","position":3,"name":"\u00abO papel do fitoplancton no cambio clim\u00e1tico\u00bb por Luis Paulo Alcaraz, investigador predoutoral do Centro de Investigaci\u00f3n Mari\u00f1a UVigo"}]},{"@type":"WebSite","@id":"https:\/\/afundacion.tv\/#website","url":"https:\/\/afundacion.tv\/","name":"Afundaci\u00f3n TV","description":"","publisher":{"@id":"https:\/\/afundacion.tv\/#organization"},"potentialAction":[{"@type":"SearchAction","target":{"@type":"EntryPoint","urlTemplate":"https:\/\/afundacion.tv\/?s={search_term_string}"},"query-input":{"@type":"PropertyValueSpecification","valueRequired":true,"valueName":"search_term_string"}}],"inLanguage":"gl-ES"},{"@type":"Organization","@id":"https:\/\/afundacion.tv\/#organization","name":"Afundacion TV","url":"https:\/\/afundacion.tv\/","logo":{"@type":"ImageObject","inLanguage":"gl-ES","@id":"https:\/\/afundacion.tv\/#\/schema\/logo\/image\/","url":"https:\/\/afundacion.tv\/wp-content\/uploads\/2021\/09\/atv-icon-152-01.png","contentUrl":"https:\/\/afundacion.tv\/wp-content\/uploads\/2021\/09\/atv-icon-152-01.png","width":153,"height":153,"caption":"Afundacion TV"},"image":{"@id":"https:\/\/afundacion.tv\/#\/schema\/logo\/image\/"}}]}},"_links":{"self":[{"href":"https:\/\/afundacion.tv\/gl\/wp-json\/wp\/v2\/contenido\/3316","targetHints":{"allow":["GET"]}}],"collection":[{"href":"https:\/\/afundacion.tv\/gl\/wp-json\/wp\/v2\/contenido"}],"about":[{"href":"https:\/\/afundacion.tv\/gl\/wp-json\/wp\/v2\/types\/contenido"}],"up":[{"embeddable":true,"href":"https:\/\/afundacion.tv\/gl\/wp-json\/wp\/v2\/contenido\/4946"}],"wp:attachment":[{"href":"https:\/\/afundacion.tv\/gl\/wp-json\/wp\/v2\/media?parent=3316"}],"wp:term":[{"taxonomy":"categorias","embeddable":true,"href":"https:\/\/afundacion.tv\/gl\/wp-json\/wp\/v2\/categorias?post=3316"},{"taxonomy":"etiqueta","embeddable":true,"href":"https:\/\/afundacion.tv\/gl\/wp-json\/wp\/v2\/etiqueta?post=3316"}],"curies":[{"name":"wp","href":"https:\/\/api.w.org\/{rel}","templated":true}]}}

«O papel do fitoplancton no cambio climático» por Luis Paulo Alcaraz, investigador predoutoral do Centro de Investigación Mariña UVigo

<!-- This site is optimized with the Yoast SEO plugin v26.0 - https://yoast.com/wordpress/plugins/seo/ -->
<title>«O papel do fitoplancton no cambio climático» por Luis Paulo Alcaraz, investigador predoutoral do Centro de Investigación Mariña UVigo - Afundación TV</title>
<meta name="robots" content="index, follow, max-snippet:-1, max-image-preview:large, max-video-preview:-1" />
<link rel="canonical" href="https://afundacion.tv/gl/contenido/mes-do-medio-ambiente-2020-2/el-papel-del-fitoplancton-en-el-cambio-climtico-por-luis-paulo-alcaraz-investigador-predoctoral-del-centro-de-investigacin-maria-uvigo/" />
<meta property="og:locale" content="gl_ES" />
<meta property="og:type" content="article" />
<meta property="og:title" content="«O papel do fitoplancton no cambio climático» por Luis Paulo Alcaraz, investigador predoutoral do Centro de Investigación Mariña UVigo - Afundación TV" />
<meta property="og:url" content="https://afundacion.tv/gl/contenido/mes-do-medio-ambiente-2020-2/el-papel-del-fitoplancton-en-el-cambio-climtico-por-luis-paulo-alcaraz-investigador-predoctoral-del-centro-de-investigacin-maria-uvigo/" />
<meta property="og:site_name" content="Afundación TV" />
<meta property="article:modified_time" content="2022-03-25T11:58:40+00:00" />
<meta name="twitter:card" content="summary_large_image" />
<script type="application/ld+json" class="yoast-schema-graph">{"@context":"https://schema.org","@graph":[{"@type":"WebPage","@id":"https://afundacion.tv/gl/contenido/mes-do-medio-ambiente-2020-2/el-papel-del-fitoplancton-en-el-cambio-climtico-por-luis-paulo-alcaraz-investigador-predoctoral-del-centro-de-investigacin-maria-uvigo/","url":"https://afundacion.tv/gl/contenido/mes-do-medio-ambiente-2020-2/el-papel-del-fitoplancton-en-el-cambio-climtico-por-luis-paulo-alcaraz-investigador-predoctoral-del-centro-de-investigacin-maria-uvigo/","name":"«O papel do fitoplancton no cambio climático» por Luis Paulo Alcaraz, investigador predoutoral do Centro de Investigación Mariña UVigo - Afundación TV","isPartOf":{"@id":"https://afundacion.tv/#website"},"datePublished":"2021-09-07T10:24:23+00:00","dateModified":"2022-03-25T11:58:40+00:00","breadcrumb":{"@id":"https://afundacion.tv/gl/contenido/mes-do-medio-ambiente-2020-2/el-papel-del-fitoplancton-en-el-cambio-climtico-por-luis-paulo-alcaraz-investigador-predoctoral-del-centro-de-investigacin-maria-uvigo/#breadcrumb"},"inLanguage":"gl-ES","potentialAction":[{"@type":"ReadAction","target":["https://afundacion.tv/gl/contenido/mes-do-medio-ambiente-2020-2/el-papel-del-fitoplancton-en-el-cambio-climtico-por-luis-paulo-alcaraz-investigador-predoctoral-del-centro-de-investigacin-maria-uvigo/"]}]},{"@type":"BreadcrumbList","@id":"https://afundacion.tv/gl/contenido/mes-do-medio-ambiente-2020-2/el-papel-del-fitoplancton-en-el-cambio-climtico-por-luis-paulo-alcaraz-investigador-predoctoral-del-centro-de-investigacin-maria-uvigo/#breadcrumb","itemListElement":[{"@type":"ListItem","position":1,"name":"Portada","item":"https://afundacion.tv/"},{"@type":"ListItem","position":2,"name":"Mes do medio ambiente 2020","item":"https://afundacion.tv/gl/contenido/mes-do-medio-ambiente-2020-2/"},{"@type":"ListItem","position":3,"name":"«O papel do fitoplancton no cambio climático» por Luis Paulo Alcaraz, investigador predoutoral do Centro de Investigación Mariña UVigo"}]},{"@type":"WebSite","@id":"https://afundacion.tv/#website","url":"https://afundacion.tv/","name":"Afundación TV","description":"","publisher":{"@id":"https://afundacion.tv/#organization"},"potentialAction":[{"@type":"SearchAction","target":{"@type":"EntryPoint","urlTemplate":"https://afundacion.tv/?s={search_term_string}"},"query-input":{"@type":"PropertyValueSpecification","valueRequired":true,"valueName":"search_term_string"}}],"inLanguage":"gl-ES"},{"@type":"Organization","@id":"https://afundacion.tv/#organization","name":"Afundacion TV","url":"https://afundacion.tv/","logo":{"@type":"ImageObject","inLanguage":"gl-ES","@id":"https://afundacion.tv/#/schema/logo/image/","url":"https://afundacion.tv/wp-content/uploads/2021/09/atv-icon-152-01.png","contentUrl":"https://afundacion.tv/wp-content/uploads/2021/09/atv-icon-152-01.png","width":153,"height":153,"caption":"Afundacion TV"},"image":{"@id":"https://afundacion.tv/#/schema/logo/image/"}}]}</script>
<!-- / Yoast SEO plugin. -->

«O papel do fitoplancton no cambio climático» por Luis Paulo Alcaraz, investigador predoutoral do Centro de Investigación Mariña UVigo - Afundación TV

Afundación TV
