{"id":3312,"date":"2021-09-07T12:24:23","date_gmt":"2021-09-07T10:24:23","guid":{"rendered":"https:\/\/site.iconmarketing.es\/afundacion\/contenido\/live-session-a-importancia-dos-datos-e-a-intelixencia-artificial-na-loita-con-epidemias-como-covid19-con-lvaro-gmez-vieites\/"},"modified":"2025-11-26T16:22:21","modified_gmt":"2025-11-26T15:22:21","slug":"live-session-a-importancia-dos-datos-e-a-intelixencia-artificial-na-loita-con-epidemias-como-covid19-con-lvaro-gmez-vieites","status":"publish","type":"contenido","link":"https:\/\/afundacion.tv\/gl\/contenido\/live-session-a-importancia-dos-datos-e-a-intelixencia-artificial-na-loita-con-epidemias-como-covid19-con-lvaro-gmez-vieites\/","title":{"rendered":"\u00abA importancia dos datos e a intelixencia artificial na loita con epidemias como COVID19\u00bb con \u00c1lvaro G\u00f3mez Vieites"},"content":{"rendered":"<p>A r&aacute;pida expansi&oacute;n do virus e as caracter&iacute;sticas do mesmo impulsou que, co obxectivo de frear os contaxios, os principais pa&iacute;ses l&iacute;deres en desenvolvemento tecnol&oacute;xico, puxesen en marcha diferentes acci&oacute;ns facendo uso de desenvolvementos tecnol&oacute;xicos. Pero, estamos a perder o noso dereito &aacute; protecci&oacute;n da intimidade?<\/p>\n<p>&Aacute;lvaro G&oacute;mez Vieites, Enxe&ntilde;eiro en telecomunicaci&oacute;ns e profesor de IESIDE proponnos nesta Live Session analizar o papel que est&aacute; a ter a tecnolox&iacute;a e a Intelixencia Artificial para facer fronte &aacute; pandemia do COVID-19.<\/p>\n","protected":false},"featured_media":0,"parent":0,"menu_order":521,"template":"","categorias":[302],"etiqueta":[178,182],"class_list":["post-3312","contenido","type-contenido","status-publish","hentry","categorias-uie-gl","etiqueta-economia-e-empresa","etiqueta-emprendemento","entry","no-media"],"acf":[],"yoast_head":"<!-- This site is optimized with the Yoast SEO plugin v26.0 - https:\/\/yoast.com\/wordpress\/plugins\/seo\/ -->\n<title>\u00abA importancia dos datos e a intelixencia artificial na loita con epidemias como COVID19\u00bb con \u00c1lvaro G\u00f3mez Vieites - Afundaci\u00f3n TV<\/title>\n<meta name=\"robots\" content=\"index, follow, max-snippet:-1, max-image-preview:large, max-video-preview:-1\" \/>\n<link rel=\"canonical\" href=\"https:\/\/afundacion.tv\/gl\/contenido\/live-session-a-importancia-dos-datos-e-a-intelixencia-artificial-na-loita-con-epidemias-como-covid19-con-lvaro-gmez-vieites\/\" \/>\n<meta property=\"og:locale\" content=\"gl_ES\" \/>\n<meta property=\"og:type\" content=\"article\" \/>\n<meta property=\"og:title\" content=\"\u00abA importancia dos datos e a intelixencia artificial na loita con epidemias como COVID19\u00bb con \u00c1lvaro G\u00f3mez Vieites - Afundaci\u00f3n TV\" \/>\n<meta property=\"og:description\" content=\"A r&aacute;pida expansi&oacute;n do virus e as caracter&iacute;sticas do mesmo impulsou que, co obxectivo de frear os contaxios, os principais pa&iacute;ses l&iacute;deres en desenvolvemento tecnol&oacute;xico, puxesen en marcha diferentes acci&oacute;ns facendo uso de desenvolvementos tecnol&oacute;xicos. Pero, estamos a perder o noso dereito &aacute; protecci&oacute;n da intimidade? &Aacute;lvaro G&oacute;mez Vieites, Enxe&ntilde;eiro en telecomunicaci&oacute;ns e profesor de&hellip;\" \/>\n<meta property=\"og:url\" content=\"https:\/\/afundacion.tv\/gl\/contenido\/live-session-a-importancia-dos-datos-e-a-intelixencia-artificial-na-loita-con-epidemias-como-covid19-con-lvaro-gmez-vieites\/\" \/>\n<meta property=\"og:site_name\" content=\"Afundaci\u00f3n TV\" \/>\n<meta property=\"article:modified_time\" content=\"2025-11-26T15:22:21+00:00\" \/>\n<meta name=\"twitter:card\" content=\"summary_large_image\" \/>\n<meta name=\"twitter:label1\" content=\"Tempo de lectura\" \/>\n\t<meta name=\"twitter:data1\" content=\"1 minuto\" \/>\n<script type=\"application\/ld+json\" class=\"yoast-schema-graph\">{\"@context\":\"https:\/\/schema.org\",\"@graph\":[{\"@type\":\"WebPage\",\"@id\":\"https:\/\/afundacion.tv\/gl\/contenido\/live-session-a-importancia-dos-datos-e-a-intelixencia-artificial-na-loita-con-epidemias-como-covid19-con-lvaro-gmez-vieites\/\",\"url\":\"https:\/\/afundacion.tv\/gl\/contenido\/live-session-a-importancia-dos-datos-e-a-intelixencia-artificial-na-loita-con-epidemias-como-covid19-con-lvaro-gmez-vieites\/\",\"name\":\"\u00abA importancia dos datos e a intelixencia artificial na loita con epidemias como COVID19\u00bb con \u00c1lvaro G\u00f3mez Vieites - Afundaci\u00f3n TV\",\"isPartOf\":{\"@id\":\"https:\/\/afundacion.tv\/#website\"},\"datePublished\":\"2021-09-07T10:24:23+00:00\",\"dateModified\":\"2025-11-26T15:22:21+00:00\",\"breadcrumb\":{\"@id\":\"https:\/\/afundacion.tv\/gl\/contenido\/live-session-a-importancia-dos-datos-e-a-intelixencia-artificial-na-loita-con-epidemias-como-covid19-con-lvaro-gmez-vieites\/#breadcrumb\"},\"inLanguage\":\"gl-ES\",\"potentialAction\":[{\"@type\":\"ReadAction\",\"target\":[\"https:\/\/afundacion.tv\/gl\/contenido\/live-session-a-importancia-dos-datos-e-a-intelixencia-artificial-na-loita-con-epidemias-como-covid19-con-lvaro-gmez-vieites\/\"]}]},{\"@type\":\"BreadcrumbList\",\"@id\":\"https:\/\/afundacion.tv\/gl\/contenido\/live-session-a-importancia-dos-datos-e-a-intelixencia-artificial-na-loita-con-epidemias-como-covid19-con-lvaro-gmez-vieites\/#breadcrumb\",\"itemListElement\":[{\"@type\":\"ListItem\",\"position\":1,\"name\":\"Portada\",\"item\":\"https:\/\/afundacion.tv\/\"},{\"@type\":\"ListItem\",\"position\":2,\"name\":\"\u00abA importancia dos datos e a intelixencia artificial na loita con epidemias como COVID19\u00bb con \u00c1lvaro G\u00f3mez Vieites\"}]},{\"@type\":\"WebSite\",\"@id\":\"https:\/\/afundacion.tv\/#website\",\"url\":\"https:\/\/afundacion.tv\/\",\"name\":\"Afundaci\u00f3n TV\",\"description\":\"\",\"publisher\":{\"@id\":\"https:\/\/afundacion.tv\/#organization\"},\"potentialAction\":[{\"@type\":\"SearchAction\",\"target\":{\"@type\":\"EntryPoint\",\"urlTemplate\":\"https:\/\/afundacion.tv\/?s={search_term_string}\"},\"query-input\":{\"@type\":\"PropertyValueSpecification\",\"valueRequired\":true,\"valueName\":\"search_term_string\"}}],\"inLanguage\":\"gl-ES\"},{\"@type\":\"Organization\",\"@id\":\"https:\/\/afundacion.tv\/#organization\",\"name\":\"Afundacion TV\",\"url\":\"https:\/\/afundacion.tv\/\",\"logo\":{\"@type\":\"ImageObject\",\"inLanguage\":\"gl-ES\",\"@id\":\"https:\/\/afundacion.tv\/#\/schema\/logo\/image\/\",\"url\":\"https:\/\/afundacion.tv\/wp-content\/uploads\/2021\/09\/atv-icon-152-01.png\",\"contentUrl\":\"https:\/\/afundacion.tv\/wp-content\/uploads\/2021\/09\/atv-icon-152-01.png\",\"width\":153,\"height\":153,\"caption\":\"Afundacion TV\"},\"image\":{\"@id\":\"https:\/\/afundacion.tv\/#\/schema\/logo\/image\/\"}}]}<\/script>\n<!-- \/ Yoast SEO plugin. -->","yoast_head_json":{"title":"\u00abA importancia dos datos e a intelixencia artificial na loita con epidemias como COVID19\u00bb con \u00c1lvaro G\u00f3mez Vieites - Afundaci\u00f3n TV","robots":{"index":"index","follow":"follow","max-snippet":"max-snippet:-1","max-image-preview":"max-image-preview:large","max-video-preview":"max-video-preview:-1"},"canonical":"https:\/\/afundacion.tv\/gl\/contenido\/live-session-a-importancia-dos-datos-e-a-intelixencia-artificial-na-loita-con-epidemias-como-covid19-con-lvaro-gmez-vieites\/","og_locale":"gl_ES","og_type":"article","og_title":"\u00abA importancia dos datos e a intelixencia artificial na loita con epidemias como COVID19\u00bb con \u00c1lvaro G\u00f3mez Vieites - Afundaci\u00f3n TV","og_description":"A r&aacute;pida expansi&oacute;n do virus e as caracter&iacute;sticas do mesmo impulsou que, co obxectivo de frear os contaxios, os principais pa&iacute;ses l&iacute;deres en desenvolvemento tecnol&oacute;xico, puxesen en marcha diferentes acci&oacute;ns facendo uso de desenvolvementos tecnol&oacute;xicos. Pero, estamos a perder o noso dereito &aacute; protecci&oacute;n da intimidade? &Aacute;lvaro G&oacute;mez Vieites, Enxe&ntilde;eiro en telecomunicaci&oacute;ns e profesor de&hellip;","og_url":"https:\/\/afundacion.tv\/gl\/contenido\/live-session-a-importancia-dos-datos-e-a-intelixencia-artificial-na-loita-con-epidemias-como-covid19-con-lvaro-gmez-vieites\/","og_site_name":"Afundaci\u00f3n TV","article_modified_time":"2025-11-26T15:22:21+00:00","twitter_card":"summary_large_image","twitter_misc":{"Tempo de lectura":"1 minuto"},"schema":{"@context":"https:\/\/schema.org","@graph":[{"@type":"WebPage","@id":"https:\/\/afundacion.tv\/gl\/contenido\/live-session-a-importancia-dos-datos-e-a-intelixencia-artificial-na-loita-con-epidemias-como-covid19-con-lvaro-gmez-vieites\/","url":"https:\/\/afundacion.tv\/gl\/contenido\/live-session-a-importancia-dos-datos-e-a-intelixencia-artificial-na-loita-con-epidemias-como-covid19-con-lvaro-gmez-vieites\/","name":"\u00abA importancia dos datos e a intelixencia artificial na loita con epidemias como COVID19\u00bb con \u00c1lvaro G\u00f3mez Vieites - Afundaci\u00f3n TV","isPartOf":{"@id":"https:\/\/afundacion.tv\/#website"},"datePublished":"2021-09-07T10:24:23+00:00","dateModified":"2025-11-26T15:22:21+00:00","breadcrumb":{"@id":"https:\/\/afundacion.tv\/gl\/contenido\/live-session-a-importancia-dos-datos-e-a-intelixencia-artificial-na-loita-con-epidemias-como-covid19-con-lvaro-gmez-vieites\/#breadcrumb"},"inLanguage":"gl-ES","potentialAction":[{"@type":"ReadAction","target":["https:\/\/afundacion.tv\/gl\/contenido\/live-session-a-importancia-dos-datos-e-a-intelixencia-artificial-na-loita-con-epidemias-como-covid19-con-lvaro-gmez-vieites\/"]}]},{"@type":"BreadcrumbList","@id":"https:\/\/afundacion.tv\/gl\/contenido\/live-session-a-importancia-dos-datos-e-a-intelixencia-artificial-na-loita-con-epidemias-como-covid19-con-lvaro-gmez-vieites\/#breadcrumb","itemListElement":[{"@type":"ListItem","position":1,"name":"Portada","item":"https:\/\/afundacion.tv\/"},{"@type":"ListItem","position":2,"name":"\u00abA importancia dos datos e a intelixencia artificial na loita con epidemias como COVID19\u00bb con \u00c1lvaro G\u00f3mez Vieites"}]},{"@type":"WebSite","@id":"https:\/\/afundacion.tv\/#website","url":"https:\/\/afundacion.tv\/","name":"Afundaci\u00f3n TV","description":"","publisher":{"@id":"https:\/\/afundacion.tv\/#organization"},"potentialAction":[{"@type":"SearchAction","target":{"@type":"EntryPoint","urlTemplate":"https:\/\/afundacion.tv\/?s={search_term_string}"},"query-input":{"@type":"PropertyValueSpecification","valueRequired":true,"valueName":"search_term_string"}}],"inLanguage":"gl-ES"},{"@type":"Organization","@id":"https:\/\/afundacion.tv\/#organization","name":"Afundacion TV","url":"https:\/\/afundacion.tv\/","logo":{"@type":"ImageObject","inLanguage":"gl-ES","@id":"https:\/\/afundacion.tv\/#\/schema\/logo\/image\/","url":"https:\/\/afundacion.tv\/wp-content\/uploads\/2021\/09\/atv-icon-152-01.png","contentUrl":"https:\/\/afundacion.tv\/wp-content\/uploads\/2021\/09\/atv-icon-152-01.png","width":153,"height":153,"caption":"Afundacion TV"},"image":{"@id":"https:\/\/afundacion.tv\/#\/schema\/logo\/image\/"}}]}},"_links":{"self":[{"href":"https:\/\/afundacion.tv\/gl\/wp-json\/wp\/v2\/contenido\/3312","targetHints":{"allow":["GET"]}}],"collection":[{"href":"https:\/\/afundacion.tv\/gl\/wp-json\/wp\/v2\/contenido"}],"about":[{"href":"https:\/\/afundacion.tv\/gl\/wp-json\/wp\/v2\/types\/contenido"}],"wp:attachment":[{"href":"https:\/\/afundacion.tv\/gl\/wp-json\/wp\/v2\/media?parent=3312"}],"wp:term":[{"taxonomy":"categorias","embeddable":true,"href":"https:\/\/afundacion.tv\/gl\/wp-json\/wp\/v2\/categorias?post=3312"},{"taxonomy":"etiqueta","embeddable":true,"href":"https:\/\/afundacion.tv\/gl\/wp-json\/wp\/v2\/etiqueta?post=3312"}],"curies":[{"name":"wp","href":"https:\/\/api.w.org\/{rel}","templated":true}]}}

«A importancia dos datos e a intelixencia artificial na loita con epidemias como COVID19» con Álvaro Gómez Vieites

<!-- This site is optimized with the Yoast SEO plugin v26.0 - https://yoast.com/wordpress/plugins/seo/ -->
<title>«A importancia dos datos e a intelixencia artificial na loita con epidemias como COVID19» con Álvaro Gómez Vieites - Afundación TV</title>
<meta name="robots" content="index, follow, max-snippet:-1, max-image-preview:large, max-video-preview:-1" />
<link rel="canonical" href="https://afundacion.tv/gl/contenido/live-session-a-importancia-dos-datos-e-a-intelixencia-artificial-na-loita-con-epidemias-como-covid19-con-lvaro-gmez-vieites/" />
<meta property="og:locale" content="gl_ES" />
<meta property="og:type" content="article" />
<meta property="og:title" content="«A importancia dos datos e a intelixencia artificial na loita con epidemias como COVID19» con Álvaro Gómez Vieites - Afundación TV" />
<meta property="og:description" content="A r&aacute;pida expansi&oacute;n do virus e as caracter&iacute;sticas do mesmo impulsou que, co obxectivo de frear os contaxios, os principais pa&iacute;ses l&iacute;deres en desenvolvemento tecnol&oacute;xico, puxesen en marcha diferentes acci&oacute;ns facendo uso de desenvolvementos tecnol&oacute;xicos. Pero, estamos a perder o noso dereito &aacute; protecci&oacute;n da intimidade? &Aacute;lvaro G&oacute;mez Vieites, Enxe&ntilde;eiro en telecomunicaci&oacute;ns e profesor de&hellip;" />
<meta property="og:url" content="https://afundacion.tv/gl/contenido/live-session-a-importancia-dos-datos-e-a-intelixencia-artificial-na-loita-con-epidemias-como-covid19-con-lvaro-gmez-vieites/" />
<meta property="og:site_name" content="Afundación TV" />
<meta property="article:modified_time" content="2025-11-26T15:22:21+00:00" />
<meta name="twitter:card" content="summary_large_image" />
<meta name="twitter:label1" content="Tempo de lectura" />
	<meta name="twitter:data1" content="1 minuto" />
<script type="application/ld+json" class="yoast-schema-graph">{"@context":"https://schema.org","@graph":[{"@type":"WebPage","@id":"https://afundacion.tv/gl/contenido/live-session-a-importancia-dos-datos-e-a-intelixencia-artificial-na-loita-con-epidemias-como-covid19-con-lvaro-gmez-vieites/","url":"https://afundacion.tv/gl/contenido/live-session-a-importancia-dos-datos-e-a-intelixencia-artificial-na-loita-con-epidemias-como-covid19-con-lvaro-gmez-vieites/","name":"«A importancia dos datos e a intelixencia artificial na loita con epidemias como COVID19» con Álvaro Gómez Vieites - Afundación TV","isPartOf":{"@id":"https://afundacion.tv/#website"},"datePublished":"2021-09-07T10:24:23+00:00","dateModified":"2025-11-26T15:22:21+00:00","breadcrumb":{"@id":"https://afundacion.tv/gl/contenido/live-session-a-importancia-dos-datos-e-a-intelixencia-artificial-na-loita-con-epidemias-como-covid19-con-lvaro-gmez-vieites/#breadcrumb"},"inLanguage":"gl-ES","potentialAction":[{"@type":"ReadAction","target":["https://afundacion.tv/gl/contenido/live-session-a-importancia-dos-datos-e-a-intelixencia-artificial-na-loita-con-epidemias-como-covid19-con-lvaro-gmez-vieites/"]}]},{"@type":"BreadcrumbList","@id":"https://afundacion.tv/gl/contenido/live-session-a-importancia-dos-datos-e-a-intelixencia-artificial-na-loita-con-epidemias-como-covid19-con-lvaro-gmez-vieites/#breadcrumb","itemListElement":[{"@type":"ListItem","position":1,"name":"Portada","item":"https://afundacion.tv/"},{"@type":"ListItem","position":2,"name":"«A importancia dos datos e a intelixencia artificial na loita con epidemias como COVID19» con Álvaro Gómez Vieites"}]},{"@type":"WebSite","@id":"https://afundacion.tv/#website","url":"https://afundacion.tv/","name":"Afundación TV","description":"","publisher":{"@id":"https://afundacion.tv/#organization"},"potentialAction":[{"@type":"SearchAction","target":{"@type":"EntryPoint","urlTemplate":"https://afundacion.tv/?s={search_term_string}"},"query-input":{"@type":"PropertyValueSpecification","valueRequired":true,"valueName":"search_term_string"}}],"inLanguage":"gl-ES"},{"@type":"Organization","@id":"https://afundacion.tv/#organization","name":"Afundacion TV","url":"https://afundacion.tv/","logo":{"@type":"ImageObject","inLanguage":"gl-ES","@id":"https://afundacion.tv/#/schema/logo/image/","url":"https://afundacion.tv/wp-content/uploads/2021/09/atv-icon-152-01.png","contentUrl":"https://afundacion.tv/wp-content/uploads/2021/09/atv-icon-152-01.png","width":153,"height":153,"caption":"Afundacion TV"},"image":{"@id":"https://afundacion.tv/#/schema/logo/image/"}}]}</script>
<!-- / Yoast SEO plugin. -->

«A importancia dos datos e a intelixencia artificial na loita con epidemias como COVID19» con Álvaro Gómez Vieites - Afundación TV

Afundación TV
